000
CXUS56 KMFR 301000
CF6RBG
PRELIMINARY LOCAL CLIMATOLOGICAL DATA (WS FORM: F-6)

                                          STATION:   ROSEBURG OR
                                          MONTH:     APRIL
                                          YEAR:      2016
                                          LATITUDE:   43 13 N
                                          LONGITUDE: 123 22 W

  TEMPERATURE IN F:       :PCPN:    SNOW:  WIND      :SUNSHINE: SKY     :PK WND
================================================================================
1   2   3   4   5  6A  6B    7    8   9   10  11  12  13   14  15   16   17  18
                                     12Z  AVG MX 2MIN
DY MAX MIN AVG DEP HDD CDD  WTR  SNW DPTH SPD SPD DIR MIN PSBL S-S WX    SPD DR
================================================================================

 1  78  44  61  11   4   0 0.00    M    M  2.0 10 290   M    M   0        15 300
 2  75  45  60  10   5   0 0.00    M    M  2.7 13 320   M    M   0        17 310
 3  77  44  61  11   4   0 0.07    M    M  2.9 14 260   M    M   1        22 250
 4  60  43  52   2  13   0 0.07    M    M  4.8 16 300   M    M   7 1      23 330
 5  69  39  54   4  11   0 0.00    M    M  3.7 16 360   M    M   0        22  10
 6  82  41  62  12   3   0 0.00    M    M  2.8 10 360   M    M   0        13 320
 7  91  48  70  19   0   5 0.00  0.0    0  2.0 16 310   M    M   1 12     24 350
 8  76  49  63  12   2   0 0.00    M    M  3.7 14  10   M    M   0        19 230
 9  72  53  63  12   2   0 0.00    M    M  4.5 14 320   M    M   6        21  10
10  62  49  56   5   9   0 0.00    M    M  6.2 10  10   M    M   9 8      13 350
11  69  50  60   9   5   0 0.00    M    M  4.4 12 230   M    M   9        15 230
12  63  48  56   5   9   0    T    M    M  3.5 15 310   M    M   7        20 310
13  66  45  56   4   9   0 0.19    M    M  5.6 29 250   M    M   5        40 220
14  53  44  49  -3  16   0 0.91    M    M  6.7 16 170   M    M   9 1      22 180
15  64  46  55   3  10   0 0.01    M    M  1.9  9  10   M    M   4 1      14 360
16  74  41  58   6   7   0 0.00    M    M  2.3 12 360   M    M   0        14  10
17  89  46  68  16   0   3 0.00    M    M  1.7  9 360   M    M   0        12 360
18  91  51  71  19   0   6 0.00    M    M  1.7 14 300   M    M   0        21 290
19  87  50  69  16   0   4 0.00    M    M  2.3 15 330   M    M   0        22 330
20  78  51  65  12   0   0 0.01    M    M  2.7 15  10   M    M   0        20 320
21  76  46  61   8   4   0 0.25    M    M  2.2 13 270   M    M   4 1      21 280
22  63  50  57   4   8   0 0.21    M    M  2.1 15 310   M    M   7 1      22 320
23  62  49  56   2   9   0 0.10    M    M  3.1 12 250   M    M  10 18     17 260
24  53  41  47  -7  18   0 0.34    M    M  2.7 21  10   M    M   9 1      26  20
25  61  40  51  -3  14   0 0.00    M    M  4.1 16 340   M    M   6 12     21 330
26  60  37  49  -5  16   0 0.02    M    M  2.3 14 340   M    M   6 12     17 340
27  66  48  57   3   8   0 0.10    M    M  4.0 14 350   M    M   9 1      19 350
28  65  51  58   3   7   0 0.00    M    M  5.3 14 360   M    M   7        18 300
29  63  51  57   2   8   0 0.04    M    M  5.5 14 340   M    M   9 18     19 330
================================================================================
SM 2045 1340       201  18  2.32     0.0  99.4          M      125
================================================================================
AV 70.5 46.2                               3.4 FASTST   M    M   4    MAX(MPH)
                                 MISC ---->  # 29 250               # 40  220
================================================================================
NOTES:
# LAST OF SEVERAL OCCURRENCES

COLUMN 17 PEAK WIND IN M.P.H.

PRELIMINARY LOCAL CLIMATOLOGICAL DATA (WS FORM: F-6) , PAGE 2

                                          STATION:  ROSEBURG OR
                                          MONTH:    APRIL
                                          YEAR:     2016
                                          LATITUDE:   43 13 N
                                          LONGITUDE: 123 22 W

[TEMPERATURE DATA]      [PRECIPITATION DATA]       SYMBOLS USED IN COLUMN 16

AVERAGE MONTHLY: 58.4   TOTAL FOR MONTH:   2.32    1 = FOG OR MIST
DPTR FM NORMAL:   6.3   DPTR FM NORMAL:   -0.42    2 = FOG REDUCING VISIBILITY
HIGHEST:    91 ON 18, 7 GRTST 24HR  1.05 ON 13-14      TO 1/4 MILE OR LESS
LOWEST:     37 ON 26                               3 = THUNDER
                        SNOW, ICE PELLETS, HAIL    4 = ICE PELLETS
                        TOTAL MONTH:   0.0 INCH    5 = HAIL
                        GRTST 24HR     0.0         6 = FREEZING RAIN OR DRIZZLE
                        GRTST DEPTH:   0           7 = DUSTSTORM OR SANDSTORM:
                                                       VSBY 1/2 MILE OR LESS
                                                   8 = SMOKE OR HAZE
[NO. OF DAYS WITH]      [WEATHER - DAYS WITH]      9 = BLOWING SNOW
                                                   X = TORNADO
MAX 32 OR BELOW:   0    0.01 INCH OR MORE:  13
MAX 90 OR ABOVE:   2    0.10 INCH OR MORE:   7
MIN 32 OR BELOW:   0    0.50 INCH OR MORE:   1
MIN  0 OR BELOW:   0    1.00 INCH OR MORE:   0

[HDD (BASE 65) ]
TOTAL THIS MO.   201    CLEAR  (SCALE 0-3)  12
DPTR FM NORMAL  -174    PTCLDY (SCALE 4-7)  10
TOTAL FM JUL 1  2964    CLOUDY (SCALE 8-10)  7
DPTR FM NORMAL  -790

[CDD (BASE 65) ]
TOTAL THIS MO.    18
DPTR FM NORMAL    18    [PRESSURE DATA]
TOTAL FM JAN 1    18    HIGHEST SLP M ON M
DPTR FM NORMAL    18    LOWEST  SLP  0.00 ON  3

[REMARKS]
