000
CXUS51 KAKQ 011010
CF6RIC
PRELIMINARY LOCAL CLIMATOLOGICAL DATA (WS FORM: F-6)

                                          STATION:   RICHMOND VA
                                          MONTH:     FEBRUARY
                                          YEAR:      2015
                                          LATITUDE:   37 30 N
                                          LONGITUDE:  77 20 W

  TEMPERATURE IN F:       :PCPN:    SNOW:  WIND      :SUNSHINE: SKY     :PK WND
================================================================================
1   2   3   4   5  6A  6B    7    8   9   10  11  12  13   14  15   16   17  18
                                     12Z  AVG MX 2MIN
DY MAX MIN AVG DEP HDD CDD  WTR  SNW DPTH SPD SPD DIR MIN PSBL S-S WX    SPD DR
================================================================================

 1  50  24  37  -2  28   0    T  0.0    0  6.1 14 170   M    M   8        18 180
 2  58  29  44   5  21   0 0.47  0.0    0 17.2 33 320   M    M   7 1      43 320
 3  42  20  31  -8  34   0 0.00  0.0    0  3.1  9 330   M    M   2         M  M
 4  57  27  42   3  23   0 0.00  0.0    0 10.5 21 210   M    M   6        28 220
 5  45  22  34  -5  31   0 0.00  0.0    0 15.8 33 340   M    M   6        43 360
 6  43  12  28 -11  37   0 0.00  0.0    0  7.2 16 210   M    M   4        21 230
 7  61  23  42   2  23   0 0.00  0.0    0  8.4 21 210   M    M   6        25 210
 8  71  36  54  14  11   0 0.00  0.0    0 10.3 23 210   M    M   7        32 210
 9  59  35  47   7  18   0 0.19  0.0    0  7.5 20  20   M    M   9 1      25  30
10  38  32  35  -5  30   0 0.37    T    0 14.8 21  10   M    M   9 14     28 360
11  49  28  39  -1  26   0 0.00  0.0    0  8.0 17 350   M    M   3        22 360
12  48  27  38  -2  27   0 0.03    T    0  7.3 29 360   M    M   5 18     36 360
13  31  17  24 -16  41   0 0.00  0.0    0  8.7 22 350   M    M   4        29 330
14  48  19  34  -7  31   0    T    T    0 15.2 44 320   M    M   6 8      56 320
15  27  14  21 -20  44   0 0.00  0.0    0 16.3 32 310   M    M   2        43 310
16  22  12  17 -24  48   0 0.51  6.2    0  5.0 13 360   M    M   7 14     16 340
17  32  17  25 -16  40   0 0.18  1.0    6  6.8 16  10   M    M   9 148    21 330
18  39  12  26 -15  39   0    T  0.0    4  7.5 23 320   M    M   6 18     30 320
19  23   9  16 -26  49   0 0.00  0.0    3 14.7 23 270   M    M   1        31 270
20  21   4  13 -29  52   0 0.00  0.0    3  5.8 15 300   M    M   1        18 270
21  34   4  19 -23  46   0 0.76    T    3  5.9 15 200   M    M   7 1      20 200
22  51  33  42   0  23   0 0.77  0.0    2  3.4 10 340   M    M   8 128    13 360
23  39  22  31 -11  34   0    T  0.0    T 10.1 22 360   M    M   9 1      26  30
24  27  17  22 -21  43   0    T    T    T  6.2 16  30   M    M   8 8      22  20
25  47  20  34  -9  31   0 0.00  0.0    T  5.7 12 130   M    M   5        15 130
26  37  24  31 -12  34   0 0.49  5.0    5  7.4 20  20   M    M   8 12     26  20
27  37  25  31 -13  34   0 0.00  0.0    3  4.2 15  30   M    M   7 18     18  30
28  36  20  28 -16  37   0 0.00  0.0    1  5.5 16  30   M    M   6        21  30
================================================================================
SM 1172  584       935   0  3.77    12.2 244.6          M      166
================================================================================
AV 41.9 20.9                               8.7 FASTST   M    M   6    MAX(MPH)
                                 MISC ---->  # 44 320               # 56  320
================================================================================
NOTES:
# LAST OF SEVERAL OCCURRENCES

COLUMN 17 PEAK WIND IN M.P.H.

PRELIMINARY LOCAL CLIMATOLOGICAL DATA (WS FORM: F-6) , PAGE 2

                                          STATION:  RICHMOND VA
                                          MONTH:    FEBRUARY
                                          YEAR:     2015
                                          LATITUDE:   37 30 N
                                          LONGITUDE:  77 20 W

[TEMPERATURE DATA]      [PRECIPITATION DATA]       SYMBOLS USED IN COLUMN 16

AVERAGE MONTHLY: 31.4   TOTAL FOR MONTH:   3.77    1 = FOG OR MIST
DPTR FM NORMAL:  -9.5   DPTR FM NORMAL:    1.01    2 = FOG REDUCING VISIBILITY
HIGHEST:    71 ON  8    GRTST 24HR  1.53 ON 21-22      TO 1/4 MILE OR LESS
LOWEST:      4 ON 21,20                            3 = THUNDER
                        SNOW, ICE PELLETS, HAIL    4 = ICE PELLETS
                        TOTAL MONTH:  12.2 INCHES  5 = HAIL
                        GRTST 24HR   6.2 ON   M    6 = FREEZING RAIN OR DRIZZLE
                        GRTST DEPTH:   6 ON 17     7 = DUSTSTORM OR SANDSTORM:
                                                       VSBY 1/2 MILE OR LESS
                                                   8 = SMOKE OR HAZE
[NO. OF DAYS WITH]      [WEATHER - DAYS WITH]      9 = BLOWING SNOW
                                                   X = TORNADO
MAX 32 OR BELOW:   7    0.01 INCH OR MORE:   9
MAX 90 OR ABOVE:   0    0.10 INCH OR MORE:   8
MIN 32 OR BELOW:  25    0.50 INCH OR MORE:   3
MIN  0 OR BELOW:   0    1.00 INCH OR MORE:   0

[HDD (BASE 65) ]
TOTAL THIS MO.   935    CLEAR  (SCALE 0-3)   5
DPTR FM NORMAL   260    PTCLDY (SCALE 4-7)  16
TOTAL FM JUL 1  3102    CLOUDY (SCALE 8-10)  7
DPTR FM NORMAL   166

[CDD (BASE 65) ]
TOTAL THIS MO.     0
DPTR FM NORMAL     0    [PRESSURE DATA]
TOTAL FM JAN 1     0    HIGHEST SLP 30.87 ON 28
DPTR FM NORMAL     0    LOWEST  SLP 29.41 ON  2

[REMARKS]
#FINAL-02-15#
