000
CXUS55 KGJT 201000
CF6RIL
PRELIMINARY LOCAL CLIMATOLOGICAL DATA (WS FORM: F-6)

                                          STATION:   RIFLE CO
                                          MONTH:     OCTOBER
                                          YEAR:      2017
                                          LATITUDE:   39 31 N
                                          LONGITUDE: 107 43 W

  TEMPERATURE IN F:       :PCPN:    SNOW:  WIND      :SUNSHINE: SKY     :PK WND
================================================================================
1   2   3   4   5  6A  6B    7    8   9   10  11  12  13   14  15   16   17  18
                                     12Z  AVG MX 2MIN
DY MAX MIN AVG DEP HDD CDD  WTR  SNW DPTH SPD SPD DIR MIN PSBL S-S WX    SPD DR
================================================================================

 1  62  40  51  -4  14   0 0.16    M    M  7.8 29 310   M    M   6 13     39 320
 2  40  34  37 -18  28   0 0.14    M    M  2.5  8  60   M    M  10 1       9  60
 3  60  31  46  -8  19   0 0.00    M    M  1.6  8 130   M    M   3 12     10 360
 4  79  38  59   5   6   0 0.00    M    M  6.9 25 270   M    M   1        33 260
 5  78  41  60   6   5   0 0.00    M    M  6.4 24 250   M    M   0        31 260
 6  61  37  49  -4  16   0    T    M    M  4.9 30 270   M    M   1 3      42 270
 7  68  32  50  -3  15   0 0.00    M    M  4.7 22 260   M    M   0        27 270
 8  75  33  54   2  11   0 0.00    M    M  8.4 37 320   M    M   0        46 320
 9  49  34  42 -10  23   0    T    M    M  8.2 21 300   M    M   8 1      26 280
10  59  28  44  -8  21   0 0.00    M    M  3.2 15 270   M    M   0        19 260
11  70  29  50  -1  15   0 0.00    M    M  3.8 18 260   M    M   0        22 250
12  73  35  54   3  11   0 0.00    M    M  9.1 28 260   M    M   0        35 270
13  68  32  50   0  15   0 0.00    M    M  6.0 26 260   M    M   0 8      31 260
14  52  27  40 -10  25   0 0.00    M    M 10.0 35 320   M    M   1        43 320
15  64  21  43  -6  22   0 0.00    M    M  1.6  9 110   M    M   0        10 100
16  70  25  48  -1  17   0 0.00    M    M  4.3 24 260   M    M   0        27 270
17  71  26  49   0  16   0 0.00    M    M  2.9 17 260   M    M   0        21 260
18  73  29  51   3  14   0 0.00    M    M  2.8 12 140   M    M   0        13 150
19  75  34  55   7  10   0 0.00    M    M  4.1 22 260   M    M   1        28 260
================================================================================
SM 1247  606       303   0  0.30    M     99.2          M       31
================================================================================
AV 65.6 31.9                               5.2 FASTST   M    M   2    MAX(MPH)
                                 MISC ---->  # 37 320               # 46  320
================================================================================
NOTES:
# LAST OF SEVERAL OCCURRENCES

COLUMN 17 PEAK WIND IN M.P.H.

PRELIMINARY LOCAL CLIMATOLOGICAL DATA (WS FORM: F-6) , PAGE 2

                                          STATION:  RIFLE CO
                                          MONTH:    OCTOBER
                                          YEAR:     2017
                                          LATITUDE:   39 31 N
                                          LONGITUDE: 107 43 W

[TEMPERATURE DATA]      [PRECIPITATION DATA]       SYMBOLS USED IN COLUMN 16

AVERAGE MONTHLY: 48.8   TOTAL FOR MONTH:   0.30    1 = FOG OR MIST
DPTR FM NORMAL:  -2.8   DPTR FM NORMAL:   -0.84    2 = FOG REDUCING VISIBILITY
HIGHEST:    79 ON  4    GRTST 24HR  0.22 ON 30- 1      TO 1/4 MILE OR LESS
LOWEST:     21 ON 15                               3 = THUNDER
                        SNOW, ICE PELLETS, HAIL    4 = ICE PELLETS
                        TOTAL MONTH:    M          5 = HAIL
                        GRTST 24HR    M  ON   M    6 = FREEZING RAIN OR DRIZZLE
                        GRTST DEPTH:  M  ON   M    7 = DUSTSTORM OR SANDSTORM:
                                                       VSBY 1/2 MILE OR LESS
                                                   8 = SMOKE OR HAZE
[NO. OF DAYS WITH]      [WEATHER - DAYS WITH]      9 = BLOWING SNOW
                                                   X = TORNADO
MAX 32 OR BELOW:   0    0.01 INCH OR MORE:   2
MAX 90 OR ABOVE:   0    0.10 INCH OR MORE:   2
MIN 32 OR BELOW:  10    0.50 INCH OR MORE:   0
MIN  0 OR BELOW:   0    1.00 INCH OR MORE:   0

[HDD (BASE 65) ]
TOTAL THIS MO.   303    CLEAR  (SCALE 0-3)  15
DPTR FM NORMAL    45    PTCLDY (SCALE 4-7)   3
TOTAL FM JUL 1   426    CLOUDY (SCALE 8-10)  1
DPTR FM NORMAL    22

[CDD (BASE 65) ]
TOTAL THIS MO.     0
DPTR FM NORMAL     0    [PRESSURE DATA]
TOTAL FM JAN 1   872    HIGHEST SLP M ON M
DPTR FM NORMAL   331    LOWEST  SLP 29.44 ON  8

[REMARKS]
