000
CXUS55 KGJT 201000
CF6RIL
PRELIMINARY LOCAL CLIMATOLOGICAL DATA (WS FORM: F-6)

                                          STATION:   RIFLE CO
                                          MONTH:     FEBRUARY
                                          YEAR:      2017
                                          LATITUDE:   39 31 N
                                          LONGITUDE: 107 43 W

  TEMPERATURE IN F:       :PCPN:    SNOW:  WIND      :SUNSHINE: SKY     :PK WND
================================================================================
1   2   3   4   5  6A  6B    7    8   9   10  11  12  13   14  15   16   17  18
                                     12Z  AVG MX 2MIN
DY MAX MIN AVG DEP HDD CDD  WTR  SNW DPTH SPD SPD DIR MIN PSBL S-S WX    SPD DR
================================================================================

 1  50  29  40  13  25   0 0.00    M    M  1.4  9 170   M    M   2        11 180
 2  44  29  37  10  28   0 0.00    M    M  2.1  8 200   M    M   7        10 290
 3  49  25  37  10  28   0 0.00    M    M  2.9 10  70   M    M   5        12  70
 4  53  31  42  14  23   0 0.00    M    M  6.4 23 280   M    M   4        29 290
 5  54  31  43  15  22   0 0.00    M    M  4.3 17 270   M    M   4        20 270
 6  52  31  42  14  23   0 0.00    M    M  5.2 18 260   M    M   6        24 240
 7  46  37  42  14  23   0 0.04    M    M  4.7 24 260   M    M  10        31 270
 8  57  41  49  20  16   0    T    M    M  7.5 22 260   M    M   4        28 260
 9  64  37  51  22  14   0 0.00    M    M  5.7 25 250   M    M   4 8      34 250
10  68  36  52  23  13   0    T    M    M  6.4 28 210   M    M   2        38 210
11  52  35  44  14  21   0 0.27    M    M  6.1 22 310   M    M   9 1      29 310
12  45  32  39   9  26   0    T    M    M  1.7  8 110   M    M   7        11 100
13  51  31  41  11  24   0 0.00    M    M  5.9 18 310   M    M   3        22 310
14  51  23  37   7  28   0 0.00    M    M  3.9 21 310   M    M   0        27 320
15  54  22  38   7  27   0 0.00    M    M  1.9  8 160   M    M   0        10 270
16  56  22  39   8  26   0 0.00    M    M  3.5 14 260   M    M   0        16 250
17  57  28  43  12  22   0 0.00    M    M  5.3 21 260   M    M   5        25 270
18  56  32  44  12  21   0    T    M    M  5.5 25 260   M    M   6        30 260
19  50  28  39   7  26   0    T    M    M  8.1 31 270   M    M   7 1      38 260
================================================================================
SM 1009  580       436   0  0.31    M     88.5          M       85
================================================================================
AV 53.1 30.5                               4.7 FASTST   M    M   4    MAX(MPH)
                                 MISC ---->  # 31 270               # 38  210
================================================================================
NOTES:
# LAST OF SEVERAL OCCURRENCES

COLUMN 17 PEAK WIND IN M.P.H.

PRELIMINARY LOCAL CLIMATOLOGICAL DATA (WS FORM: F-6) , PAGE 2

                                          STATION:  RIFLE CO
                                          MONTH:    FEBRUARY
                                          YEAR:     2017
                                          LATITUDE:   39 31 N
                                          LONGITUDE: 107 43 W

[TEMPERATURE DATA]      [PRECIPITATION DATA]       SYMBOLS USED IN COLUMN 16

AVERAGE MONTHLY: 41.8   TOTAL FOR MONTH:   0.31    1 = FOG OR MIST
DPTR FM NORMAL:  12.5   DPTR FM NORMAL:   -0.19    2 = FOG REDUCING VISIBILITY
HIGHEST:    68 ON 10    GRTST 24HR  0.27 ON 11-11      TO 1/4 MILE OR LESS
LOWEST:     22 ON 16,15                            3 = THUNDER
                        SNOW, ICE PELLETS, HAIL    4 = ICE PELLETS
                        TOTAL MONTH:    M          5 = HAIL
                        GRTST 24HR    M  ON   M    6 = FREEZING RAIN OR DRIZZLE
                        GRTST DEPTH:  M  ON   M    7 = DUSTSTORM OR SANDSTORM:
                                                       VSBY 1/2 MILE OR LESS
                                                   8 = SMOKE OR HAZE
[NO. OF DAYS WITH]      [WEATHER - DAYS WITH]      9 = BLOWING SNOW
                                                   X = TORNADO
MAX 32 OR BELOW:   0    0.01 INCH OR MORE:   2
MAX 90 OR ABOVE:   0    0.10 INCH OR MORE:   1
MIN 32 OR BELOW:  14    0.50 INCH OR MORE:   0
MIN  0 OR BELOW:   0    1.00 INCH OR MORE:   0

[HDD (BASE 65) ]
TOTAL THIS MO.   436    CLEAR  (SCALE 0-3)   6
DPTR FM NORMAL  -244    PTCLDY (SCALE 4-7)  11
TOTAL FM JUL 1  3863    CLOUDY (SCALE 8-10)  2
DPTR FM NORMAL  -852

[CDD (BASE 65) ]
TOTAL THIS MO.     0
DPTR FM NORMAL     0    [PRESSURE DATA]
TOTAL FM JAN 1     0    HIGHEST SLP M ON M
DPTR FM NORMAL     0    LOWEST  SLP 29.49 ON M

[REMARKS]
