000
CXUS56 KSGX 291445
CF6RIV
PRELIMINARY LOCAL CLIMATOLOGICAL DATA (WS FORM: F-6)

                                          STATION:   RIVERSIDE/MARCH FIELD CA
                                          MONTH:     JANUARY
                                          YEAR:      2015
                                          LATITUDE:   33 54 N
                                          LONGITUDE: 117 15 W

  TEMPERATURE IN F:       :PCPN:    SNOW:  WIND      :SUNSHINE: SKY     :PK WND
================================================================================
1   2   3   4   5  6A  6B    7    8   9   10  11  12  13   14  15   16   17  18
                                     12Z  AVG MX 2MIN
DY MAX MIN AVG DEP HDD CDD  WTR  SNW DPTH SPD SPD DIR MIN PSBL S-S WX    SPD DR
================================================================================

 1  52  23  38   M  27   0 0.00  0.0    0  1.3  5 300   M    M   0         M  M
 2  54  25  40   M  25   0 0.00  0.0    0  1.8  7 290   M    M   0 1       M  M
 3  57  28  43   M  22   0 0.00  0.0    0  1.5  5 310   M    M   0 1       M  M
 4  67  29  48   M  17   0 0.00  0.0    0  2.7  8 330   M    M   0 1       M  M
 5  74  38  56   M   9   0 0.00  0.0    0  9.0 17  50   M    M   0        33  50
 6  79  36  58   M   7   0 0.00  0.0    0  4.3 15  30   M    M   0         M  M
 7  78  38  58   M   7   0 0.00  0.0    M  3.4 10 310   M    M   0         M  M
 8  73  41  57   M   8   0 0.00  0.0    0  2.7 10 300   M    M   3         M  M
 9  64  39  52   M  13   0 0.00  0.0    0  1.5  7 240   M    M   6         M  M
10  64  37  51   M  14   0    T    M    0  2.0  7 330   M    M   3         M  M
11  58  45  52   M  13   0 0.20    M    0  2.2  7 300   M    M   9 1       M  M
12  62  43  53   M  12   0 0.00  0.0    0  2.9  8 330   M    M   5 12      M  M
13  65  40  53   M  12   0 0.00  0.0    0  5.8 27 340   M    M   3 12     37 350
14  66  33  50   M  15   0 0.00  0.0    0  2.1  8 320   M    M   0         M  M
15  71  33  52   M  13   0 0.00  0.0    0  4.0 14  40   M    M   0        25  40
16  72  34  53   M  12   0 0.00  0.0    0  3.1  8 110   M    M   0         M  M
17  75  36  56   M   9   0 0.00  0.0    0  3.2 10  50   M    M   0         M  M
18  74  37  56   M   9   0 0.00  0.0    0  2.3  8 150   M    M   0         M  M
19  73  37  55   M  10   0 0.00  0.0    0  1.8  7 310   M    M   0         M  M
20  67  37  52   M  13   0 0.00  0.0    0  3.3 10 280   M    M   2 12      M  M
21  71  35  53   M  12   0 0.00  0.0    0  6.8 22 350   M    M   4 12     33 340
22  70  31  51   M  14   0 0.00  0.0    0  4.2 10  90   M    M   0         M  M
23  69  31  50   M  15   0 0.00  0.0    0  2.8  8  90   M    M   0        18 130
24  73  40  57   M   8   0 0.00  0.0    0 10.1 20  70   M    M   0        25  60
25  76  44  60   M   5   0 0.00  0.0    0  8.4 16  90   M    M   0        22  70
26  73  45  59   M   6   0 0.29    M    0  7.3 22  80   M    M   7 1      35 110
27  67  44  56   M   9   0 0.00  0.0    0  3.0  7 300   M    M   3         M  M
28  70  40  55   M  10   0 0.00  0.0    0  4.7 12  40   M    M   3         M  M
================================================================================
SM 1914 1019       346   0  0.49     0.0 108.2          M       48
================================================================================
AV 68.4 36.4                               3.9 FASTST   M    M   2    MAX(MPH)
                                 MISC ---->  # 27 340                 37    M
================================================================================
NOTES:
# LAST OF SEVERAL OCCURRENCES

COLUMN 17 PEAK WIND IN M.P.H.

PRELIMINARY LOCAL CLIMATOLOGICAL DATA (WS FORM: F-6) , PAGE 2

                                          STATION:  RIVERSIDE/MARCH FIELD CA
                                          MONTH:    JANUARY
                                          YEAR:     2015
                                          LATITUDE:   33 54 N
                                          LONGITUDE: 117 15 W

[TEMPERATURE DATA]      [PRECIPITATION DATA]       SYMBOLS USED IN COLUMN 16

AVERAGE MONTHLY: 52.4   TOTAL FOR MONTH:   0.49    1 = FOG OR MIST
DPTR FM NORMAL:     M   DPTR FM NORMAL:       M    2 = FOG REDUCING VISIBILITY
HIGHEST:    79 ON  6    GRTST 24HR  0.29 ON 26-26      TO 1/4 MILE OR LESS
LOWEST:     23 ON  1                               3 = THUNDER
                        SNOW, ICE PELLETS, HAIL    4 = ICE PELLETS
                        TOTAL MONTH:   0.0 INCH    5 = HAIL
                        GRTST 24HR     0.0         6 = FREEZING RAIN OR DRIZZLE
                        GRTST DEPTH:   0           7 = DUSTSTORM OR SANDSTORM:
                                                       VSBY 1/2 MILE OR LESS
                                                   8 = SMOKE OR HAZE
[NO. OF DAYS WITH]      [WEATHER - DAYS WITH]      9 = BLOWING SNOW
                                                   X = TORNADO
MAX 32 OR BELOW:   0    0.01 INCH OR MORE:   2
MAX 90 OR ABOVE:   0    0.10 INCH OR MORE:   2
MIN 32 OR BELOW:   6    0.50 INCH OR MORE:   0
MIN  0 OR BELOW:   0    1.00 INCH OR MORE:   0

[HDD (BASE 65) ]
TOTAL THIS MO.   346    CLEAR  (SCALE 0-3)  22
DPTR FM NORMAL     M    PTCLDY (SCALE 4-7)   5
TOTAL FM JUL 1   907    CLOUDY (SCALE 8-10)  1
DPTR FM NORMAL     M

[CDD (BASE 65) ]
TOTAL THIS MO.     0
DPTR FM NORMAL     M    [PRESSURE DATA]
TOTAL FM JAN 1     0    HIGHEST SLP M ON M
DPTR FM NORMAL     M    LOWEST  SLP M ON M

[REMARKS]
