000
CXUS55 KRIW 310945
CF6RIW
PRELIMINARY LOCAL CLIMATOLOGICAL DATA (WS FORM: F-6)

                                          STATION:   RIVERTON WY
                                          MONTH:     AUGUST
                                          YEAR:      2015
                                          LATITUDE:   43  2 N
                                          LONGITUDE: 108 27 W

  TEMPERATURE IN F:       :PCPN:    SNOW:  WIND      :SUNSHINE: SKY     :PK WND
================================================================================
1   2   3   4   5  6A  6B    7    8   9   10  11  12  13   14  15   16   17  18
                                     12Z  AVG MX 2MIN
DY MAX MIN AVG DEP HDD CDD  WTR  SNW DPTH SPD SPD DIR MIN PSBL S-S WX    SPD DR
================================================================================

 1  93  60  77   4   0  12 0.00  0.0    0  9.0 16 320   M    M   0 8      19 320
 2  93  59  76   3   0  11 0.00  0.0    0  9.5 18 310   M    M   0        23  90
 3  82  60  71  -2   0   6 0.02  0.0    0  8.4 30 190   M    M   3        37 180
 4  82  57  70  -3   0   5 0.00  0.0    0  8.5 17 100   M    M   5        27  30
 5  86  55  71  -1   0   6    T  0.0    0  8.9 32 300   M    M   1        44 300
 6  85  54  70  -2   0   5 0.00  0.0    0  8.8 22 230   M    M   0        30 300
 7  78  55  67  -5   0   2 0.00  0.0    0  8.4 33 190   M    M   1 8      40 200
 8  79  56  68  -4   0   3 0.01  0.0    0  8.4 30 270   M    M   4        35 270
 9  81  52  67  -5   0   2 0.00  0.0    0  6.9 14 160   M    M   2        19 150
10  88  50  69  -3   0   4 0.00  0.0    0  6.8 13  70   M    M   0        17  70
11  93  53  73   2   0   8 0.00  0.0    0  6.9 17 180   M    M   0        23 140
12  91  67  79   8   0  14 0.00  0.0    0  8.9 35 300   M    M   1        43 310
13  91  61  76   5   0  11 0.00  0.0    0  6.0 14  90   M    M   0        21  80
14  95  60  78   7   0  13    T  0.0    0  7.3 28 310   M    M   0 8      33 300
15  95  68  82  12   0  17 0.00  0.0    0  9.7 25 260   M    M   1        31 260
16  86  60  73   3   0   8 0.00  0.0    0 10.7 23  30   M    M   0        30  30
17  83  52  68  -2   0   3    T  0.0    0 12.0 45  10   M    M   2 38     59  10
18  72  44  58 -12   7   0    T  0.0    0  8.2 33  20   M    M   3 8      40  20
19  74  44  59 -10   6   0 0.00  0.0    0  6.4 13 100   M    M   0 8      18  80
20  83  50  67  -2   0   2 0.00  0.0    0  8.0 17 300   M    M   0 8      23 300
21  91  56  74   5   0   9 0.00  0.0    0 11.6 25 270   M    M   0 8      32 280
22  69  48  59  -9   6   0 0.00  0.0    0 11.2 28  20   M    M   0 8      35  40
23  78  39  59  -9   6   0 0.00  0.0    0  6.6 12 320   M    M   0        15  50
24  89  46  68   0   0   3 0.00  0.0    0  6.4 21 360   M    M   0 8      27 350
25  94  57  76   9   0  11 0.00  0.0    0  8.4 17  10   M    M   0        22  10
26  85  61  73   6   0   8    T  0.0    0 12.8 32 290   M    M   3 8      40 290
27  78  55  67   0   0   2 0.03  0.0    0  8.7 30 310   M    M   5 38     37 320
28  85  50  68   2   0   3 0.00  0.0    0  4.4 10 100   M    M   0 18     13  90
29  92  52  72   6   0   7 0.00  0.0    0  6.5 16 210   M    M   0        19 200
30  89  63  76  10   0  11    T  0.0    0 11.5 30 200   M    M   0        36 210
================================================================================
SM 2560 1644        25 186  0.06     0.0 255.8          M       31
================================================================================
AV 85.3 54.8                               8.5 FASTST   M    M   1    MAX(MPH)
                                 MISC ---->  # 45  10               # 59   10
================================================================================
NOTES:
# LAST OF SEVERAL OCCURRENCES

COLUMN 17 PEAK WIND IN M.P.H.

PRELIMINARY LOCAL CLIMATOLOGICAL DATA (WS FORM: F-6) , PAGE 2

                                          STATION:  RIVERTON WY
                                          MONTH:    AUGUST
                                          YEAR:     2015
                                          LATITUDE:   43  2 N
                                          LONGITUDE: 108 27 W

[TEMPERATURE DATA]      [PRECIPITATION DATA]       SYMBOLS USED IN COLUMN 16

AVERAGE MONTHLY: 70.1   TOTAL FOR MONTH:   0.06    1 = FOG OR MIST
DPTR FM NORMAL:   0.1   DPTR FM NORMAL:   -0.49    2 = FOG REDUCING VISIBILITY
HIGHEST:    95 ON 15,14 GRTST 24HR  0.03 ON 27-27      TO 1/4 MILE OR LESS
LOWEST:     39 ON 23                               3 = THUNDER
                        SNOW, ICE PELLETS, HAIL    4 = ICE PELLETS
                        TOTAL MONTH:   0.0 INCH    5 = HAIL
                        GRTST 24HR     0.0         6 = FREEZING RAIN OR DRIZZLE
                        GRTST DEPTH:   0           7 = DUSTSTORM OR SANDSTORM:
                                                       VSBY 1/2 MILE OR LESS
                                                   8 = SMOKE OR HAZE
[NO. OF DAYS WITH]      [WEATHER - DAYS WITH]      9 = BLOWING SNOW
                                                   X = TORNADO
MAX 32 OR BELOW:   0    0.01 INCH OR MORE:   3
MAX 90 OR ABOVE:  10    0.10 INCH OR MORE:   0
MIN 32 OR BELOW:   0    0.50 INCH OR MORE:   0
MIN  0 OR BELOW:   0    1.00 INCH OR MORE:   0

[HDD (BASE 65) ]
TOTAL THIS MO.    25    CLEAR  (SCALE 0-3)  25
DPTR FM NORMAL     1    PTCLDY (SCALE 4-7)   5
TOTAL FM JUL 1    35    CLOUDY (SCALE 8-10)  0
DPTR FM NORMAL    -1

[CDD (BASE 65) ]
TOTAL THIS MO.   186
DPTR FM NORMAL    15    [PRESSURE DATA]
TOTAL FM JAN 1   471    HIGHEST SLP M ON M
DPTR FM NORMAL     5    LOWEST  SLP 29.70 ON 21

[REMARKS]
