000
CXUS55 KRIW 260945
CF6RIW
PRELIMINARY LOCAL CLIMATOLOGICAL DATA (WS FORM: F-6)

                                          STATION:   RIVERTON WY
                                          MONTH:     SEPTEMBER
                                          YEAR:      2017
                                          LATITUDE:   43  2 N
                                          LONGITUDE: 108 27 W

  TEMPERATURE IN F:       :PCPN:    SNOW:  WIND      :SUNSHINE: SKY     :PK WND
================================================================================
1   2   3   4   5  6A  6B    7    8   9   10  11  12  13   14  15   16   17  18
                                     12Z  AVG MX 2MIN
DY MAX MIN AVG DEP HDD CDD  WTR  SNW DPTH SPD SPD DIR MIN PSBL S-S WX    SPD DR
================================================================================

 1  83  53  68   3   0   3 0.00  0.0    0  7.8 17 280   M    M   0        19 280
 2  91  53  72   8   0   7 0.00  0.0    0  7.2 18 290   M    M   0        22 310
 3  92  61  77  13   0  12 0.00  0.0    0  9.1 21 300   M    M   0 8      26  50
 4  74  53  64   0   1   0 0.00  0.0    0  9.7 20  50   M    M   1 8      24  60
 5  71  47  59  -4   6   0 0.00  0.0    0  5.4 10  90   M    M   0        15  80
 6  78  45  62  -1   3   0 0.00  0.0    0  5.5 10 320   M    M   0        12 110
 7  82  51  67   5   0   2 0.00  0.0    0  6.9 13 310   M    M   0        15 310
 8  85  49  67   5   0   2 0.00  0.0    0  7.1 13 310   M    M   0        14  10
 9  88  57  73  12   0   8 0.00  0.0    0  8.3 15 320   M    M   0        17 310
10  83  64  74  13   0   9    T  0.0    0  9.2 23 260   M    M   3        29 240
11  87  57  72  12   0   7 0.00  0.0    0  6.9 16 310   M    M   0        20 320
12  88  59  74  14   0   9 0.00  0.0    0 10.0 18 300   M    M   1        23 300
13  84  60  72  12   0   7    T  0.0    0 13.8 31 290   M    M   2        38 290
14  80  51  66   7   0   1 0.06  0.0    0  8.8 30 300   M    M   5 3      46 290
15  51  41  46 -13  19   0 0.68  0.0    0 13.6 26 350   M    M   9 1      36 340
16  54  40  47 -11  18   0 0.04  0.0    0  5.7 22 350   M    M   6 1      27 350
17  62  36  49  -9  16   0 0.00  0.0    0  5.8 12 310   M    M   1 12     13  60
18  76  38  57   0   8   0 0.00  0.0    0  8.7 29 300   M    M   1        36 310
19  57  38  48  -9  17   0 0.12  0.0    0 16.1 33 250   M    M   5 1      41 240
20  63  36  50  -6  15   0 0.00  0.0    0  9.0 21 240   M    M   1        28 250
21  69  38  54  -2  11   0 0.00  0.0    0 11.2 26  10   M    M   2        31 360
22  47  37  42 -13  23   0 0.43    T    0  6.6 17 310   M    M  10 13     21 300
23  41  38  40 -15  25   0 0.19  0.0    0  6.9 14  20   M    M  10 1      17  30
24  40  37  39 -15  26   0 0.19  0.0    0  5.5 18  20   M    M  10 1      23  10
25  52  37  45  -9  20   0 0.02  0.0    0  3.4  8  30   M    M   9        11  50
================================================================================
SM 1778 1176       208  67  1.73    T    208.2          M       76
================================================================================
AV 71.1 47.0                               8.3 FASTST   M    M   3    MAX(MPH)
                                 MISC ---->  # 33 250               # 46  290
================================================================================
NOTES:
# LAST OF SEVERAL OCCURRENCES

COLUMN 17 PEAK WIND IN M.P.H.

PRELIMINARY LOCAL CLIMATOLOGICAL DATA (WS FORM: F-6) , PAGE 2

                                          STATION:  RIVERTON WY
                                          MONTH:    SEPTEMBER
                                          YEAR:     2017
                                          LATITUDE:   43  2 N
                                          LONGITUDE: 108 27 W

[TEMPERATURE DATA]      [PRECIPITATION DATA]       SYMBOLS USED IN COLUMN 16

AVERAGE MONTHLY: 59.1   TOTAL FOR MONTH:   1.73    1 = FOG OR MIST
DPTR FM NORMAL:  -0.4   DPTR FM NORMAL:    1.04    2 = FOG REDUCING VISIBILITY
HIGHEST:    92 ON  3    GRTST 24HR  0.68 ON 15-15      TO 1/4 MILE OR LESS
LOWEST:     36 ON 20,17                            3 = THUNDER
                        SNOW, ICE PELLETS, HAIL    4 = ICE PELLETS
                        TOTAL MONTH:    T          5 = HAIL
                        GRTST 24HR    T  ON 22-22  6 = FREEZING RAIN OR DRIZZLE
                        GRTST DEPTH:   0           7 = DUSTSTORM OR SANDSTORM:
                                                       VSBY 1/2 MILE OR LESS
                                                   8 = SMOKE OR HAZE
[NO. OF DAYS WITH]      [WEATHER - DAYS WITH]      9 = BLOWING SNOW
                                                   X = TORNADO
MAX 32 OR BELOW:   0    0.01 INCH OR MORE:   8
MAX 90 OR ABOVE:   2    0.10 INCH OR MORE:   5
MIN 32 OR BELOW:   0    0.50 INCH OR MORE:   1
MIN  0 OR BELOW:   0    1.00 INCH OR MORE:   0

[HDD (BASE 65) ]
TOTAL THIS MO.   208    CLEAR  (SCALE 0-3)  17
DPTR FM NORMAL    44    PTCLDY (SCALE 4-7)   3
TOTAL FM JUL 1   215    CLOUDY (SCALE 8-10)  5
DPTR FM NORMAL    13

[CDD (BASE 65) ]
TOTAL THIS MO.    67
DPTR FM NORMAL    43    [PRESSURE DATA]
TOTAL FM JAN 1   547    HIGHEST SLP M ON M
DPTR FM NORMAL    55    LOWEST  SLP 29.58 ON 19

[REMARKS]
