000
CXUS54 KCRP 291300
CF6RKP
PRELIMINARY LOCAL CLIMATOLOGICAL DATA (WS FORM: F-6)

                                          STATION:   ROCKPORT
                                          MONTH:     JUNE
                                          YEAR:      2015
                                          LATITUDE:   28  4 N
                                          LONGITUDE:  97  3 W

  TEMPERATURE IN F:       :PCPN:    SNOW:  WIND      :SUNSHINE: SKY     :PK WND
================================================================================
1   2   3   4   5  6A  6B    7    8   9   10  11  12  13   14  15   16   17  18
                                     12Z  AVG MX 2MIN
DY MAX MIN AVG DEP HDD CDD  WTR  SNW DPTH SPD SPD DIR MIN PSBL S-S WX    SPD DR
================================================================================

 1  87  71  79  -3   0  14 0.00  0.0    0  6.6 14 130   M    M   0        16 120
 2  89  70  80  -2   0  15 0.00  0.0    0  6.8 14 130   M    M   0        17 130
 3  90  75  83   1   0  18 0.00  0.0    0  9.4 15 120   M    M   1        19 130
 4  91  77  84   2   0  19 0.00  0.0    0 10.3 16 130   M    M   1        20 130
 5  90  74  82  -1   0  17 0.00  0.0    0  8.9 15 140   M    M   1 18     23 100
 6  90  75  83   0   0  18 0.00  0.0    0  7.8 15 120   M    M   1        19 130
 7  91  76  84   1   0  19 0.00  0.0    0  8.5 16 140   M    M   2        27  90
 8  91  77  84   1   0  19 0.00  0.0    0  8.0 15 140   M    M   1 8      19 120
 9  92  73  83   0   0  18 0.00  0.0    0  6.2 14 140   M    M   1        17 140
10  92  73  83   0   0  18    T  0.0    0  8.2 16 150   M    M   1        22 140
11  92  81  87   3   0  22    T  0.0    0 12.7 22 140   M    M   1        29 130
12  93  83  88   4   0  23 0.00  0.0    0 13.8 20 140   M    M   1        26 130
13  92  80  86   2   0  21    T  0.0    0 13.2 23 140   M    M   2 18     30 140
14  92  78  85   1   0  20 0.14  0.0    0 13.7 20 120   M    M   3 1      27 150
15  90  77  84   0   0  19 0.99  0.0    0  9.8 21 360   M    M   4 13     27 350
16  83  78  81  -3   0  16 0.05  0.0    0 16.2 28 330   M    M   9 1      45 330
17  83  74  79  -5   0  14 4.36  0.0    0 10.9 26 130   M    M   8 123    32 140
18  86  78  82  -2   0  17    T  0.0    0  6.6 14 140   M    M   6 138    20 220
19  90  80  85   1   0  20 0.05  0.0    0  8.6 16 150   M    M   2 18     21 150
20  90  79  85   1   0  20    T  0.0    0 10.4 20 140   M    M   3 3      26 160
21  90  83  87   3   0  22 0.00  0.0    0 13.3 21 140   M    M   6 8      27 130
22  90  81  86   2   0  21 0.00  0.0    0 13.3 17 130   M    M   3        21 140
23  92  80  86   2   0  21 0.08  0.0    0 12.6 20 130   M    M   2 8      23  90
24  91  79  85   1   0  20    T  0.0    0 10.3 20 120   M    M   1        25 130
25  92  78  85   0   0  20 0.00  0.0    0  8.5 16 140   M    M   1        20 130
26  91  78  85   0   0  20 0.09  0.0    0  9.6 18 140   M    M   2 18     25 170
27  91  80  86   1   0  21 0.00  0.0    0  8.5 17 140   M    M   1        23 140
28  92  79  86   1   0  21 0.00  0.0    0  7.9 17 130   M    M   1 3      22 130
================================================================================
SM 2523 2167         0 533  5.76     0.0 280.7          M       65
================================================================================
AV 90.1 77.4                              10.0 FASTST   M    M   2    MAX(MPH)
                                 MISC ---->    28   M                 45    M
================================================================================
NOTES:
# LAST OF SEVERAL OCCURRENCES

COLUMN 17 PEAK WIND IN M.P.H.

PRELIMINARY LOCAL CLIMATOLOGICAL DATA (WS FORM: F-6) , PAGE 2

                                          STATION:  ROCKPORT
                                          MONTH:    JUNE
                                          YEAR:     2015
                                          LATITUDE:   28  4 N
                                          LONGITUDE:  97  3 W

[TEMPERATURE DATA]      [PRECIPITATION DATA]       SYMBOLS USED IN COLUMN 16

AVERAGE MONTHLY: 83.8   TOTAL FOR MONTH:   5.76    1 = FOG OR MIST
DPTR FM NORMAL:   0.1   DPTR FM NORMAL:    2.49    2 = FOG REDUCING VISIBILITY
HIGHEST:    93 ON 12    GRTST 24HR  4.36 ON 17-17      TO 1/4 MILE OR LESS
LOWEST:     70 ON  2                               3 = THUNDER
                        SNOW, ICE PELLETS, HAIL    4 = ICE PELLETS
                        TOTAL MONTH:   0.0 INCH    5 = HAIL
                        GRTST 24HR     0.0         6 = FREEZING RAIN OR DRIZZLE
                        GRTST DEPTH:   0           7 = DUSTSTORM OR SANDSTORM:
                                                       VSBY 1/2 MILE OR LESS
                                                   8 = SMOKE OR HAZE
[NO. OF DAYS WITH]      [WEATHER - DAYS WITH]      9 = BLOWING SNOW
                                                   X = TORNADO
MAX 32 OR BELOW:   0    0.01 INCH OR MORE:   7
MAX 90 OR ABOVE:  23    0.10 INCH OR MORE:   3
MIN 32 OR BELOW:   0    0.50 INCH OR MORE:   2
MIN  0 OR BELOW:   0    1.00 INCH OR MORE:   1

[HDD (BASE 65) ]
TOTAL THIS MO.     0    CLEAR  (SCALE 0-3)  23
DPTR FM NORMAL     0    PTCLDY (SCALE 4-7)   3
TOTAL FM JUL 1  1071    CLOUDY (SCALE 8-10)  2
DPTR FM NORMAL   195

[CDD (BASE 65) ]
TOTAL THIS MO.   533
DPTR FM NORMAL    10    [PRESSURE DATA]
TOTAL FM JAN 1  1364    HIGHEST SLP M ON M
DPTR FM NORMAL    26    LOWEST  SLP 29.69 ON 11

[REMARKS]
