000
CXUS54 KCRP 301300
CF6RKP
PRELIMINARY LOCAL CLIMATOLOGICAL DATA (WS FORM: F-6)

                                          STATION:   ROCKPORT
                                          MONTH:     MARCH
                                          YEAR:      2015
                                          LATITUDE:   28  4 N
                                          LONGITUDE:  97  3 W

  TEMPERATURE IN F:       :PCPN:    SNOW:  WIND      :SUNSHINE: SKY     :PK WND
================================================================================
1   2   3   4   5  6A  6B    7    8   9   10  11  12  13   14  15   16   17  18
                                     12Z  AVG MX 2MIN
DY MAX MIN AVG DEP HDD CDD  WTR  SNW DPTH SPD SPD DIR MIN PSBL S-S WX    SPD DR
================================================================================

 1  57  49  53 -10  12   0    T    M    0  9.1 14 350   M    M   9 1      17 350
 2  57  47  52 -11  13   0    T    M    0  8.8 16 360   M    M   9 18     20 360
 3  71  54  63   0   2   0 0.00  0.0    0  8.0 16 130   M    M  10 128    21 160
 4  77  43  60  -3   5   0    T    M    0 10.8 33 350   M    M  10 128    43 340
 5  54  39  47 -16  18   0    T    M    0 20.4 36 350   M    M   6 1      44 360
 6  50  37  44 -20  21   0 0.00  0.0    0  8.7 20  30   M    M   7        24  30
 7  61  45  53 -11  12   0 0.00  0.0    0  8.5 14  70   M    M   9        17  20
 8  57  53  55  -9  10   0 0.54  0.0    0  6.6 13  20   M    M  10 1      17 360
 9  67  56  62  -2   3   0 1.71  0.0    0  6.5 16  80   M    M  10 12     19 150
10  69  55  62  -2   3   0 0.00  0.0    0  8.6 16 350   M    M   8 1      18 340
11  59  54  57  -8   8   0    T  0.0    0 10.3 17  10   M    M  10 18     23  30
12  74  56  65   0   0   0    T  0.0    0  7.8 14 300   M    M   7        18 280
13  79  54  67   2   0   2 0.00  0.0    0  5.8 12 140   M    M   1 1      14 240
14  76  58  67   2   0   2    T  0.0    0  4.5 13 140   M    M   3        14 120
15  71  59  65   0   0   0    T  0.0    0  7.0 15  30   M    M   5        20  30
16  68  61  65  -1   0   0 0.13  0.0    0  8.2 14  80   M    M  10 18     18  90
17  75  64  70   4   0   5 0.00  0.0    0  6.2 12 120   M    M   9 128    16 120
18  73  62  68   2   0   3 1.44  0.0    0  8.3 25 320   M    M   9 1      33 320
19  76  67  72   6   0   7 0.00  0.0    0  8.1 16 140   M    M   9 12     19 130
20  77  68  73   7   0   8    T  0.0    0  8.1 14 130   M    M  10 128    16 130
21  70  62  66  -1   0   1 1.23  0.0    0  6.6 21 330   M    M  10 1      29 310
22  78  62  70   3   0   5 0.00  0.0    0  7.0 14 340   M    M   7 1      16 340
23  74  58  66  -1   0   1 0.00  0.0    0  6.2 14 140   M    M   0 1      17 120
24  77  60  69   2   0   4 0.00  0.0    0  8.4 18 140   M    M   1 1      23 140
25  78  67  73   5   0   8 0.00  0.0    0 11.2 20 140   M    M   4        25 130
26  73  61  67  -1   0   2 0.04  0.0    0 13.5 37 330   M    M   7 13     45 330
27  79  50  65  -3   0   0 0.00  0.0    0  6.2 16 360   M    M   0        24 240
28  80  50  65  -3   0   0 0.00  0.0    0  9.4 17 160   M    M   0        27 160
29  79  65  72   4   0   7    M  0.0    0 12.1 22 160   M    M   0        32 160
================================================================================
SM 2036 1616       107  55  5.09     0.0 250.9          M      190
================================================================================
AV 70.2 55.7                               8.7 FASTST   M    M   7    MAX(MPH)
                                 MISC ---->  # 37 330               # 45  330
================================================================================
NOTES:
# LAST OF SEVERAL OCCURRENCES

COLUMN 17 PEAK WIND IN M.P.H.

PRELIMINARY LOCAL CLIMATOLOGICAL DATA (WS FORM: F-6) , PAGE 2

                                          STATION:  ROCKPORT
                                          MONTH:    MARCH
                                          YEAR:     2015
                                          LATITUDE:   28  4 N
                                          LONGITUDE:  97  3 W

[TEMPERATURE DATA]      [PRECIPITATION DATA]       SYMBOLS USED IN COLUMN 16

AVERAGE MONTHLY: 63.0   TOTAL FOR MONTH:   5.09    1 = FOG OR MIST
DPTR FM NORMAL:  -2.5   DPTR FM NORMAL:    3.05    2 = FOG REDUCING VISIBILITY
HIGHEST:    80 ON 28    GRTST 24HR  1.71 ON  9- 9      TO 1/4 MILE OR LESS
LOWEST:     37 ON  6                               3 = THUNDER
                        SNOW, ICE PELLETS, HAIL    4 = ICE PELLETS
                        TOTAL MONTH:   0.0 INCH    5 = HAIL
                        GRTST 24HR     0.0         6 = FREEZING RAIN OR DRIZZLE
                        GRTST DEPTH:   0           7 = DUSTSTORM OR SANDSTORM:
                                                       VSBY 1/2 MILE OR LESS
                                                   8 = SMOKE OR HAZE
[NO. OF DAYS WITH]      [WEATHER - DAYS WITH]      9 = BLOWING SNOW
                                                   X = TORNADO
MAX 32 OR BELOW:   0    0.01 INCH OR MORE:   6
MAX 90 OR ABOVE:   0    0.10 INCH OR MORE:   5
MIN 32 OR BELOW:   0    0.50 INCH OR MORE:   4
MIN  0 OR BELOW:   0    1.00 INCH OR MORE:   3

[HDD (BASE 65) ]
TOTAL THIS MO.   107    CLEAR  (SCALE 0-3)   7
DPTR FM NORMAL    34    PTCLDY (SCALE 4-7)   8
TOTAL FM JUL 1  1071    CLOUDY (SCALE 8-10) 14
DPTR FM NORMAL   213

[CDD (BASE 65) ]
TOTAL THIS MO.    55
DPTR FM NORMAL   -30    [PRESSURE DATA]
TOTAL FM JAN 1    75    HIGHEST SLP M ON M
DPTR FM NORMAL   -62    LOWEST  SLP 29.74 ON  4

[REMARKS]
