431
CXUS55 KRIW 280945
CF6RKS
PRELIMINARY LOCAL CLIMATOLOGICAL DATA (WS FORM: F-6)

                                          STATION:   ROCK SPRINGS WY
                                          MONTH:     MAY
                                          YEAR:      2016
                                          LATITUDE:   41 35 N
                                          LONGITUDE: 109  4 W

  TEMPERATURE IN F:       :PCPN:    SNOW:  WIND      :SUNSHINE: SKY     :PK WND
================================================================================
1   2   3   4   5  6A  6B    7    8   9   10  11  12  13   14  15   16   17  18
                                     12Z  AVG MX 2MIN
DY MAX MIN AVG DEP HDD CDD  WTR  SNW DPTH SPD SPD DIR MIN PSBL S-S WX    SPD DR
================================================================================

 1  47  31  39  -7  26   0 0.00  0.0    M 23.5 39  60   M    M   3        46  70
 2  55  25  40  -6  25   0 0.00  0.0    M  3.9 12 290   M    M   0        16 270
 3  66  30  48   1  17   0 0.00  0.0    M  3.6  9 160   M    M   0        13 360
 4  71  39  55   8  10   0 0.00  0.0    M  7.2 25 200   M    M   0        31 200
 5  74  46  60  13   5   0 0.00  0.0    M  7.9 22 290   M    M   1        29 310
 6  62  38  50   2  15   0 0.61    M    M 12.3 39  60   M    M   4 13     48  50
 7  47  32  40  -8  25   0 0.78    M    M  8.3 28  10   M    M   8 123    32 360
 8  40  31  36 -12  29   0 0.54    M    M  6.1 13 190   M    M  10 12     16 180
 9  58  36  47  -2  18   0 0.01    M    M 18.5 37 260   M    M   7 13     47 260
10  47  31  39 -10  26   0    T    M    M 17.3 35 260   M    M   4        39 270
11  53  28  41  -8  24   0 0.00  0.0    M 12.8 26 270   M    M   1        32 270
12  65  31  48  -2  17   0 0.00  0.0    M 10.6 26 270   M    M   0        34 280
13  73  38  56   6   9   0 0.00  0.0    M 10.8 30  60   M    M   1        36  60
14  66  33  50   0  15   0    T    M    M 15.1 32  60   M    M   2        40  60
15  50  37  44  -6  21   0    T    M    M  8.7 22 150   M    M   5 1      26 140
16  52  37  45  -6  20   0    T    M    M 16.6 31  60   M    M   9        37  70
17  57  36  47  -4  18   0    T  0.0    0 17.0 26  60   M    M   8 1      33  70
18  66  36  51   0  14   0 0.00    M    M  6.4 21 300   M    M   3        25 310
19  70  44  57   5   8   0    T  0.0    0 11.2 25 190   M    M   3        30 190
20  66  42  54   2  11   0 0.00  0.0    M 13.8 36 200   M    M   1        43 190
21  66  37  52   0  13   0 0.13    M    M 15.9 41 200   M    M   6 1      49 200
22  54  34  44  -9  21   0 0.03    M    M 10.7 37 270   M    M   5 13     45 270
23  58  32  45  -8  20   0    T    M    M  9.3 28 300   M    M   3        35 310
24  66  37  52  -1  13   0    T    M    M 11.0 52 250   M    M   3 3      62 250
25  58  37  48  -6  17   0 0.04    M    M 12.6 36 220   M    M   4 3      41 220
26  63  34  49  -5  16   0 0.05    M    M  8.4 21  60   M    M   2 1      27  70
27  62  42  52  -2  13   0 0.01    M    M 10.1 28 270   M    M   4 1      34 270
================================================================================
SM 1612  954       466   0  2.20     0.0 309.6          M       97
================================================================================
AV 59.7 35.3                              11.5 FASTST   M    M   4    MAX(MPH)
                                 MISC ---->  # 52 250               # 62  250
================================================================================
NOTES:
# LAST OF SEVERAL OCCURRENCES

COLUMN 17 PEAK WIND IN M.P.H.

PRELIMINARY LOCAL CLIMATOLOGICAL DATA (WS FORM: F-6) , PAGE 2

                                          STATION:  ROCK SPRINGS WY
                                          MONTH:    MAY
                                          YEAR:     2016
                                          LATITUDE:   41 35 N
                                          LONGITUDE: 109  4 W

[TEMPERATURE DATA]      [PRECIPITATION DATA]       SYMBOLS USED IN COLUMN 16

AVERAGE MONTHLY: 47.5   TOTAL FOR MONTH:   2.20    1 = FOG OR MIST
DPTR FM NORMAL:  -2.6   DPTR FM NORMAL:    1.14    2 = FOG REDUCING VISIBILITY
HIGHEST:    74 ON  5    GRTST 24HR  1.30 ON  6- 7      TO 1/4 MILE OR LESS
LOWEST:     25 ON  2                               3 = THUNDER
                        SNOW, ICE PELLETS, HAIL    4 = ICE PELLETS
                        TOTAL MONTH:   0.0 INCH    5 = HAIL
                        GRTST 24HR     0.0         6 = FREEZING RAIN OR DRIZZLE
                        GRTST DEPTH:   0           7 = DUSTSTORM OR SANDSTORM:
                                                       VSBY 1/2 MILE OR LESS
                                                   8 = SMOKE OR HAZE
[NO. OF DAYS WITH]      [WEATHER - DAYS WITH]      9 = BLOWING SNOW
                                                   X = TORNADO
MAX 32 OR BELOW:   0    0.01 INCH OR MORE:   9
MAX 90 OR ABOVE:   0    0.10 INCH OR MORE:   4
MIN 32 OR BELOW:   9    0.50 INCH OR MORE:   3
MIN  0 OR BELOW:   0    1.00 INCH OR MORE:   0

[HDD (BASE 65) ]
TOTAL THIS MO.   466    CLEAR  (SCALE 0-3)  12
DPTR FM NORMAL    64    PTCLDY (SCALE 4-7)  12
TOTAL FM JUL 1  7541    CLOUDY (SCALE 8-10)  3
DPTR FM NORMAL  -393

[CDD (BASE 65) ]
TOTAL THIS MO.     0
DPTR FM NORMAL     0    [PRESSURE DATA]
TOTAL FM JAN 1     0    HIGHEST SLP M ON M
DPTR FM NORMAL     0    LOWEST  SLP 29.51 ON  8

[REMARKS]
