000
CXUS52 KFFC 281110
CF6RMG
PRELIMINARY LOCAL CLIMATOLOGICAL DATA (WS FORM: F-6)

                                          STATION:   ROME
                                          MONTH:     MARCH
                                          YEAR:      2015
                                          LATITUDE:   34 20 N
                                          LONGITUDE:  85 10 W

  TEMPERATURE IN F:       :PCPN:    SNOW:  WIND      :SUNSHINE: SKY     :PK WND
================================================================================
1   2   3   4   5  6A  6B    7    8   9   10  11  12  13   14  15   16   17  18
                                     12Z  AVG MX 2MIN
DY MAX MIN AVG DEP HDD CDD  WTR  SNW DPTH SPD SPD DIR MIN PSBL S-S WX    SPD DR
================================================================================

 1  49  40  45  -3  20   0 0.01    M    M  5.1 14 160   M    M  10 18     19 130
 2  59  46  53   5  12   0    T    M    M  5.1 16  20   M    M   9 1      20 360
 3  53  45  49   1  16   0 0.16    M    M  3.3 10 140   M    M  10 18     14 150
 4  76  51  64  15   1   0 0.23    M    M  3.4 18 270   M    M  10 12     27 190
 5  61  27  44  -5  21   0 0.39    M    M 11.4 22 360   M    M  10 1      33  70
 6  49  23  36 -13  29   0 0.00    M    M  6.4 16 350   M    M   4        27 350
 7  60  23  42  -8  23   0 0.00  0.0    M  1.5 13 220   M    M   0 8      18 220
 8  70  27  49  -1  16   0    T  0.0    M  3.5 15 330   M    M   2        20 320
 9  63  48  56   6   9   0 0.14  0.0    M  4.5 10  50   M    M  10 1      13  50
10  75  53  64  14   1   0 0.30  0.0    M  3.1 12 190   M    M   9 1      17 220
11  70  58  64  13   1   0 0.29  0.0    M  2.0 10 320   M    M   9 12     14 340
12  68  50  59   8   6   0 0.11    M    M  5.8 18 100   M    M   8 123    24 110
13  61  48  55   4  10   0 0.23    M    M  9.2 20 120   M    M  10 1      25 100
14  67  49  58   6   7   0 0.09    M    M  3.8 17 240   M    M  10 12     24 260
15  77  44  61   9   4   0 0.00    M    M  6.1 16  40   M    M   1        21 360
16  82  37  60   8   5   0 0.00    M    M  2.1 10 350   M    M   0        15 320
17  82  45  64  12   1   0 0.00    M    M  6.2 20  10   M    M   1        25 340
18  72  52  62   9   3   0 0.00    M    M  6.7 15 350   M    M   1        19 360
19  56  48  52  -1  13   0 0.42  0.0    M  4.2 37  90   M    M  10 1      54  90
20  60  48  54   1  11   0 0.06  0.0    M  1.9  8 170   M    M  10 1      10 160
21  69  52  61   7   4   0 0.00  0.0    M  4.4 12  20   M    M   5 1      15  20
22  59  52  56   2   9   0 0.49    M    M  4.5 15  50   M    M  10 1      21  60
23  72  50  61   7   4   0 0.01  0.0    M  5.2 15  60   M    M   6        19  70
24  75  43  59   5   6   0 0.00    M    M  2.8 10 150   M    M   0        18 130
25  78  50  64   9   1   0 0.00    M    M  5.3 15 180   M    M   6        19 180
26  75  52  64   9   1   0 0.11    M    M  6.5 18 350   M    M   6 13     24  10
27  58  41  50  -5  15   0 0.03    M    M 11.8 22 330   M    M   8 1      28 330
================================================================================
SM 1796 1202       249   0  3.07     0.0 135.8          M      175
================================================================================
AV 66.5 44.5                               5.0 FASTST   M    M   6    MAX(MPH)
                                 MISC ---->  # 37  90               # 54   90
================================================================================
NOTES:
# LAST OF SEVERAL OCCURRENCES

COLUMN 17 PEAK WIND IN M.P.H.

PRELIMINARY LOCAL CLIMATOLOGICAL DATA (WS FORM: F-6) , PAGE 2

                                          STATION:  ROME
                                          MONTH:    MARCH
                                          YEAR:     2015
                                          LATITUDE:   34 20 N
                                          LONGITUDE:  85 10 W

[TEMPERATURE DATA]      [PRECIPITATION DATA]       SYMBOLS USED IN COLUMN 16

AVERAGE MONTHLY: 55.5   TOTAL FOR MONTH:   3.07    1 = FOG OR MIST
DPTR FM NORMAL:   4.0   DPTR FM NORMAL:   -1.32    2 = FOG REDUCING VISIBILITY
HIGHEST:    82 ON 17,16 GRTST 24HR  0.49 ON 22-22      TO 1/4 MILE OR LESS
LOWEST:     23 ON  7, 6                            3 = THUNDER
                        SNOW, ICE PELLETS, HAIL    4 = ICE PELLETS
                        TOTAL MONTH:   0.0 INCH    5 = HAIL
                        GRTST 24HR     0.0         6 = FREEZING RAIN OR DRIZZLE
                        GRTST DEPTH:  M  ON   M    7 = DUSTSTORM OR SANDSTORM:
                                                       VSBY 1/2 MILE OR LESS
                                                   8 = SMOKE OR HAZE
[NO. OF DAYS WITH]      [WEATHER - DAYS WITH]      9 = BLOWING SNOW
                                                   X = TORNADO
MAX 32 OR BELOW:   0    0.01 INCH OR MORE:  16
MAX 90 OR ABOVE:   0    0.10 INCH OR MORE:  11
MIN 32 OR BELOW:   4    0.50 INCH OR MORE:   0
MIN  0 OR BELOW:   0    1.00 INCH OR MORE:   0

[HDD (BASE 65) ]
TOTAL THIS MO.   249    CLEAR  (SCALE 0-3)   7
DPTR FM NORMAL  -118    PTCLDY (SCALE 4-7)   7
TOTAL FM JUL 1  3068    CLOUDY (SCALE 8-10) 13
DPTR FM NORMAL    79

[CDD (BASE 65) ]
TOTAL THIS MO.     0
DPTR FM NORMAL     0    [PRESSURE DATA]
TOTAL FM JAN 1     0    HIGHEST SLP M ON M
DPTR FM NORMAL     0    LOWEST  SLP 29.67 ON 27

[REMARKS]
