000
CXUS51 KRNK 190755
CF6RNK

PRELIMINARY LOCAL CLIMATOLOGICAL DATA (WS FORM: F-6)

                                          STATION:   BLACKSBURG VA
                                          MONTH:     OCTOBER
                                          YEAR:      2017
                                          LATITUDE:   37 13 N
                                          LONGITUDE:  80 25 W

  TEMPERATURE IN F:       :PCPN:    SNOW:  WIND      :SUNSHINE: SKY     :PK WND
================================================================================
1   2   3   4   5  6A  6B    7    8   9   10  11  12  13   14  15   16   17  18
                                     12Z  AVG MX 2MIN
DY MAX MIN AVG DEP HDD CDD  WTR  SNW DPTH SPD SPD DIR MIN PSBL S-S WX    SPD DR
================================================================================

 1  67  36  52  -5  13   0 0.00  0.0    0  3.2 10 110   M    M   0         M  M
 2  73  37  55  -2  10   0 0.00  0.0    0  2.4  9 110   M    M   1         M  M
 3  74  42  58   2   7   0 0.00  0.0    0  2.3  9  70   M    M   0         M  M
 4  81  41  61   5   4   0 0.00  0.0    0  1.1  7 130   M    M   2 12      M  M
 5  82  45  64   8   1   0 0.00  0.0    0  1.1  6 150   M    M   0         M  M
 6  84  46  65  10   0   0 0.00  0.0    0  1.6  8 150   M    M   0         M  M
 7  76  50  63   8   2   0 0.02  0.0    0  2.4 13 110   M    M   7         M  M
 8  76  64  70  15   0   5 2.00  0.0    0  4.2 12 110   M    M   8 1      17 130
 9  83  64  74  20   0   9 0.78  0.0    0  4.3 12 170   M    M   8 1      23 200
10  83  64  74  20   0   9 0.75  0.0    0  2.6  8 110   M    M   8 1       M  M
11  83  62  73  19   0   8    T  0.0    0  1.5  8 260   M    M   6 1       M  M
12  72  57  65  12   0   0    T  0.0    0  6.3 17  70   M    M   7 1      21  70
13  61  56  59   6   6   0    T  0.0    0  6.0 10  80   M    M  10 1       M  M
14  78  57  68  15   0   3 0.00  0.0    0  2.1  8 110   M    M   5 1       M  M
15  78  53  66  14   0   1 0.10  0.0    0  3.5 10 240   M    M   5 12     21 240
16  62  38  50  -2  15   0 0.04  0.0    0  7.0 16 320   M    M   6 1      23 340
17  63  33  48  -4  17   0 0.00  0.0    0  1.3  6 120   M    M   0         M  M
18  67  33  50  -2  15   0 0.00  0.0    0  1.6  8 120   M    M   0 1       M  M
================================================================================
SM 1343  878        90  35  3.69     0.0  54.5          M       73
================================================================================
AV 74.6 48.8                               3.0 FASTST   M    M   4    MAX(MPH)
                                 MISC ---->  # 17  70               # 23  200
================================================================================
NOTES:
# LAST OF SEVERAL OCCURRENCES

COLUMN 17 PEAK WIND IN M.P.H.

PRELIMINARY LOCAL CLIMATOLOGICAL DATA (WS FORM: F-6) , PAGE 2

                                          STATION:  BLACKSBURG VA
                                          MONTH:    OCTOBER
                                          YEAR:     2017
                                          LATITUDE:   37 13 N
                                          LONGITUDE:  80 25 W

[TEMPERATURE DATA]      [PRECIPITATION DATA]       SYMBOLS USED IN COLUMN 16

AVERAGE MONTHLY: 61.7   TOTAL FOR MONTH:   3.69    1 = FOG OR MIST
DPTR FM NORMAL:   7.5   DPTR FM NORMAL:    2.08    2 = FOG REDUCING VISIBILITY
HIGHEST:    84 ON  6    GRTST 24HR  2.00 ON  8- 8      TO 1/4 MILE OR LESS
LOWEST:     33 ON 18,17                            3 = THUNDER
                        SNOW, ICE PELLETS, HAIL    4 = ICE PELLETS
                        TOTAL MONTH:   0.0 INCH    5 = HAIL
                        GRTST 24HR     0.0         6 = FREEZING RAIN OR DRIZZLE
                        GRTST DEPTH:   0           7 = DUSTSTORM OR SANDSTORM:
                                                       VSBY 1/2 MILE OR LESS
                                                   8 = SMOKE OR HAZE
[NO. OF DAYS WITH]      [WEATHER - DAYS WITH]      9 = BLOWING SNOW
                                                   X = TORNADO
MAX 32 OR BELOW:   0    0.01 INCH OR MORE:   6
MAX 90 OR ABOVE:   0    0.10 INCH OR MORE:   4
MIN 32 OR BELOW:   0    0.50 INCH OR MORE:   3
MIN  0 OR BELOW:   0    1.00 INCH OR MORE:   1

[HDD (BASE 65) ]
TOTAL THIS MO.    90    CLEAR  (SCALE 0-3)   8
DPTR FM NORMAL  -108    PTCLDY (SCALE 4-7)   8
TOTAL FM JUL 1   169    CLOUDY (SCALE 8-10)  2
DPTR FM NORMAL  -160

[CDD (BASE 65) ]
TOTAL THIS MO.    35
DPTR FM NORMAL    34    [PRESSURE DATA]
TOTAL FM JAN 1   632    HIGHEST SLP M ON M
DPTR FM NORMAL    62    LOWEST  SLP M ON M

[REMARKS]
DUE TO MISSING TEMPERATURES ON SEPTEMBER 8-10...ALL TEMPERATURE AND
DEGREE DAY INFORMATION WILL BE CALCULATED WITHOUT DATA FROM THESE
DATES.
