000
CXUS55 KREV 010859
CF6RNO

PRELIMINARY LOCAL CLIMATOLOGICAL DATA (WS FORM: F-6)

                                          STATION:   RENO TAHOE AIRPORT NV
                                          MONTH:     AUGUST
                                          YEAR:      2015
                                          LATITUDE:   39 30 N
                                          LONGITUDE: 119 47 W

  TEMPERATURE IN F:       :PCPN:    SNOW:  WIND      :SUNSHINE: SKY     :PK WND
================================================================================
1   2   3   4   5  6A  6B    7    8   9   10  11  12  13   14  15   16   17  18
                                     12Z  AVG MX 2MIN
DY MAX MIN AVG DEP HDD CDD  WTR  SNW DPTH SPD SPD DIR MIN PSBL S-S WX    SPD DR
================================================================================

 1  98  67  83   7   0  18 0.00  0.0    0  4.7 18 170   M    M   M 3      21 170
 2  85  68  77   1   0  12 0.00  0.0    0  6.0 22 360   M    M   M        27  10
 3  94  61  78   2   0  13 0.00  0.0    0  7.6 24 290   M    M   M        31 290
 4  92  60  76   1   0  11 0.01  0.0    0  6.7 25 310   M    M   M        32 300
 5  89  58  74  -1   0   9 0.00  0.0    0  9.0 21 300   M    M   M        30 310
 6  87  58  73  -2   0   8 0.00  0.0    0  4.4 13 300   M    M   M        21 290
 7  74  57  66  -9   0   1 0.10  0.0    0  6.2 26 360   M    M   M 3      32  10
 8  84  53  69  -6   0   4    T  0.0    0  3.6 17 340   M    M   M 8      20 330
 9  92  56  74  -1   0   9 0.00  0.0    0  4.6 25 170   M    M   M        30 180
10  92  62  77   3   0  12 0.00  0.0    0  9.1 25 310   M    M   M        35 300
11  91  57  74   0   0   9 0.00  0.0    0  6.9 23 300   M    M   M        29 300
12  93  58  76   2   0  11 0.00  0.0    0  5.6 21 300   M    M   M        27 300
13  98  61  80   6   0  15 0.00  0.0    0  9.0 24 190   M    M   M        36 180
14  93  65  79   5   0  14 0.00  0.0    0 11.6 30 180   M    M   M        39 170
15  96  57  77   3   0  12 0.00  0.0    0  5.9 18 290   M    M   M        24 290
16  98  59  79   6   0  14 0.00  0.0    0  5.8 20 290   M    M   M        26 280
17  99  57  78   5   0  13 0.00  0.0    0  4.4 18 300   M    M   M        23 300
18  98  59  79   6   0  14 0.00  0.0    0  4.9 18 280   M    M   M        24 290
19  98  62  80   7   0  15 0.00  0.0    0  5.7 22 290   M    M   M        28 280
20  97  58  78   6   0  13 0.00  0.0    0  6.2 24 290   M    M   M 8      31 280
21  95  58  77   5   0  12 0.00  0.0    0  6.5 22 300   M    M   M 8      29 290
22  95  59  77   5   0  12 0.00  0.0    0  4.2 17 300   M    M   M        22 310
23  95  60  78   6   0  13 0.00  0.0    0  6.9 24 290   M    M   M        30 310
24  96  60  78   6   0  13 0.00  0.0    0  6.3 23 290   M    M   M        30 280
25  96  59  78   7   0  13 0.00  0.0    0  6.9 23 300   M    M   M        32 300
26  92  63  78   7   0  13 0.00  0.0    0  7.1 26 300   M    M   M        31 290
27  94  61  78   7   0  13 0.00  0.0    0  6.4 23 280   M    M   M        30 280
28  93  61  77   6   0  12 0.00  0.0    0  5.9 20 190   M    M   M        26 200
29  86  64  75   5   0  10 0.00  0.0    0 12.3 28 210   M    M   M        48 210
30  85  56  71   1   0   6 0.00  0.0    0  7.3 21 300   M    M   M        30 290
31  91  52  72   2   0   7 0.00  0.0    0  5.6 20 310   M    M   M        27 300
================================================================================
SM 2866 1846         0 351  0.11     0.0 203.3          M        M
================================================================================
AV 92.5 59.5                               6.6 FASTST   M    M -NAN   MAX(MPH)
                                 MISC ---->  # 30 180                 48  210
================================================================================
NOTES:
# LAST OF SEVERAL OCCURRENCES

COLUMN 17 PEAK WIND IN M.P.H.

PRELIMINARY LOCAL CLIMATOLOGICAL DATA (WS FORM: F-6) , PAGE 2

                                          STATION:  RENO TAHOE AIRPORT NV
                                          MONTH:    AUGUST
                                          YEAR:     2015
                                          LATITUDE:   39 30 N
                                          LONGITUDE: 119 47 W

[TEMPERATURE DATA]      [PRECIPITATION DATA]       SYMBOLS USED IN COLUMN 16

AVERAGE MONTHLY: 76.0   TOTAL FOR MONTH:   0.11    1 = FOG OR MIST
DPTR FM NORMAL:   2.8   DPTR FM NORMAL:   -0.12    2 = FOG REDUCING VISIBILITY
HIGHEST:    99 ON 17    GRTST 24HR  0.10 ON  7- 7      TO 1/4 MILE OR LESS
LOWEST:     52 ON 31                               3 = THUNDER
                        SNOW, ICE PELLETS, HAIL    4 = ICE PELLETS
                        TOTAL MONTH:   0.0 INCH    5 = HAIL
                        GRTST 24HR     0.0         6 = FREEZING RAIN OR DRIZZLE
                        GRTST DEPTH:   0           7 = DUSTSTORM OR SANDSTORM:
                                                       VSBY 1/2 MILE OR LESS
                                                   8 = SMOKE OR HAZE
[NO. OF DAYS WITH]      [WEATHER - DAYS WITH]      9 = BLOWING SNOW
                                                   X = TORNADO
MAX 32 OR BELOW:   0    0.01 INCH OR MORE:   2
MAX 90 OR ABOVE:  24    0.10 INCH OR MORE:   1
MIN 32 OR BELOW:   0    0.50 INCH OR MORE:   0
MIN  0 OR BELOW:   0    1.00 INCH OR MORE:   0

[HDD (BASE 65) ]
TOTAL THIS MO.     0    CLEAR  (SCALE 0-3)   0
DPTR FM NORMAL    -5    PTCLDY (SCALE 4-7)   0
TOTAL FM JUL 1     1    CLOUDY (SCALE 8-10)  0
DPTR FM NORMAL    -9

[CDD (BASE 65) ]
TOTAL THIS MO.   351
DPTR FM NORMAL    92    [PRESSURE DATA]
TOTAL FM JAN 1   994    HIGHEST SLP M ON M
DPTR FM NORMAL   248    LOWEST  SLP 29.71 ON M

[REMARKS]

THE AVERAGE TEMPERATURE FOR AUGUST 2015 AT THE RENO TAHOE
INTERNATIONAL AIRPORT WAS 76.0 DEGREES WHICH IS 2.8 DEGREES ABOVE
NORMAL.  THIS MAKES AUGUST 2015 THE FIFTH WARMEST AUGUST ON RECORD
AT RENO.  THE HIGHEST TEMPERATURE FOR AUGUST WAS 99 DEGREES WHICH
OCCURRED ON THE 17TH.  THE LOWEST TEMPERATURE FOR THE MONTH WAS 52
DEGREES WHICH WAS RECORDED ON THE 31ST.

FOR AUGUST 2015 A TOTAL OF 0.11 INCH OF PRECIPITATION WAS RECORDED
AT THE RENO TAHOE INTERNATIONAL AIRPORT.  THIS IS 0.12 INCH BELOW
NORMAL.

THE AVERAGE WIND SPEED FOR THE MONTH WAS 6.6 MPH.  THE PEAK WIND
GUST FOR THE MONTH WAS 48 MPH FROM THE SOUTH WHICH OCCURRED ON THE
29TH.

#FINAL-08-15#
