000
CXUS51 KBUF 281205
CF6ROC
PRELIMINARY LOCAL CLIMATOLOGICAL DATA (WS FORM: F-6)

                                          STATION:   ROCHESTER NY
                                          MONTH:     APRIL
                                          YEAR:      2016
                                          LATITUDE:   43  7 N
                                          LONGITUDE:  77 40 W

  TEMPERATURE IN F:       :PCPN:    SNOW:  WIND      :SUNSHINE: SKY     :PK WND
================================================================================
1   2   3   4   5  6A  6B    7    8   9   10  11  12  13   14  15   16   17  18
                                     12Z  AVG MX 2MIN
DY MAX MIN AVG DEP HDD CDD  WTR  SNW DPTH SPD SPD DIR MIN PSBL S-S WX    SPD DR
================================================================================

 1  67  40  54  14  11   0 0.02  0.0    0 16.5 36 250   M    M   8        53 250
 2  46  31  39  -2  26   0 0.18  0.7    0 10.5 24 260   M    M   7 12     31 310
 3  31  22  27 -14  38   0 0.23  5.0    1 15.4 32 300   M    M   9 19     44 310
 4  28  18  23 -19  42   0 0.18  1.7    5 13.9 28  60   M    M   8 16     34  40
 5  32  14  23 -19  42   0    T    T    3  6.0 16  20   M    M   2        20  10
 6  50  22  36  -6  29   0    T    T    1 10.5 23 200   M    M   9 8      33 210
 7  52  36  44   1  21   0 0.01  0.0    0 15.0 26 190   M    M  10 1      36 200
 8  39  28  34  -9  31   0 0.02  0.4    T 14.5 25 290   M    M  10 18     35 280
 9  35  26  31 -13  34   0    T  0.1    0 12.2 20 320   M    M   8 8      25 320
10  39  21  30 -14  35   0 0.11  0.9    0  6.9 18 230   M    M   7 1      24 220
11  55  35  45   0  20   0 0.11  0.0    0 12.7 25 310   M    M  10 1      35 320
12  46  30  38  -7  27   0 0.01  0.0    0 10.3 21 290   M    M   4        26 280
13  44  25  35 -10  30   0 0.00  0.0    0  5.7 16  20   M    M   5        22  30
14  50  25  38  -8  27   0 0.00  0.0    0  5.3 15  20   M    M   0        18  40
15  63  29  46   0  19   0 0.00  0.0    0  5.5 18  30   M    M   3        22  40
16  66  34  50   3  15   0 0.00  0.0    0  4.2 16  20   M    M   1        19  20
17  71  38  55   8  10   0 0.00  0.0    0  3.7 12  30   M    M   2        16  40
18  75  40  58  11   7   0 0.00  0.0    0  8.0 18 290   M    M   6        27 280
19  62  44  53   5  12   0    T  0.0    0 10.1 22 350   M    M   6        29 350
20  60  35  48   0  17   0 0.00  0.0    0  6.5 14  50   M    M   1        18  80
21  77  37  57   8   8   0 0.03  0.0    0  6.8 25 290   M    M   8        30 280
22  72  46  59  10   6   0    T  0.0    0 10.8 20  40   M    M   9 18     26 260
23  53  40  47  -2  18   0    T  0.0    0  9.2 20  20   M    M   5        24  30
24  55  32  44  -6  21   0 0.00  0.0    0  4.7 14  40   M    M   5        18  20
25  51  41  46  -4  19   0 0.15  0.0    0  8.9 18  90   M    M   9        22  90
26  42  31  37 -13  28   0 0.50  0.0    0 10.6 24  40   M    M   8 1      29  50
27  55  29  42  -9  23   0 0.00  0.0    0  5.6 15 340   M    M   3 1      19 320
================================================================================
SM 1416  849       616   0  1.55     8.8 250.0          M      163
================================================================================
AV 52.4 31.4                               9.3 FASTST   M    M   6    MAX(MPH)
                                 MISC ---->  # 36 250               # 53  250
================================================================================
NOTES:
# LAST OF SEVERAL OCCURRENCES

COLUMN 17 PEAK WIND IN M.P.H.

PRELIMINARY LOCAL CLIMATOLOGICAL DATA (WS FORM: F-6) , PAGE 2

                                          STATION:  ROCHESTER NY
                                          MONTH:    APRIL
                                          YEAR:     2016
                                          LATITUDE:   43  7 N
                                          LONGITUDE:  77 40 W

[TEMPERATURE DATA]      [PRECIPITATION DATA]       SYMBOLS USED IN COLUMN 16

AVERAGE MONTHLY: 41.9   TOTAL FOR MONTH:   1.55    1 = FOG OR MIST
DPTR FM NORMAL:  -3.8   DPTR FM NORMAL:   -0.91    2 = FOG REDUCING VISIBILITY
HIGHEST:    77 ON 21    GRTST 24HR  0.65 ON 25-26      TO 1/4 MILE OR LESS
LOWEST:     14 ON  5                               3 = THUNDER
                        SNOW, ICE PELLETS, HAIL    4 = ICE PELLETS
                        TOTAL MONTH:   8.8 INCHES  5 = HAIL
                        GRTST 24HR   5.0 ON  3- 3  6 = FREEZING RAIN OR DRIZZLE
                        GRTST DEPTH:   5 ON  4     7 = DUSTSTORM OR SANDSTORM:
                                                       VSBY 1/2 MILE OR LESS
                                                   8 = SMOKE OR HAZE
[NO. OF DAYS WITH]      [WEATHER - DAYS WITH]      9 = BLOWING SNOW
                                                   X = TORNADO
MAX 32 OR BELOW:   3    0.01 INCH OR MORE:  12
MAX 90 OR ABOVE:   0    0.10 INCH OR MORE:   7
MIN 32 OR BELOW:  15    0.50 INCH OR MORE:   1
MIN  0 OR BELOW:   0    1.00 INCH OR MORE:   0

[HDD (BASE 65) ]
TOTAL THIS MO.   616    CLEAR  (SCALE 0-3)   7
DPTR FM NORMAL    92    PTCLDY (SCALE 4-7)  11
TOTAL FM JUL 1  5295    CLOUDY (SCALE 8-10)  9
DPTR FM NORMAL  -967

[CDD (BASE 65) ]
TOTAL THIS MO.     0
DPTR FM NORMAL     0    [PRESSURE DATA]
TOTAL FM JAN 1     0    HIGHEST SLP M ON M
DPTR FM NORMAL     0    LOWEST  SLP 29.34 ON  7

[REMARKS]
