000
CXUS56 KFGZ 290900
CF6RQE
PRELIMINARY LOCAL CLIMATOLOGICAL DATA (WS FORM: F-6)

                                          STATION:   WINDOW ROCK AZ AIRPORT
                                          MONTH:     APRIL
                                          YEAR:      2017
                                          LATITUDE:   35 39 N
                                          LONGITUDE: 109  4 W

  TEMPERATURE IN F:       :PCPN:    SNOW:  WIND      :SUNSHINE: SKY     :PK WND
================================================================================
1   2   3   4   5  6A  6B    7    8   9   10  11  12  13   14  15   16   17  18
                                     12Z  AVG MX 2MIN
DY MAX MIN AVG DEP HDD CDD  WTR  SNW DPTH SPD SPD DIR MIN PSBL S-S WX    SPD DR
================================================================================

 1  48  23  36  -6  29   0 0.02    M    M  3.0 13 330   M    M   6 18     20  40
 2  60  25  43   0  22   0 0.00    M    M  4.7 18 260   M    M   3 1      24 290
 3  57  32  45   2  20   0    T    M    M  7.8 20 110   M    M   5 1      27 240
 4  50  24  37  -6  28   0 0.02    M    M 10.8 23 320   M    M   3 1      30 320
 5  63  17  40  -3  25   0 0.00    M    M  2.5 12 280   M    M   0        16 210
 6  72  24  48   4  17   0 0.00    M    M  2.9 14 200   M    M   0        18 170
 7  71  29  50   6  15   0 0.00    M    M  7.5 24 230   M    M   0        31 220
 8  69  40  55  11  10   0 0.00    M    M 15.9 36 230   M    M   M        46 220
 9  59  28  44   0  21   0 0.00    M    M  7.5 20 300   M    M   M        28 250
10  62  17  40  -4  25   0 0.00    M    M  1.6 10 230   M    M   0        13 160
11  70  21  46   1  19   0 0.00    M    M  5.7 24 220   M    M   0        30 220
12  74  27  51   6  14   0 0.00    M    M  2.9 14 280   M    M   0 8      19 260
13  74  26  50   5  15   0 0.00  0.0    0  8.9 26 210   M    M   0        37 220
14  73  36  55  10  10   0 0.00    M    M 10.9 25 230   M    M   0        35 220
15  71  33  52   6  13   0 0.00    M    M  7.1 17 260   M    M   0        24 260
16  73  25  49   3  16   0 0.00    M    M  4.6 17 200   M    M   0        27 190
17  73  28  51   5  14   0 0.00    M    M  5.5 22 230   M    M   0        33 240
18  76  38  57  11   8   0 0.00    M    M  9.2 28 250   M    M   0 8      38 240
19  72  37  55   8  10   0 0.00    M    M  7.8 22 250   M    M   0        36 220
20  72  29  51   4  14   0 0.00    M    M 10.0 28 230   M    M   0        39 230
21  68  29  49   2  16   0 0.00  0.0    0  6.4 18 280   M    M   0        26 260
22  72  25  49   1  16   0 0.00  0.0    0  3.1 17 270   M    M   0        23 260
23  77  27  52   4  13   0 0.00    M    0  9.3 28 230   M    M   0        37 230
24  73  39  56   8   9   0 0.00    M    0 16.7 38 230   M    M   1 8      49 220
25  61  34  48   0  17   0 0.13    M    M 12.0 36 250   M    M   6 1      48 250
26  63  24  44  -5  21   0    T    M    M  9.6 25 260   M    M   3        34 250
27  68  46  57   8   8   0    T    M    M 17.6 31 230   M    M   7        43 310
28  46  27  37 -12  28   0 0.04    M    M  8.3 22 360   M    M   8 1      28 230
================================================================================
SM 1867  810       473   0  0.21     0.0 219.8          M       42
================================================================================
AV 66.7 28.9                               7.8 FASTST   M    M   2    MAX(MPH)
                                 MISC ---->  # 38 230               # 49  220
================================================================================
NOTES:
# LAST OF SEVERAL OCCURRENCES

COLUMN 17 PEAK WIND IN M.P.H.

PRELIMINARY LOCAL CLIMATOLOGICAL DATA (WS FORM: F-6) , PAGE 2

                                          STATION:  WINDOW ROCK AZ AIRPORT
                                          MONTH:    APRIL
                                          YEAR:     2017
                                          LATITUDE:   35 39 N
                                          LONGITUDE: 109  4 W

[TEMPERATURE DATA]      [PRECIPITATION DATA]       SYMBOLS USED IN COLUMN 16

AVERAGE MONTHLY: 47.8   TOTAL FOR MONTH:   0.21    1 = FOG OR MIST
DPTR FM NORMAL:   2.2   DPTR FM NORMAL:   -0.35    2 = FOG REDUCING VISIBILITY
HIGHEST:    77 ON 23    GRTST 24HR  0.20 ON 31- 1      TO 1/4 MILE OR LESS
LOWEST:     17 ON 10, 5                            3 = THUNDER
                        SNOW, ICE PELLETS, HAIL    4 = ICE PELLETS
                        TOTAL MONTH:   0.0 INCH    5 = HAIL
                        GRTST 24HR     0.0         6 = FREEZING RAIN OR DRIZZLE
                        GRTST DEPTH:   0           7 = DUSTSTORM OR SANDSTORM:
                                                       VSBY 1/2 MILE OR LESS
                                                   8 = SMOKE OR HAZE
[NO. OF DAYS WITH]      [WEATHER - DAYS WITH]      9 = BLOWING SNOW
                                                   X = TORNADO
MAX 32 OR BELOW:   0    0.01 INCH OR MORE:   4
MAX 90 OR ABOVE:   0    0.10 INCH OR MORE:   1
MIN 32 OR BELOW:  20    0.50 INCH OR MORE:   0
MIN  0 OR BELOW:   0    1.00 INCH OR MORE:   0

[HDD (BASE 65) ]
TOTAL THIS MO.   473    CLEAR  (SCALE 0-3)  21
DPTR FM NORMAL   -70    PTCLDY (SCALE 4-7)   5
TOTAL FM JUL 1  4719    CLOUDY (SCALE 8-10)  0
DPTR FM NORMAL -1257

[CDD (BASE 65) ]
TOTAL THIS MO.     0
DPTR FM NORMAL     0    [PRESSURE DATA]
TOTAL FM JAN 1     0    HIGHEST SLP M ON M
DPTR FM NORMAL     0    LOWEST  SLP 29.48 ON 25

[REMARKS]
