000
CXUS53 KMPX 311000
CF6RWF
PRELIMINARY LOCAL CLIMATOLOGICAL DATA (WS FORM: F-6)

                                          STATION:   REDWOOD FALLS MN
                                          MONTH:     AUGUST
                                          YEAR:      2015
                                          LATITUDE:   44 32 N
                                          LONGITUDE:  95  5 W

  TEMPERATURE IN F:       :PCPN:    SNOW:  WIND      :SUNSHINE: SKY     :PK WND
================================================================================
1   2   3   4   5  6A  6B    7    8   9   10  11  12  13   14  15   16   17  18
                                     12Z  AVG MX 2MIN
DY MAX MIN AVG DEP HDD CDD  WTR  SNW DPTH SPD SPD DIR MIN PSBL S-S WX    SPD DR
================================================================================

 1  89  61  75   3   0  10 0.00    M    M  7.5 20 210   M    M   0        25 200
 2  85  63  74   2   0   9 0.00    M    M 12.0 21 350   M    M   0        29 340
 3  82  55  69  -3   0   4 0.00    M    M  7.8 20 300   M    M   0        25 280
 4  82  52  67  -5   0   2 0.00    M    M  3.5 10 210   M    M   0        13 190
 5  82  54  68  -4   0   3 0.00    M    M  5.1 15 160   M    M   1 1      19 170
 6  84  65  75   4   0  10 1.19    M    M 11.0 21 250   M    M   7 13     27 250
 7  82  64  73   2   0   8 0.00    M    M  6.9 14 300   M    M   4 1      16 270
 8  87  68  78   7   0  13    T    M    M  6.7 14 170   M    M   2        16 180
 9  80  66  73   2   0   8 0.03    M    M  4.1 13 340   M    M   3 1      17 340
10  82  64  73   2   0   8 0.00    M    M  7.2 15 350   M    M   3 1      20 330
11  84  61  73   2   0   8 0.00    M    M  4.8 12 340   M    M   0        17  20
12  88  57  73   2   0   8 0.00    M    M  8.7 16 210   M    M   0        23 170
13  83  68  76   5   0  11    T    M    M  8.4 21 220   M    M   4 3      29 210
14  92  65  79   8   0  14 0.00    M    M  6.6 13 200   M    M   0 1      16 190
15  89  67  78   8   0  13 0.00    M    M 11.4 21 180   M    M   0        26 190
16  81  62  72   2   0   7 0.12    M    M  7.8 17 230   M    M   6 13     25 230
17  71  59  65  -5   0   0 0.27    M    M  5.5 10  80   M    M   7 13      M  M
18  68  57  63  -7   2   0 1.30    M    M  7.0 16  80   M    M   9 13     22  70
19  67  53  60 -10   5   0 0.27    M    M 12.7 24 330   M    M   9 18     37 320
20  76  48  62  -8   3   0 0.00    M    M  6.8 12 260   M    M   0        16 230
21  81  58  70   0   0   5 0.00    M    M 12.6 22 200   M    M   1        27 200
22  81  59  70   1   0   5 0.00    M    M 17.1 32 170   M    M   6 8      42 180
23  70  54  62  -7   3   0 0.00    M    M 20.2 28 290   M    M   4        43 280
24  70  49  60  -9   5   0 0.00    M    M 13.2 24 300   M    M   0        40 330
25  74  47  61  -8   4   0 0.00    M    M  7.6 13 280   M    M   0        20 320
26  75  47  61  -7   4   0 0.00  0.0    0  5.6 13 150   M    M   2        16 160
27  71  57  64  -4   1   0 0.07    M    M  8.6 24 180   M    M   3 1      32 170
28  76  56  66  -2   0   1 0.04    M    M  8.2 23 140   M    M   5 1      30 130
29  75  50  63  -5   2   0 0.00    M    M  5.7 12 150   M    M   3 12     14 140
30  83  61  72   4   0   7 0.00    M    M 11.2 17 180   M    M   3 1      23 170
================================================================================
SM 2390 1747        29 154  3.29     0.0 261.5          M       82
================================================================================
AV 79.7 58.2                               8.7 FASTST   M    M   3    MAX(MPH)
                                 MISC ---->  # 32 170                 43    M
================================================================================
NOTES:
# LAST OF SEVERAL OCCURRENCES

COLUMN 17 PEAK WIND IN M.P.H.

PRELIMINARY LOCAL CLIMATOLOGICAL DATA (WS FORM: F-6) , PAGE 2

                                          STATION:  REDWOOD FALLS MN
                                          MONTH:    AUGUST
                                          YEAR:     2015
                                          LATITUDE:   44 32 N
                                          LONGITUDE:  95  5 W

[TEMPERATURE DATA]      [PRECIPITATION DATA]       SYMBOLS USED IN COLUMN 16

AVERAGE MONTHLY: 68.9   TOTAL FOR MONTH:   3.29    1 = FOG OR MIST
DPTR FM NORMAL:  -1.2   DPTR FM NORMAL:   -0.29    2 = FOG REDUCING VISIBILITY
HIGHEST:    92 ON 14    GRTST 24HR  1.47 ON 18-19      TO 1/4 MILE OR LESS
LOWEST:     47 ON 26,25                            3 = THUNDER
                        SNOW, ICE PELLETS, HAIL    4 = ICE PELLETS
                        TOTAL MONTH:   0.0 INCH    5 = HAIL
                        GRTST 24HR     0.0         6 = FREEZING RAIN OR DRIZZLE
                        GRTST DEPTH:   0           7 = DUSTSTORM OR SANDSTORM:
                                                       VSBY 1/2 MILE OR LESS
                                                   8 = SMOKE OR HAZE
[NO. OF DAYS WITH]      [WEATHER - DAYS WITH]      9 = BLOWING SNOW
                                                   X = TORNADO
MAX 32 OR BELOW:   0    0.01 INCH OR MORE:   8
MAX 90 OR ABOVE:   1    0.10 INCH OR MORE:   5
MIN 32 OR BELOW:   0    0.50 INCH OR MORE:   2
MIN  0 OR BELOW:   0    1.00 INCH OR MORE:   2

[HDD (BASE 65) ]
TOTAL THIS MO.    29    CLEAR  (SCALE 0-3)  16
DPTR FM NORMAL     9    PTCLDY (SCALE 4-7)  12
TOTAL FM JUL 1    39    CLOUDY (SCALE 8-10)  2
DPTR FM NORMAL    12

[CDD (BASE 65) ]
TOTAL THIS MO.   154
DPTR FM NORMAL   -21    [PRESSURE DATA]
TOTAL FM JAN 1   581    HIGHEST SLP M ON M
DPTR FM NORMAL   -23    LOWEST  SLP 29.44 ON 19

[REMARKS]
