000
CXUS53 KMPX 310700
CF6RWF
PRELIMINARY LOCAL CLIMATOLOGICAL DATA (WS FORM: F-6)

                                          STATION:   REDWOOD FALLS MN
                                          MONTH:     AUGUST
                                          YEAR:      2014
                                          LATITUDE:   44 32 N
                                          LONGITUDE:  95  5 W

  TEMPERATURE IN F:       :PCPN:    SNOW:  WIND      :SUNSHINE: SKY     :PK WND
================================================================================
1   2   3   4   5  6A  6B    7    8   9   10  11  12  13   14  15   16   17  18
                                     12Z  AVG MX 2MIN
DY MAX MIN AVG DEP HDD CDD  WTR  SNW DPTH SPD SPD DIR MIN PSBL S-S WX    SPD DR
================================================================================

 1  86  59  73   1   0   8    T    M    M  3.8 14 290   M    M   1        18 300
 2  86  59  73   1   0   8 0.00    M    M  4.4 13 220   M    M   0        15 230
 3  88  59  74   2   0   9 0.00    M    M  1.3  9 220   M    M   1 12     13 200
 4  81  61  71  -1   0   6 0.00    M    M  5.0 12 360   M    M   2        15 360
 5  81  58  70  -2   0   5 0.00    M    M  5.5 13  70   M    M   0        16  80
 6  81  61  71   0   0   6 0.00    M    M  7.5 17 140   M    M   1        22 140
 7  81  58  70  -1   0   5 0.00    M    M  7.5 20 140   M    M   4 1      23 140
 8  77  64  71   0   0   6 0.02    M    M  6.8 15 130   M    M   9 1      19 120
 9  80  66  73   2   0   8    T    M    M  9.2 18 140   M    M   7        24 150
10  81  66  74   3   0   9 0.11    M    M  8.7 16 330   M    M   7 1      23 340
11  77  59  68  -3   0   3 0.00    M    M 12.0 22 330   M    M   1        29 350
12  79  52  66  -5   0   1 0.00    M    M  7.9 15 340   M    M   0 128    22  10
13  86  58  72   1   0   7 0.00    M    M  4.9 12 280   M    M   0 8      15 240
14  83  60  72   1   0   7    T    M    M  7.7 15 170   M    M   1 128    19 150
15  83  67  75   5   0  10 0.08    M    M 10.0 16 170   M    M   4        22 200
16  85  64  75   5   0  10 0.00    M    M  5.9 12 190   M    M   5        13 160
17  83  68  76   6   0  11 0.07    M    M  4.7 10 230   M    M   5 13     13 230
18  89  66  78   8   0  13 0.00    M    M  8.9 18 240   M    M   4 123    24 250
19  85  63  74   4   0   9 0.00    M    M  6.5 15 310   M    M   2        20 320
20  86  62  74   4   0   9    T    M    M  8.4 17 130   M    M   1 1      22 130
21  88  70  79   9   0  14 0.07    M    M  7.2 18 160   M    M   5 123    22 150
22  87  70  79  10   0  14 0.00    M    M  3.5  9 100   M    M   5 12     13 100
23  79  67  73   4   0   8 0.02    M    M  8.1 23  90   M    M   5 1      30  80
24  88  65  77   8   0  12 0.09    M    M  9.5 30 230   M    M   3 13     40 230
25  76  59  68  -1   0   3 0.00    M    M  9.0 17 280   M    M   0        24 260
26  75  50  63  -5   2   0 0.00    M    M  4.3 12 360   M    M   1        14 360
27  77  57  67  -1   0   2 0.00    M    M  6.9 13 150   M    M   3        17 150
28  68  61  65  -3   0   0 0.11    M    M  8.7 15 130   M    M   8 13     20 140
29  79  65  72   4   0   7 0.73    M    M  7.5 18 190   M    M   8 123    22 190
30   M   M   M   M   M   M    M    M    M   M   M   M   M    M   M 123     M  M
================================================================================
SM 2375 1794         2 210  1.30    M    201.3          M       93
================================================================================
AV 81.9 61.9                               6.9 FASTST   M    M   3    MAX(MPH)
                                 MISC ---->  # 30 230               # 40  230
================================================================================
NOTES:
# LAST OF SEVERAL OCCURRENCES

COLUMN 17 PEAK WIND IN M.P.H.

PRELIMINARY LOCAL CLIMATOLOGICAL DATA (WS FORM: F-6) , PAGE 2

                                          STATION:  REDWOOD FALLS MN
                                          MONTH:    AUGUST
                                          YEAR:     2014
                                          LATITUDE:   44 32 N
                                          LONGITUDE:  95  5 W

[TEMPERATURE DATA]      [PRECIPITATION DATA]       SYMBOLS USED IN COLUMN 16

AVERAGE MONTHLY: 71.9   TOTAL FOR MONTH:   1.30    1 = FOG OR MIST
DPTR FM NORMAL:   1.7   DPTR FM NORMAL:   -2.28    2 = FOG REDUCING VISIBILITY
HIGHEST:    89 ON 18    GRTST 24HR  0.74 ON 28-29      TO 1/4 MILE OR LESS
LOWEST:     50 ON 26                               3 = THUNDER
                        SNOW, ICE PELLETS, HAIL    4 = ICE PELLETS
                        TOTAL MONTH:    M          5 = HAIL
                        GRTST 24HR    M  ON   M    6 = FREEZING RAIN OR DRIZZLE
                        GRTST DEPTH:  M  ON   M    7 = DUSTSTORM OR SANDSTORM:
                                                       VSBY 1/2 MILE OR LESS
                                                   8 = SMOKE OR HAZE
[NO. OF DAYS WITH]      [WEATHER - DAYS WITH]      9 = BLOWING SNOW
                                                   X = TORNADO
MAX 32 OR BELOW:   0    0.01 INCH OR MORE:   9
MAX 90 OR ABOVE:   0    0.10 INCH OR MORE:   3
MIN 32 OR BELOW:   0    0.50 INCH OR MORE:   1
MIN  0 OR BELOW:   0    1.00 INCH OR MORE:   0

[HDD (BASE 65) ]
TOTAL THIS MO.     2    CLEAR  (SCALE 0-3)  16
DPTR FM NORMAL   -18    PTCLDY (SCALE 4-7)  12
TOTAL FM JUL 1    13    CLOUDY (SCALE 8-10)  1
DPTR FM NORMAL   -14

[CDD (BASE 65) ]
TOTAL THIS MO.   210
DPTR FM NORMAL    35    [PRESSURE DATA]
TOTAL FM JAN 1   607    HIGHEST SLP M ON M
DPTR FM NORMAL     3    LOWEST  SLP 29.65 ON 18

[REMARKS]
