000
CXUS55 KCYS 231000
CF6RWL
PRELIMINARY LOCAL CLIMATOLOGICAL DATA (WS FORM: F-6)

                                          STATION:   RAWLINS WYOMING AIRPORT
                                          MONTH:     SEPTEMBER
                                          YEAR:      2017
                                          LATITUDE:   41 47 N
                                          LONGITUDE: 107 12 W

  TEMPERATURE IN F:       :PCPN:    SNOW:  WIND      :SUNSHINE: SKY     :PK WND
================================================================================
1   2   3   4   5  6A  6B    7    8   9   10  11  12  13   14  15   16   17  18
                                     12Z  AVG MX 2MIN
DY MAX MIN AVG DEP HDD CDD  WTR  SNW DPTH SPD SPD DIR MIN PSBL S-S WX    SPD DR
================================================================================

 1  83  52  68   7   0   3    T    M    M  8.8 21 240   M    M   2        25 240
 2  86  45  66   5   0   1 0.00    M    M  4.7 15 280   M    M   0        20 240
 3  88  47  68   8   0   3 0.00    M    M  5.2 16  30   M    M   0 8      19  30
 4  79  45  62   2   3   0 0.00    M    M  9.6 22  70   M    M   0 8      28  70
 5  75  44  60   0   5   0 0.00    M    M  9.2 20  60   M    M   0        26  60
 6  81  36  59   0   6   0 0.00    M    M  3.9 16  30   M    M   0        24  50
 7  82  40  61   2   4   0 0.00    M    M  4.0 14 360   M    M   0        21 270
 8  84  41  63   4   2   0 0.00    M    M  6.7 24 240   M    M   1        30 240
 9  85  48  67   9   0   2    T    M    M  6.9 28 240   M    M   3 3      32 230
10  80  57  69  11   0   4    T    M    M  9.1 20 250   M    M   2        26 220
11  84  50  67  10   0   2    T    M    M  4.1 15 110   M    M   2        17 110
12  85  44  65   8   0   0    T    M    M  6.0 17 270   M    M   1 3      23 280
13  81  59  70  14   0   5    T    M    M 16.5 35 230   M    M   2 3      45 220
14  79  54  67  11   0   2    T    M    M 14.2 35 220   M    M   4 3      43 220
15  58  43  51  -5  14   0 0.21    M    M 15.6 30 240   M    M   8 18     41 230
16  57  37  47  -8  18   0 0.00    M    M 13.4 31 250   M    M   3        37 250
17  64  30  47  -8  18   0 0.00    M    M  7.8 28 250   M    M   1        34 240
18  72  41  57   3   8   0 0.00    M    M 16.0 30 210   M    M   1        39 230
19  62  33  48  -6  17   0 0.33    M    M 19.2 35 280   M    M   4 1      45 220
20  64  34  49  -5  16   0 0.00    M    M 12.9 30 220   M    M   3        39 230
21  76  44  60   7   5   0 0.00    M    M 18.2 36 210   M    M   0        46 220
22  58  38  48  -5  17   0 0.09    M    M 10.0 32 250   M    M   3 13     41 250
================================================================================
SM 1663  962       133  22  0.63    M    222.0          M       40
================================================================================
AV 75.6 43.7                              10.1 FASTST   M    M   2    MAX(MPH)
                                 MISC ---->  # 36 210               # 46  220
================================================================================
NOTES:
# LAST OF SEVERAL OCCURRENCES

COLUMN 17 PEAK WIND IN M.P.H.

PRELIMINARY LOCAL CLIMATOLOGICAL DATA (WS FORM: F-6) , PAGE 2

                                          STATION:  RAWLINS WYOMING AIRPORT
                                          MONTH:    SEPTEMBER
                                          YEAR:     2017
                                          LATITUDE:   41 47 N
                                          LONGITUDE: 107 12 W

[TEMPERATURE DATA]      [PRECIPITATION DATA]       SYMBOLS USED IN COLUMN 16

AVERAGE MONTHLY: 59.7   TOTAL FOR MONTH:   0.63    1 = FOG OR MIST
DPTR FM NORMAL:   2.6   DPTR FM NORMAL:   -0.07    2 = FOG REDUCING VISIBILITY
HIGHEST:    88 ON  3    GRTST 24HR  0.33 ON 19-19      TO 1/4 MILE OR LESS
LOWEST:     30 ON 17                               3 = THUNDER
                        SNOW, ICE PELLETS, HAIL    4 = ICE PELLETS
                        TOTAL MONTH:    M          5 = HAIL
                        GRTST 24HR    M  ON   M    6 = FREEZING RAIN OR DRIZZLE
                        GRTST DEPTH:  M  ON   M    7 = DUSTSTORM OR SANDSTORM:
                                                       VSBY 1/2 MILE OR LESS
                                                   8 = SMOKE OR HAZE
[NO. OF DAYS WITH]      [WEATHER - DAYS WITH]      9 = BLOWING SNOW
                                                   X = TORNADO
MAX 32 OR BELOW:   0    0.01 INCH OR MORE:   3
MAX 90 OR ABOVE:   0    0.10 INCH OR MORE:   2
MIN 32 OR BELOW:   1    0.50 INCH OR MORE:   0
MIN  0 OR BELOW:   0    1.00 INCH OR MORE:   0

[HDD (BASE 65) ]
TOTAL THIS MO.   133    CLEAR  (SCALE 0-3)  17
DPTR FM NORMAL   -45    PTCLDY (SCALE 4-7)   4
TOTAL FM JUL 1   160    CLOUDY (SCALE 8-10)  1
DPTR FM NORMAL  -111

[CDD (BASE 65) ]
TOTAL THIS MO.    22
DPTR FM NORMAL    20    [PRESSURE DATA]
TOTAL FM JAN 1   266    HIGHEST SLP M ON M
DPTR FM NORMAL    83    LOWEST  SLP 29.41 ON 19

[REMARKS]
