000
CXUS55 KPIH 271200
CF6RXE

PRELIMINARY LOCAL CLIMATOLOGICAL DATA (WS FORM: F-6)

                                          STATION:   REXBURG ID
                                          MONTH:     MARCH
                                          YEAR:      2017
                                          LATITUDE:   43 49 N
                                          LONGITUDE: 111 48 W

  TEMPERATURE IN F:       :PCPN:    SNOW:  WIND      :SUNSHINE: SKY     :PK WND
================================================================================
1   2   3   4   5  6A  6B    7    8   9   10  11  12  13   14  15   16   17  18
                                     12Z  AVG MX 2MIN
DY MAX MIN AVG DEP HDD CDD  WTR  SNW DPTH SPD SPD DIR MIN PSBL S-S WX    SPD DR
================================================================================

 1  30  13  22  -5  43   0 0.00    M    M 10.0 24 230   M    M   6        34 240
 2  35  11  23  -5  42   0 0.00    M    M  3.0  8  40   M    M   2 1      10 220
 3  42  21  32   4  33   0 0.00    M    M  3.5  8  10   M    M   2         9  10
 4  45  30  38   9  27   0 0.00    M    M  5.7 16 220   M    M   4        21 210
 5  44  27  36   7  29   0    T    M    M 11.1 24 240   M    M   9 1      36 230
 6  30  19  25  -5  40   0    T    M    M 18.8 30 220   M    M   5 1      40 230
 7  35  20  28  -2  37   0    T    M    M 14.4 30 230   M    M   8 1      39 240
 8  45  32  39   8  26   0 0.00    M    M 21.9 33 230   M    M   5        45 220
 9  48  38  43  12  22   0    T    M    M 15.2 25 230   M    M   7        32 210
10  49  32  41   9  24   0    T    M    M 10.3 20 210   M    M   7        26 220
11  51  27  39   7  26   0 0.01    M    M  3.6 15 270   M    M   2 8      20 260
12  50  30  40   7  25   0    T    M    M  8.4 20 220   M    M   0        25 230
13  51  31  41   8  24   0 0.00    M    M  7.6 21 230   M    M   7        27 240
14  58  35  47  13  18   0 0.00    M    M  5.4 17 220   M    M   2        24 220
15  65  30  48  14  17   0 0.00    M    M  8.5 25 220   M    M   1        34 220
16  56  43  50  16  15   0    T    M    M 18.9 37 230   M    M   2        48 230
17  63  37  50  15  15   0 0.00    M    M  6.0 21 240   M    M   6        26 230
18  68  33  51  16  14   0 0.00    M    M 10.1 28 240   M    M   1        36 240
19  60  45  53  17  12   0 0.06    M    M 16.7 28 240   M    M   6 1      37 210
20  58  38  48  12  17   0    T    M    M  6.8 17 180   M    M   7        22 180
21  66  37  52  15  13   0 0.05    M    M  8.3 25 240   M    M   5        33 240
22  53  39  46   9  19   0 0.01    M    M  8.0 20 240   M    M   5        27 180
23  56  33  45   8  20   0 0.00    M    M  5.3 15 180   M    M   2        21 350
24  56  27  42   4  23   0    T    M    M 10.5 28 220   M    M   3        39 200
25  49  36  43   5  22   0    T    M    M 11.1 21 180   M    M   9        27 190
26  50  30  40   2  25   0 0.04    M    M  9.9 23 230   M    M   4        33 230
================================================================================
SM 1313  794       628   0  0.17    M    259.0          M      117
================================================================================
AV 50.5 30.5                              10.0 FASTST   M    M   5    MAX(MPH)
                                 MISC ---->  # 37 230               # 48  230
================================================================================
NOTES:
# LAST OF SEVERAL OCCURRENCES
PRECIPITATION SUSPECT DURING FREEZING/FROZEN EVENTS

COLUMN 17 PEAK WIND IN M.P.H.

PRELIMINARY LOCAL CLIMATOLOGICAL DATA (WS FORM: F-6) , PAGE 2

                                          STATION:  REXBURG ID
                                          MONTH:    MARCH
                                          YEAR:     2017
                                          LATITUDE:   43 49 N
                                          LONGITUDE: 111 48 W

[TEMPERATURE DATA]      [PRECIPITATION DATA]       SYMBOLS USED IN COLUMN 16

AVERAGE MONTHLY: 40.5   TOTAL FOR MONTH:   0.17    1 = FOG OR MIST
DPTR FM NORMAL:   7.4   DPTR FM NORMAL:   -0.65    2 = FOG REDUCING VISIBILITY
HIGHEST:    68 ON 18    GRTST 24HR  0.06 ON 19-19      TO 1/4 MILE OR LESS
LOWEST:     11 ON  2                               3 = THUNDER
                        SNOW, ICE PELLETS, HAIL    4 = ICE PELLETS
                        TOTAL MONTH:    M          5 = HAIL
                        GRTST 24HR    M  ON   M    6 = FREEZING RAIN OR DRIZZLE
                        GRTST DEPTH:  M  ON   M    7 = DUSTSTORM OR SANDSTORM:
                                                       VSBY 1/2 MILE OR LESS
                                                   8 = SMOKE OR HAZE
[NO. OF DAYS WITH]      [WEATHER - DAYS WITH]      9 = BLOWING SNOW
                                                   X = TORNADO
MAX 32 OR BELOW:   2    0.01 INCH OR MORE:   5
MAX 90 OR ABOVE:   0    0.10 INCH OR MORE:   0
MIN 32 OR BELOW:  15    0.50 INCH OR MORE:   0
MIN  0 OR BELOW:   0    1.00 INCH OR MORE:   0

[HDD (BASE 65) ]
TOTAL THIS MO.   628    CLEAR  (SCALE 0-3)  10
DPTR FM NORMAL  -200    PTCLDY (SCALE 4-7)  14
TOTAL FM JUL 1  6423    CLOUDY (SCALE 8-10)  2
DPTR FM NORMAL  -378

[CDD (BASE 65) ]
TOTAL THIS MO.     0
DPTR FM NORMAL     0    [PRESSURE DATA]
TOTAL FM JAN 1     0    HIGHEST SLP M ON M
DPTR FM NORMAL     0    LOWEST  SLP 29.47 ON  5

[REMARKS]
