581
CXUS54 KEWX 200910
CF6RYW
PRELIMINARY LOCAL CLIMATOLOGICAL DATA (WS FORM: F-6)

                                          STATION:   LAGO VISTA
                                          MONTH:     NOVEMBER
                                          YEAR:      2017
                                          LATITUDE:   30 30 N
                                          LONGITUDE:  97 58 W

  TEMPERATURE IN F:       :PCPN:    SNOW:  WIND      :SUNSHINE: SKY     :PK WND
================================================================================
1   2   3   4   5  6A  6B    7    8   9   10  11  12  13   14  15   16   17  18
                                     12Z  AVG MX 2MIN
DY MAX MIN AVG DEP HDD CDD  WTR  SNW DPTH SPD SPD DIR MIN PSBL S-S WX    SPD DR
================================================================================

 1  80  52  66   M   0   1 0.01    M    M  4.7 12 210   M    M   5 12     21 140
 2  85  69  77   M   0  12 0.00    M    M  8.2 12 200   M    M   4 1      20 190
 3  86  73  80   M   0  15 0.00    M    M  5.4  9 170   M    M   7 1      17 190
 4  83  71  77   M   0  1299.99    M    M  7.1 10 180   M    M   6        17 190
 5  85  70  78   M   0  13 0.00    M    M  7.4 12 200   M    M   6        21 160
 6  85  69  77   M   0  12 0.00    M    M  8.1 14 210   M    M   4        20 200
 7  75  58  67   M   0   2 0.00    M    M  8.4 14  30   M    M  10        23  40
 8  58  43  51   M  14   0 0.08    M    M  8.0 13  20   M    M  10        17  20
 9  54  44  49   M  16   0 0.00    M    M  4.2  7  40   M    M  10 1       M  M
10  61  50  56   M   9   0 0.00    M    M  2.9  7  90   M    M  10         M  M
11  72  57  65   M   0   0 0.00    M    M  4.3  8 170   M    M  10         M  M
12  71  64  68   M   0   3 0.03    M    M  4.2  9  40   M    M  10        16 180
13  75  61  68   M   0   3 0.00    M    M  5.2  9  50   M    M   7 1       M  M
14  78  61  70   M   0   5 0.00    M    M  7.4 12 170   M    M   7        21 190
15  73  65  69   M   0   4 0.00    M    M  5.8 14 200   M    M  10        21 200
16  81  64  73   M   0   8 0.00    M    M  3.3  9 150   M    M   6 1      17 170
17  83  68  76   M   0  11 0.00    M    M 10.7 15 210   M    M   6        24 200
18  80  51  66   M   0   1 0.00    M    M 12.7 20 360   M    M   4        33 360
19  64  45  55   M  10   0 0.00    M    M  4.9  8  70   M    M   0         M  M
================================================================================
SM 1429 1135        49 102100.11    M    122.9          M      132
================================================================================
AV 75.2 59.7                               6.5 FASTST   M    M   7    MAX(MPH)
                                 MISC ---->  # 20 360               # 33  360
================================================================================
NOTES:
# LAST OF SEVERAL OCCURRENCES

COLUMN 17 PEAK WIND IN M.P.H.

PRELIMINARY LOCAL CLIMATOLOGICAL DATA (WS FORM: F-6) , PAGE 2

                                          STATION:  LAGO VISTA
                                          MONTH:    NOVEMBER
                                          YEAR:     2017
                                          LATITUDE:   30 30 N
                                          LONGITUDE:  97 58 W

[TEMPERATURE DATA]      [PRECIPITATION DATA]       SYMBOLS USED IN COLUMN 16

AVERAGE MONTHLY: 67.5   TOTAL FOR MONTH: 100.11    1 = FOG OR MIST
DPTR FM NORMAL:     M   DPTR FM NORMAL:       M    2 = FOG REDUCING VISIBILITY
HIGHEST:    86 ON  3    GRTST 24HR 99.99 ON  4- 4      TO 1/4 MILE OR LESS
LOWEST:     43 ON  8                               3 = THUNDER
                        SNOW, ICE PELLETS, HAIL    4 = ICE PELLETS
                        TOTAL MONTH:    M          5 = HAIL
                        GRTST 24HR    M  ON   M    6 = FREEZING RAIN OR DRIZZLE
                        GRTST DEPTH:  M  ON   M    7 = DUSTSTORM OR SANDSTORM:
                                                       VSBY 1/2 MILE OR LESS
                                                   8 = SMOKE OR HAZE
[NO. OF DAYS WITH]      [WEATHER - DAYS WITH]      9 = BLOWING SNOW
                                                   X = TORNADO
MAX 32 OR BELOW:   0    0.01 INCH OR MORE:   4
MAX 90 OR ABOVE:   0    0.10 INCH OR MORE:   1
MIN 32 OR BELOW:   0    0.50 INCH OR MORE:   1
MIN  0 OR BELOW:   0    1.00 INCH OR MORE:   1

[HDD (BASE 65) ]
TOTAL THIS MO.    49    CLEAR  (SCALE 0-3)   1
DPTR FM NORMAL     M    PTCLDY (SCALE 4-7)  11
TOTAL FM JUL 1    97    CLOUDY (SCALE 8-10)  7
DPTR FM NORMAL     M

[CDD (BASE 65) ]
TOTAL THIS MO.   102
DPTR FM NORMAL     M    [PRESSURE DATA]
TOTAL FM JAN 1  3270    HIGHEST SLP M ON M
DPTR FM NORMAL     M    LOWEST  SLP M ON M

[REMARKS]
