000
CXUS56 KSTO 311355
CF6SAC
PRELIMINARY LOCAL CLIMATOLOGICAL DATA (WS FORM: F-6)

                                          STATION:   SACRAMENTO EXEC. AIRPORT CA
                                          MONTH:     AUGUST
                                          YEAR:      2015
                                          LATITUDE:   38 31 N
                                          LONGITUDE: 121 30 W

  TEMPERATURE IN F:       :PCPN:    SNOW:  WIND      :SUNSHINE: SKY     :PK WND
================================================================================
1   2   3   4   5  6A  6B    7    8   9   10  11  12  13   14  15   16   17  18
                                     12Z  AVG MX 2MIN
DY MAX MIN AVG DEP HDD CDD  WTR  SNW DPTH SPD SPD DIR MIN PSBL S-S WX    SPD DR
================================================================================

 1  92  63  78   2   0  13 0.00  0.0    0  8.5 17 200   M    M   0        23 230
 2  90  62  76   1   0  11 0.00  0.0    0  8.6 17 230   M    M   0        23 220
 3  88  61  75   0   0  10 0.00  0.0    0  9.9 20 230   M    M   0        29 220
 4  79  60  70  -5   0   5    T  0.0    0  8.4 18 220   M    M   0        25 220
 5  92  59  76   1   0  11 0.00  0.0    0  3.8  9 210   M    M   0        12 210
 6  89  61  75   0   0  10    T  0.0    0  3.5 14 220   M    M   0        20 210
 7  90  64  77   2   0  12    T  0.0    0  8.8 17 230   M    M   0        23 230
 8  86  60  73  -2   0   8 0.00  0.0    0  8.3 16 220   M    M   0        22 210
 9  95  61  78   3   0  13 0.00  0.0    0  6.1 15 200   M    M   0        20 220
10  91  62  77   2   0  12 0.00  0.0    0  8.2 20 230   M    M   0 8      26 220
11  90  60  75   0   0  10 0.00  0.0    0  7.7 17 220   M    M   0        24 220
12  91  60  76   1   0  11 0.00  0.0    0  7.0 15 230   M    M   0        20 220
13  90  62  76   1   0  11 0.00  0.0    0  6.7 17 220   M    M   0        24 220
14  93  60  77   2   0  12 0.00  0.0    0  4.6 10 230   M    M   0        15 330
15 100  58  79   4   0  14 0.00  0.0    0  3.0 10 330   M    M   0        15 320
16 106  63  85  10   0  20 0.00  0.0    0  3.1 10 330   M    M   0 8      14 340
17 105  65  85  10   0  20 0.00  0.0    0  3.7 12 210   M    M   0 8      17 230
18  95  61  78   4   0  13 0.00  0.0    0  7.7 14 210   M    M   0        20 180
19  89  59  74   0   0   9 0.00  0.0    0  9.3 16 230   M    M   0        22 200
20  85  59  72  -2   0   7 0.00  0.0    0  6.9 15 220   M    M   0        20 210
21  87  59  73  -1   0   8 0.00  0.0    0  8.0 15 210   M    M   0        21 190
22  90  58  74   0   0   9 0.00  0.0    0  7.1 16 210   M    M   0        25 220
23  89  60  75   1   0  10 0.00  0.0    0  7.7 13 210   M    M   0        20 210
24  93  60  77   3   0  12 0.00  0.0    0  7.3 13 210   M    M   0 8      18 210
25  95  60  78   4   0  13 0.00  0.0    0  5.8 15 240   M    M   0        20 240
26  99  61  80   6   0  15 0.00  0.0    0  5.2 13 240   M    M   0        17 220
27 102  64  83   9   0  18 0.00  0.0    0  3.8 12 210   M    M   0        15 240
28 101  65  83   9   0  18 0.00  0.0    0  6.2 18 220   M    M   0        25 230
29  86  63  75   1   0  10 0.00  0.0    0  9.9 17 240   M    M   1        23 230
30  90  57  74   0   0   9 0.00  0.0    0  4.7 14 220   M    M   0        21 290
================================================================================
SM 2768 1827         0 354    T      0.0 199.5          M        1
================================================================================
AV 92.3 60.9                               6.6 FASTST   M    M   0    MAX(MPH)
                                 MISC ---->  # 20 230               # 29  220
================================================================================
NOTES:
# LAST OF SEVERAL OCCURRENCES

COLUMN 17 PEAK WIND IN M.P.H.

PRELIMINARY LOCAL CLIMATOLOGICAL DATA (WS FORM: F-6) , PAGE 2

                                          STATION:  SACRAMENTO EXEC. AIRPORT CA
                                          MONTH:    AUGUST
                                          YEAR:     2015
                                          LATITUDE:   38 31 N
                                          LONGITUDE: 121 30 W

[TEMPERATURE DATA]      [PRECIPITATION DATA]       SYMBOLS USED IN COLUMN 16

AVERAGE MONTHLY: 76.6   TOTAL FOR MONTH:      T    1 = FOG OR MIST
DPTR FM NORMAL:   2.0   DPTR FM NORMAL:   -0.05    2 = FOG REDUCING VISIBILITY
HIGHEST:   106 ON 16    GRTST 24HR    T  ON  7- 7      TO 1/4 MILE OR LESS
LOWEST:     57 ON 30                               3 = THUNDER
                        SNOW, ICE PELLETS, HAIL    4 = ICE PELLETS
                        TOTAL MONTH:   0.0 INCH    5 = HAIL
                        GRTST 24HR     0.0         6 = FREEZING RAIN OR DRIZZLE
                        GRTST DEPTH:   0           7 = DUSTSTORM OR SANDSTORM:
                                                       VSBY 1/2 MILE OR LESS
                                                   8 = SMOKE OR HAZE
[NO. OF DAYS WITH]      [WEATHER - DAYS WITH]      9 = BLOWING SNOW
                                                   X = TORNADO
MAX 32 OR BELOW:   0    0.01 INCH OR MORE:   0
MAX 90 OR ABOVE:  21    0.10 INCH OR MORE:   0
MIN 32 OR BELOW:   0    0.50 INCH OR MORE:   0
MIN  0 OR BELOW:   0    1.00 INCH OR MORE:   0

[HDD (BASE 65) ]
TOTAL THIS MO.     0    CLEAR  (SCALE 0-3)  30
DPTR FM NORMAL     0    PTCLDY (SCALE 4-7)   0
TOTAL FM JUL 1     0    CLOUDY (SCALE 8-10)  0
DPTR FM NORMAL    -1

[CDD (BASE 65) ]
TOTAL THIS MO.   354
DPTR FM NORMAL    66    [PRESSURE DATA]
TOTAL FM JAN 1  1167    HIGHEST SLP M ON M
DPTR FM NORMAL   255    LOWEST  SLP 29.73 ON 17

[REMARKS]
