000
CXUS56 KSTO 221355
CF6SAC
PRELIMINARY LOCAL CLIMATOLOGICAL DATA (WS FORM: F-6)

                                          STATION:   SACRAMENTO EXEC. AIRPORT CA
                                          MONTH:     MARCH
                                          YEAR:      2017
                                          LATITUDE:   38 31 N
                                          LONGITUDE: 121 30 W

  TEMPERATURE IN F:       :PCPN:    SNOW:  WIND      :SUNSHINE: SKY     :PK WND
================================================================================
1   2   3   4   5  6A  6B    7    8   9   10  11  12  13   14  15   16   17  18
                                     12Z  AVG MX 2MIN
DY MAX MIN AVG DEP HDD CDD  WTR  SNW DPTH SPD SPD DIR MIN PSBL S-S WX    SPD DR
================================================================================

 1  64  34  49  -4  16   0 0.00  0.0    0  2.4 10 350   M    M   0        13 300
 2  66  35  51  -2  14   0 0.00  0.0    0  1.9  8 280   M    M   0 1      12 290
 3  66  38  52  -1  13   0 0.00  0.0    0  2.3 10 220   M    M   0        14 220
 4  62  47  55   1  10   0 0.12    M    0  9.9 18 230   M    M   4 1      31 190
 5  51  41  46  -8  19   0 0.04  0.0    0 10.6 25 300   M    M   5 1      37 300
 6  54  41  48  -6  17   0 0.03  0.0    0  6.3 15 150   M    M   8 1      20 160
 7  59  35  47  -7  18   0 0.00  0.0    0  1.6  9 280   M    M   4 1      12 320
 8  68  38  53  -1  12   0 0.00  0.0    0  3.5 12 310   M    M   0        16 310
 9  73  42  58   4   7   0 0.00  0.0    0  1.6  8 280   M    M   1 12     11 280
10  72  50  61   7   4   0 0.00  0.0    0  2.3 10 290   M    M   0 18     18 300
11  75  44  60   6   5   0 0.00  0.0    0  1.4  8 220   M    M   0 12     11 220
12  76  49  63   9   2   0 0.00  0.0    0  4.0 13 340   M    M   0        16 310
13  77  44  61   7   4   0 0.00  0.0    0  1.7 10 310   M    M   0        13 290
14  79  48  64  10   1   0 0.00    M    0  2.3  9 240   M    M   0        12 310
15  70  54  62   8   3   0 0.00  0.0    0  6.7 16 210   M    M   2        21 190
16  73  50  62   7   3   0 0.00  0.0    0  3.4 10 260   M    M   1        13 300
17  77  45  61   6   4   0 0.00  0.0    0  1.7  8 230   M    M   0        10 270
18  69  52  61   6   4   0 0.00  0.0    0  5.4 16 250   M    M   2        20 240
19  72  52  62   7   3   0 0.00  0.0    0  4.0 10 230   M    M   0        14 210
20  65  53  59   4   6   0 0.37  0.0    0  7.4 15 120   M    M   5 1      21 130
21  65  51  58   3   7   0 0.93  0.0    0 10.4 23 240   M    M   6 13     28 250
================================================================================
SM 1433  943       172   0  1.49     0.0  90.8          M       38
================================================================================
AV 68.2 44.9                               4.3 FASTST   M    M   2    MAX(MPH)
                                 MISC ---->  # 25 300               # 37  300
================================================================================
NOTES:
# LAST OF SEVERAL OCCURRENCES

COLUMN 17 PEAK WIND IN M.P.H.

PRELIMINARY LOCAL CLIMATOLOGICAL DATA (WS FORM: F-6) , PAGE 2

                                          STATION:  SACRAMENTO EXEC. AIRPORT CA
                                          MONTH:    MARCH
                                          YEAR:     2017
                                          LATITUDE:   38 31 N
                                          LONGITUDE: 121 30 W

[TEMPERATURE DATA]      [PRECIPITATION DATA]       SYMBOLS USED IN COLUMN 16

AVERAGE MONTHLY: 56.6   TOTAL FOR MONTH:   1.49    1 = FOG OR MIST
DPTR FM NORMAL:   2.4   DPTR FM NORMAL:   -0.58    2 = FOG REDUCING VISIBILITY
HIGHEST:    79 ON 14    GRTST 24HR  0.93 ON 21-21      TO 1/4 MILE OR LESS
LOWEST:     34 ON  1                               3 = THUNDER
                        SNOW, ICE PELLETS, HAIL    4 = ICE PELLETS
                        TOTAL MONTH:   0.0 INCH    5 = HAIL
                        GRTST 24HR     0.0         6 = FREEZING RAIN OR DRIZZLE
                        GRTST DEPTH:   0           7 = DUSTSTORM OR SANDSTORM:
                                                       VSBY 1/2 MILE OR LESS
                                                   8 = SMOKE OR HAZE
[NO. OF DAYS WITH]      [WEATHER - DAYS WITH]      9 = BLOWING SNOW
                                                   X = TORNADO
MAX 32 OR BELOW:   0    0.01 INCH OR MORE:   5
MAX 90 OR ABOVE:   0    0.10 INCH OR MORE:   3
MIN 32 OR BELOW:   0    0.50 INCH OR MORE:   1
MIN  0 OR BELOW:   0    1.00 INCH OR MORE:   0

[HDD (BASE 65) ]
TOTAL THIS MO.   172    CLEAR  (SCALE 0-3)  15
DPTR FM NORMAL   -55    PTCLDY (SCALE 4-7)   6
TOTAL FM JUL 1  2060    CLOUDY (SCALE 8-10)  0
DPTR FM NORMAL  -177

[CDD (BASE 65) ]
TOTAL THIS MO.     0
DPTR FM NORMAL     0    [PRESSURE DATA]
TOTAL FM JAN 1     0    HIGHEST SLP M ON M
DPTR FM NORMAL     0    LOWEST  SLP 29.79 ON  5

[REMARKS]
