000
CXUS55 KLOX 191655
CF6SBA
PRELIMINARY LOCAL CLIMATOLOGICAL DATA (WS FORM: F-6)

                                          STATION:   SANTA BARBARA AIRPORT CA
                                          MONTH:     SEPTEMBER
                                          YEAR:      2017
                                          LATITUDE:   34 25 N
                                          LONGITUDE: 119 50 W

  TEMPERATURE IN F:       :PCPN:    SNOW:  WIND      :SUNSHINE: SKY     :PK WND
================================================================================
1   2   3   4   5  6A  6B    7    8   9   10  11  12  13   14  15   16   17  18
                                     12Z  AVG MX 2MIN
DY MAX MIN AVG DEP HDD CDD  WTR  SNW DPTH SPD SPD DIR MIN PSBL S-S WX    SPD DR
================================================================================

 1  87  63  75   9   0  10 0.00  0.0    0  4.4 13 260   M    M   0        16 270
 2  89  68  79  13   0  14 0.00  0.0    0  6.0 16 140   M    M   1        20 140
 3  97  70  84  18   0  19 0.06  0.0    0  4.0 18 140   M    M   2 138    23 140
 4  75  71  73   7   0   8 0.01  0.0    0  6.8 13  90   M    M  10        16 100
 5  79  63  71   5   0   6 0.00  0.0    0  7.2 20 270   M    M   5 18     23 270
 6  77  62  70   4   0   5 0.00  0.0    0  6.3 16 240   M    M   3 1      20 240
 7  80  59  70   4   0   5 0.00  0.0    0  4.8 12  90   M    M   0 18     15  90
 8  77  58  68   2   0   3 0.00  0.0    0  5.9 13  80   M    M   0        16  80
 9  74  58  66   0   0   1 0.00  0.0    0  6.1 13 260   M    M   2         M  M
10  76  56  66   0   0   1 0.13  0.0    0  4.5 22 170   M    M   3 138    30 170
11  82  65  74   8   0   9 0.02  0.0    0  6.6 14 270   M    M   1 13     26 310
12  75  62  69   4   0   4 0.00  0.0    0  7.7 18 260   M    M   4 1       M  M
13  74  62  68   3   0   3 0.00  0.0    0  7.3 17 260   M    M   3        21 270
14  75  59  67   2   0   2 0.00  0.0    0  6.2 18 270   M    M   2        25 270
15  74  56  65   0   0   0 0.00  0.0    0  5.1 17  50   M    M   1        21  40
16  74  53  64  -1   1   0 0.00  0.0    0  4.6 13 260   M    M   0        16 260
17  71  58  65   0   0   0 0.00  0.0    0  4.8 10 260   M    M   6 1       M  M
18  72  54  63  -2   2   0 0.00  0.0    0  5.6 14 110   M    M   4 12     18  90
================================================================================
SM 1408 1097         3  90  0.22     0.0 103.9          M       47
================================================================================
AV 78.2 60.9                               5.8 FASTST   M    M   3    MAX(MPH)
                                 MISC ---->  # 22 170               # 30  170
================================================================================
NOTES:
# LAST OF SEVERAL OCCURRENCES

COLUMN 17 PEAK WIND IN M.P.H.

PRELIMINARY LOCAL CLIMATOLOGICAL DATA (WS FORM: F-6) , PAGE 2

                                          STATION:  SANTA BARBARA AIRPORT CA
                                          MONTH:    SEPTEMBER
                                          YEAR:     2017
                                          LATITUDE:   34 25 N
                                          LONGITUDE: 119 50 W

[TEMPERATURE DATA]      [PRECIPITATION DATA]       SYMBOLS USED IN COLUMN 16

AVERAGE MONTHLY: 69.6   TOTAL FOR MONTH:   0.22    1 = FOG OR MIST
DPTR FM NORMAL:   4.0   DPTR FM NORMAL:    0.13    2 = FOG REDUCING VISIBILITY
HIGHEST:    97 ON  3    GRTST 24HR  0.13 ON 10-10      TO 1/4 MILE OR LESS
LOWEST:     53 ON 16                               3 = THUNDER
                        SNOW, ICE PELLETS, HAIL    4 = ICE PELLETS
                        TOTAL MONTH:   0.0 INCH    5 = HAIL
                        GRTST 24HR     0.0         6 = FREEZING RAIN OR DRIZZLE
                        GRTST DEPTH:   0           7 = DUSTSTORM OR SANDSTORM:
                                                       VSBY 1/2 MILE OR LESS
                                                   8 = SMOKE OR HAZE
[NO. OF DAYS WITH]      [WEATHER - DAYS WITH]      9 = BLOWING SNOW
                                                   X = TORNADO
MAX 32 OR BELOW:   0    0.01 INCH OR MORE:   4
MAX 90 OR ABOVE:   1    0.10 INCH OR MORE:   1
MIN 32 OR BELOW:   0    0.50 INCH OR MORE:   0
MIN  0 OR BELOW:   0    1.00 INCH OR MORE:   0

[HDD (BASE 65) ]
TOTAL THIS MO.     3    CLEAR  (SCALE 0-3)  11
DPTR FM NORMAL   -15    PTCLDY (SCALE 4-7)   6
TOTAL FM JUL 1    14    CLOUDY (SCALE 8-10)  1
DPTR FM NORMAL   -55

[CDD (BASE 65) ]
TOTAL THIS MO.    90
DPTR FM NORMAL    57    [PRESSURE DATA]
TOTAL FM JAN 1   315    HIGHEST SLP M ON M
DPTR FM NORMAL   155    LOWEST  SLP 29.67 ON  1

[REMARKS]
