000
CXUS55 KLOX 261655
CF6SBA
PRELIMINARY LOCAL CLIMATOLOGICAL DATA (WS FORM: F-6)

                                          STATION:   SANTA BARBARA AIRPORT CA
                                          MONTH:     MARCH
                                          YEAR:      2015
                                          LATITUDE:   34 25 N
                                          LONGITUDE: 119 50 W

  TEMPERATURE IN F:       :PCPN:    SNOW:  WIND      :SUNSHINE: SKY     :PK WND
================================================================================
1   2   3   4   5  6A  6B    7    8   9   10  11  12  13   14  15   16   17  18
                                     12Z  AVG MX 2MIN
DY MAX MIN AVG DEP HDD CDD  WTR  SNW DPTH SPD SPD DIR MIN PSBL S-S WX    SPD DR
================================================================================

 1  63  47  55   0  10   0 0.20    M    0  4.8 14 270   M    M   5 13     17 270
 2  60  45  53  -2  12   0 0.09    M    0  3.6 12 360   M    M   5 18     14  30
 3  65  42  54  -1  11   0 0.00  0.0    0  4.1 12 220   M    M   1        19 200
 4  69  42  56   1   9   0 0.00  0.0    0  3.3 10 250   M    M   1        13 250
 5  73  40  57   2   8   0 0.00  0.0    0  2.9 10 260   M    M   0        13 270
 6  78  39  59   4   6   0 0.00  0.0    0  3.2 14 270   M    M   0        18 260
 7  82  41  62   7   3   0    T    M    0  3.4 15 260   M    M   0        17 250
 8  67  45  56   1   9   0 0.00  0.0    0  4.3 16 140   M    M   0        32 110
 9  64  46  55   0  10   0 0.00  0.0    0  4.5 14 240   M    M   3 18     16 250
10  67  53  60   5   5   0 0.00  0.0    0  5.9 14 270   M    M   7 128    16 270
11  67  52  60   5   5   0 0.01  0.0    0  3.5 17  50   M    M   4 18     26 330
12  80  49  65  10   0   0 0.00  0.0    0  4.7 15  30   M    M   0        18  20
13  84  50  67  12   0   2 0.00  0.0    0  3.8  9 260   M    M   0        12 260
14  88  53  71  16   0   6 0.00  0.0    0  3.4  8 170   M    M   0        11 150
15  85  56  71  15   0   6 0.00  0.0    0  3.3 12 260   M    M   2        15 240
16  81  54  68  12   0   3 0.00  0.0    0  2.8 12 250   M    M   1        15 250
17  75  56  66  10   0   1 0.00  0.0    0  3.7 10  90   M    M   5        12 140
18  71  57  64   8   1   0 0.00  0.0    0  4.4 12 220   M    M   3        15 220
19  69  52  61   5   4   0 0.00  0.0    0  4.8 16 260   M    M   2 8      20 260
20  69  55  62   6   3   0 0.00  0.0    0  6.1 17 260   M    M   4 18     21 260
21  69  51  60   4   5   0 0.00  0.0    0  5.8 15 260   M    M   3 1      18 260
22  69  51  60   4   5   0 0.00  0.0    0  5.2 23 270   M    M   4        29 280
23  77  49  63   7   2   0 0.00  0.0    0  7.7 25 260   M    M   1        38 270
24  84  57  71  15   0   6 0.00  0.0    0 12.8 28  20   M    M   1        35 340
25  80  57  69  13   0   4 0.00  0.0    0  5.8 15 250   M    M   0        19 230
================================================================================
SM 1836 1239       108  28  0.30     0.0 117.8          M       52
================================================================================
AV 73.4 49.6                               4.7 FASTST   M    M   2    MAX(MPH)
                                 MISC ---->  # 28  20               # 38  270
================================================================================
NOTES:
# LAST OF SEVERAL OCCURRENCES

COLUMN 17 PEAK WIND IN M.P.H.

PRELIMINARY LOCAL CLIMATOLOGICAL DATA (WS FORM: F-6) , PAGE 2

                                          STATION:  SANTA BARBARA AIRPORT CA
                                          MONTH:    MARCH
                                          YEAR:     2015
                                          LATITUDE:   34 25 N
                                          LONGITUDE: 119 50 W

[TEMPERATURE DATA]      [PRECIPITATION DATA]       SYMBOLS USED IN COLUMN 16

AVERAGE MONTHLY: 61.5   TOTAL FOR MONTH:   0.30    1 = FOG OR MIST
DPTR FM NORMAL:   6.1   DPTR FM NORMAL:   -2.44    2 = FOG REDUCING VISIBILITY
HIGHEST:    88 ON 14    GRTST 24HR  0.20 ON  1- 1      TO 1/4 MILE OR LESS
LOWEST:     39 ON  6                               3 = THUNDER
                        SNOW, ICE PELLETS, HAIL    4 = ICE PELLETS
                        TOTAL MONTH:   0.0 INCH    5 = HAIL
                        GRTST 24HR     0.0         6 = FREEZING RAIN OR DRIZZLE
                        GRTST DEPTH:   0           7 = DUSTSTORM OR SANDSTORM:
                                                       VSBY 1/2 MILE OR LESS
                                                   8 = SMOKE OR HAZE
[NO. OF DAYS WITH]      [WEATHER - DAYS WITH]      9 = BLOWING SNOW
                                                   X = TORNADO
MAX 32 OR BELOW:   0    0.01 INCH OR MORE:   3
MAX 90 OR ABOVE:   0    0.10 INCH OR MORE:   1
MIN 32 OR BELOW:   0    0.50 INCH OR MORE:   0
MIN  0 OR BELOW:   0    1.00 INCH OR MORE:   0

[HDD (BASE 65) ]
TOTAL THIS MO.   108    CLEAR  (SCALE 0-3)  17
DPTR FM NORMAL  -133    PTCLDY (SCALE 4-7)   8
TOTAL FM JUL 1   933    CLOUDY (SCALE 8-10)  0
DPTR FM NORMAL  -909

[CDD (BASE 65) ]
TOTAL THIS MO.    28
DPTR FM NORMAL    28    [PRESSURE DATA]
TOTAL FM JAN 1    28    HIGHEST SLP M ON M
DPTR FM NORMAL    28    LOWEST  SLP 29.82 ON  9

[REMARKS]
