000
CXUS55 KLOX 261655
CF6SDB
PRELIMINARY LOCAL CLIMATOLOGICAL DATA (WS FORM: F-6)

                                          STATION:   SANDBERG CA
                                          MONTH:     FEBRUARY
                                          YEAR:      2015
                                          LATITUDE:   34 45 N
                                          LONGITUDE: 118 44 W

  TEMPERATURE IN F:       :PCPN:    SNOW:  WIND      :SUNSHINE: SKY     :PK WND
================================================================================
1   2   3   4   5  6A  6B    7    8   9   10  11  12  13   14  15   16   17  18
                                     12Z  AVG MX 2MIN
DY MAX MIN AVG DEP HDD CDD  WTR  SNW DPTH SPD SPD DIR MIN PSBL S-S WX    SPD DR
================================================================================

 1  65  49  57  14   8   0 0.00  0.0    0  7.9 18 320   M    M   0        22 320
 2  71  52  62  19   3   0 0.00  0.0    0 11.4 29 340   M    M   0        35 350
 3  71  54  63  20   2   0 0.00  0.0    0 13.4 25 330   M    M   0        30 340
 4  74  58  66  23   0   1 0.00  0.0    0  8.5 15 340   M    M   0        17 350
 5  73  55  64  21   1   0 0.00  0.0    0 10.5 20 220   M    M   0        24 150
 6  65  50  58  15   7   0 0.00  0.0    0 15.9 31 200   M    M   0        41 200
 7  54  47  51   8  14   0    T    M    0 10.9 20 190   M    M   7 128    26 190
 8  66  47  57  14   8   0 0.01    M    0 10.2 20 200   M    M   4 128    25 220
 9  58  46  52   9  13   0 0.00  0.0    M 15.0 31 350   M    M   3 128    40 350
10  62  42  52   9  13   0 0.00  0.0    0 19.1 38 340   M    M   1 128    46 340
11  63  51  57  14   8   0 0.00  0.0    0 21.9 33  80   M    M   0        39  70
12  66  51  59  15   6   0 0.00  0.0    0 19.3 32  80   M    M   0        40  70
13  72  54  63  19   2   0 0.00  0.0    0 13.1 21  70   M    M   0        25 120
14  75  56  66  22   0   1 0.00  0.0    0  7.5 23 330   M    M   0        27 330
15  75  56  66  22   0   1 0.00  0.0    0  9.1 18 340   M    M   0        23 330
16  74  55  65  21   0   0 0.00  0.0    0 10.2 21 340   M    M   0 8      26 350
17  69  53  61  17   4   0 0.00  0.0    0  9.4 22  80   M    M   0        27  70
18  71  55  63  19   2   0 0.00  0.0    0  7.4 14 190   M    M   0        18  80
19  72  52  62  18   3   0 0.00  0.0    0  8.7 15 180   M    M   0        21 180
20  66  51  59  15   6   0 0.00  0.0    0   M   M   M   M    M   0         M  M
21  52  42  47   3  18   0 0.00    M    M   M   M   M   M    M   M         M  M
22  44  34  39  -5  26   0 0.09    M    M   M   M   M   M    M   M         M  M
23  45  35  40  -4  25   0 0.03    M    M 12.7 21 110   M    M   8 128    28 120
24  53  35  44  -1  21   0 0.00  0.0    0 15.4 28 330   M    M   1 128    34 330
25  66  44  55  10  10   0 0.00  0.0    0 14.4 36 330   M    M   0        42 330
================================================================================
SM 1622 1224       200   3  0.13     0.0 271.9          M       24
================================================================================
AV 64.9 49.0                              12.4 FASTST   M    M   1    MAX(MPH)
                                 MISC ---->    38   M                 46    M
================================================================================
NOTES:
# LAST OF SEVERAL OCCURRENCES

COLUMN 17 PEAK WIND IN M.P.H.

PRELIMINARY LOCAL CLIMATOLOGICAL DATA (WS FORM: F-6) , PAGE 2

                                          STATION:  SANDBERG CA
                                          MONTH:    FEBRUARY
                                          YEAR:     2015
                                          LATITUDE:   34 45 N
                                          LONGITUDE: 118 44 W

[TEMPERATURE DATA]      [PRECIPITATION DATA]       SYMBOLS USED IN COLUMN 16

AVERAGE MONTHLY: 56.9   TOTAL FOR MONTH:   0.13    1 = FOG OR MIST
DPTR FM NORMAL:  13.3   DPTR FM NORMAL:   -2.73    2 = FOG REDUCING VISIBILITY
HIGHEST:    75 ON 15,14 GRTST 24HR  0.09 ON 22-22      TO 1/4 MILE OR LESS
LOWEST:     34 ON 22                               3 = THUNDER
                        SNOW, ICE PELLETS, HAIL    4 = ICE PELLETS
                        TOTAL MONTH:   0.0 INCH    5 = HAIL
                        GRTST 24HR     0.0         6 = FREEZING RAIN OR DRIZZLE
                        GRTST DEPTH:   0           7 = DUSTSTORM OR SANDSTORM:
                                                       VSBY 1/2 MILE OR LESS
                                                   8 = SMOKE OR HAZE
[NO. OF DAYS WITH]      [WEATHER - DAYS WITH]      9 = BLOWING SNOW
                                                   X = TORNADO
MAX 32 OR BELOW:   0    0.01 INCH OR MORE:   3
MAX 90 OR ABOVE:   0    0.10 INCH OR MORE:   0
MIN 32 OR BELOW:   0    0.50 INCH OR MORE:   0
MIN  0 OR BELOW:   0    1.00 INCH OR MORE:   0

[HDD (BASE 65) ]
TOTAL THIS MO.   200    CLEAR  (SCALE 0-3)  20
DPTR FM NORMAL  -335    PTCLDY (SCALE 4-7)   3
TOTAL FM JUL 1  1580    CLOUDY (SCALE 8-10)  0
DPTR FM NORMAL -1120

[CDD (BASE 65) ]
TOTAL THIS MO.     3
DPTR FM NORMAL     3    [PRESSURE DATA]
TOTAL FM JAN 1     3    HIGHEST SLP M ON M
DPTR FM NORMAL     3    LOWEST  SLP 29.79 ON 22

[REMARKS]
