000
CXUS53 KLMK 300800
CF6SDF
PRELIMINARY LOCAL CLIMATOLOGICAL DATA (WS FORM: F-6)

                                          STATION:   LOUISVILLE KY
                                          MONTH:     APRIL
                                          YEAR:      2016
                                          LATITUDE:   38 10 N
                                          LONGITUDE:  85 44 W

  TEMPERATURE IN F:       :PCPN:    SNOW:  WIND      :SUNSHINE: SKY     :PK WND
================================================================================
1   2   3   4   5  6A  6B    7    8   9   10  11  12  13   14  15   16   17  18
                                     12Z  AVG MX 2MIN
DY MAX MIN AVG DEP HDD CDD  WTR  SNW DPTH SPD SPD DIR MIN PSBL S-S WX    SPD DR
================================================================================

 1  65  49  57   4   8   0    T  0.0    0 11.4 26 260   M    M   7        37 260
 2  59  40  50  -4  15   0 0.00  0.0    0 17.6 40 290   M    M   4        57 280
 3  65  34  50  -4  15   0 0.00  0.0    0  9.4 15 210   M    M   0        30 250
 4  74  39  57   3   8   0    T  0.0    0 17.6 28 350   M    M   4        37 250
 5  53  33  43 -12  22   0 0.00  0.0    0  8.4 18 360   M    M   4        23 360
 6  69  40  55   0  10   0    T  0.0    0 15.5 33 290   M    M   9        45 250
 7  52  41  47  -8  18   0    T  0.0    0 15.4 29 270   M    M   9        36 260
 8  51  36  44 -12  21   0 0.12  0.0    0 10.2 29 290   M    M   6        35 280
 9  49  33  41 -15  24   0 0.00  0.0    0 10.3 18 350   M    M   4        24 280
10  64  36  50  -6  15   0 0.02  0.0    0 12.2 22 180   M    M   9        30 180
11  67  46  57   0   8   0 0.82  0.0    0 12.2 30 200   M    M   9 13     40 190
12  58  37  48  -9  17   0 0.00  0.0    0  7.1 17  10   M    M   1        23  20
13  67  41  54  -3  11   0 0.00  0.0    0  8.1 14  70   M    M   2        29  90
14  75  44  60   2   5   0 0.00  0.0    0  6.5 13  60   M    M   3        17  80
15  79  52  66   8   0   1 0.00  0.0    0  4.1 12 100   M    M   4        14  70
16  79  56  68  10   0   3 0.00  0.0    0  4.1 16  80   M    M   1        20 120
17  84  52  68   9   0   3 0.00  0.0    0  1.1 10  80   M    M   0        14  40
18  87  54  71  12   0   6 0.00  0.0    0  1.6  9 270   M    M   5 8      13 270
19  86  58  72  13   0   7 0.00  0.0    0  2.9 14 270   M    M   8 8      17 270
20  86  61  74  14   0   9    T  0.0    0  6.6 21 300   M    M   6        25 290
21  74  59  67   7   0   2 0.28  0.0    0  8.5 22 250   M    M   9 13     30 280
22  70  56  63   3   2   0 0.30  0.0    0  7.1 18  30   M    M   6 13     22  40
23  71  55  63   3   2   0 0.00  0.0    0  6.1 14 360   M    M   5 18     18  10
24  80  51  66   5   0   1 0.00  0.0    0  5.1 14 140   M    M   2        23  90
25  84  58  71  10   0   6 0.00  0.0    0  9.7 24 230   M    M   4        32 250
26  86  63  75  14   0  10 0.33  0.0    0  8.2 38 270   M    M   7 13     45 270
27  72  62  67   5   0   2 0.75  0.0    0  6.0 28 250   M    M   8 13     35 250
28  80  62  71   9   0   6 0.02  0.0    0 10.3 25 250   M    M   5 1      32 260
29  72  56  64   2   1   0 0.00  0.0    0  5.0 13  50   M    M   7        17  40
================================================================================
SM 2058 1404       202  56  2.64     0.0 248.3          M      148
================================================================================
AV 71.0 48.4                               8.6 FASTST   M    M   5    MAX(MPH)
                                 MISC ---->  # 40 290               # 57  280
================================================================================
NOTES:
# LAST OF SEVERAL OCCURRENCES

COLUMN 17 PEAK WIND IN M.P.H.

PRELIMINARY LOCAL CLIMATOLOGICAL DATA (WS FORM: F-6) , PAGE 2

                                          STATION:  LOUISVILLE KY
                                          MONTH:    APRIL
                                          YEAR:     2016
                                          LATITUDE:   38 10 N
                                          LONGITUDE:  85 44 W

[TEMPERATURE DATA]      [PRECIPITATION DATA]       SYMBOLS USED IN COLUMN 16

AVERAGE MONTHLY: 59.7   TOTAL FOR MONTH:   2.64    1 = FOG OR MIST
DPTR FM NORMAL:   1.8   DPTR FM NORMAL:   -1.22    2 = FOG REDUCING VISIBILITY
HIGHEST:    87 ON 18    GRTST 24HR  1.20 ON 31- 1      TO 1/4 MILE OR LESS
LOWEST:     33 ON  9, 5                            3 = THUNDER
                        SNOW, ICE PELLETS, HAIL    4 = ICE PELLETS
                        TOTAL MONTH:   0.0 INCH    5 = HAIL
                        GRTST 24HR     0.0         6 = FREEZING RAIN OR DRIZZLE
                        GRTST DEPTH:   0           7 = DUSTSTORM OR SANDSTORM:
                                                       VSBY 1/2 MILE OR LESS
                                                   8 = SMOKE OR HAZE
[NO. OF DAYS WITH]      [WEATHER - DAYS WITH]      9 = BLOWING SNOW
                                                   X = TORNADO
MAX 32 OR BELOW:   0    0.01 INCH OR MORE:   8
MAX 90 OR ABOVE:   0    0.10 INCH OR MORE:   6
MIN 32 OR BELOW:   0    0.50 INCH OR MORE:   2
MIN  0 OR BELOW:   0    1.00 INCH OR MORE:   0

[HDD (BASE 65) ]
TOTAL THIS MO.   202    CLEAR  (SCALE 0-3)   7
DPTR FM NORMAL   -39    PTCLDY (SCALE 4-7)  16
TOTAL FM JUL 1  3160    CLOUDY (SCALE 8-10)  6
DPTR FM NORMAL  -860

[CDD (BASE 65) ]
TOTAL THIS MO.    56
DPTR FM NORMAL    17    [PRESSURE DATA]
TOTAL FM JAN 1    63    HIGHEST SLP M ON M
DPTR FM NORMAL    18    LOWEST  SLP 29.62 ON  7

[REMARKS]
