000
CXUS53 KLMK 250800
CF6SDF
PRELIMINARY LOCAL CLIMATOLOGICAL DATA (WS FORM: F-6)

                                          STATION:   LOUISVILLE KY
                                          MONTH:     FEBRUARY
                                          YEAR:      2018
                                          LATITUDE:   38 10 N
                                          LONGITUDE:  85 44 W

  TEMPERATURE IN F:       :PCPN:    SNOW:  WIND      :SUNSHINE: SKY     :PK WND
================================================================================
1   2   3   4   5  6A  6B    7    8   9   10  11  12  13   14  15   16   17  18
                                     12Z  AVG MX 2MIN
DY MAX MIN AVG DEP HDD CDD  WTR  SNW DPTH SPD SPD DIR MIN PSBL S-S WX    SPD DR
================================================================================

 1  50  23  37   1  28   0 0.12  0.1    0 10.2 20 330   M    M  10 1      29 300
 2  28  14  21 -15  44   0 0.00  0.0    T  8.0 20 330   M    M   3        25 310
 3  43  17  30  -6  35   0 0.00  0.0    0  8.4 17 130   M    M   9        24 200
 4  44  24  34  -2  31   0 0.17  0.2    0 10.8 29 200   M    M  10 1      40 210
 5  32  20  26 -11  39   0    T    T    0  5.3 17 320   M    M   9        21 320
 6  38  31  35  -2  30   0 0.07    T    0  5.7 13 100   M    M   9 14     18 100
 7  34  25  30  -7  35   0 0.70  0.0    0 10.0 17 340   M    M  10 168    22 340
 8  37  19  28  -9  37   0 0.00  0.0    0  4.2 12 210   M    M   4 18     15 320
 9  60  28  44   7  21   0 0.00  0.0    0  5.9 17 200   M    M   9        23 210
10  49  38  44   6  21   0 0.11  0.0    0  6.1 14 360   M    M  10 1      18 350
11  42  30  36  -2  29   0 0.57  0.1    0  7.9 17 280   M    M  10 146    23 280
12  45  24  35  -3  30   0    T    T    0  9.9 17 360   M    M   5 46     24  30
13  49  28  39   1  26   0 0.00  0.0    0  5.8 12 170   M    M   5        16 170
14  63  43  53  15  12   0 0.44  0.0    0  9.2 20 200   M    M  10 1      29 200
15  74  62  68  29   0   3 0.04  0.0    0 14.1 25 240   M    M   9 1      36 210
16  71  38  55  16  10   0 0.82  0.0    0 11.4 30 340   M    M  10 18     43 340
17  41  33  37  -2  28   0 0.31  0.4    0  5.6 20 270   M    M   9 1      26 270
18  52  30  41   1  24   0 0.00  0.0    0  4.9 15 130   M    M   7 1      22 280
19  78  48  63  23   2   0    T  0.0    0 14.7 32 210   M    M   9        45 200
20  82  66  74  34   0   9 0.00  0.0    0 16.7 29 220   M    M   9        44 220
21  72  45  59  19   6   0 0.86  0.0    0 10.7 30 290   M    M   9 1      40 300
22  51  43  47   6  18   0 1.51  0.0    0  7.0 16  30   M    M  10 1      23  30
23  68  49  59  18   6   0 1.66  0.0    0  7.7 18 230   M    M   8 13     25 210
24  64  51  58  17   7   0 2.98  0.0    0  9.1 29 280   M    M   9 13     43 290
================================================================================
SM 1267  829       519  12 10.36     0.8 209.3          M      202
================================================================================
AV 52.8 34.5                               8.7 FASTST   M    M   8    MAX(MPH)
                                 MISC ---->  # 32 210               # 45  200
================================================================================
NOTES:
# LAST OF SEVERAL OCCURRENCES

COLUMN 17 PEAK WIND IN M.P.H.

PRELIMINARY LOCAL CLIMATOLOGICAL DATA (WS FORM: F-6) , PAGE 2

                                          STATION:  LOUISVILLE KY
                                          MONTH:    FEBRUARY
                                          YEAR:     2018
                                          LATITUDE:   38 10 N
                                          LONGITUDE:  85 44 W

[TEMPERATURE DATA]      [PRECIPITATION DATA]       SYMBOLS USED IN COLUMN 16

AVERAGE MONTHLY: 43.7   TOTAL FOR MONTH:  10.36    1 = FOG OR MIST
DPTR FM NORMAL:   5.4   DPTR FM NORMAL:    7.64    2 = FOG REDUCING VISIBILITY
HIGHEST:    82 ON 20    GRTST 24HR  2.98 ON 24-24      TO 1/4 MILE OR LESS
LOWEST:     14 ON  2                               3 = THUNDER
                        SNOW, ICE PELLETS, HAIL    4 = ICE PELLETS
                        TOTAL MONTH:   0.8 INCH    5 = HAIL
                        GRTST 24HR   0.4 ON 17-17  6 = FREEZING RAIN OR DRIZZLE
                        GRTST DEPTH:   T           7 = DUSTSTORM OR SANDSTORM:
                                                       VSBY 1/2 MILE OR LESS
                                                   8 = SMOKE OR HAZE
[NO. OF DAYS WITH]      [WEATHER - DAYS WITH]      9 = BLOWING SNOW
                                                   X = TORNADO
MAX 32 OR BELOW:   2    0.01 INCH OR MORE:  14
MAX 90 OR ABOVE:   0    0.10 INCH OR MORE:  12
MIN 32 OR BELOW:  13    0.50 INCH OR MORE:   7
MIN  0 OR BELOW:   0    1.00 INCH OR MORE:   3

[HDD (BASE 65) ]
TOTAL THIS MO.   519    CLEAR  (SCALE 0-3)   1
DPTR FM NORMAL  -121    PTCLDY (SCALE 4-7)   5
TOTAL FM JUL 1  3041    CLOUDY (SCALE 8-10) 18
DPTR FM NORMAL  -108

[CDD (BASE 65) ]
TOTAL THIS MO.    12
DPTR FM NORMAL    12    [PRESSURE DATA]
TOTAL FM JAN 1    12    HIGHEST SLP M ON M
DPTR FM NORMAL    12    LOWEST  SLP 29.77 ON M

[REMARKS]
