162
CXUS54 KFWD 280730
CF6SEP
PRELIMINARY LOCAL CLIMATOLOGICAL DATA (WS FORM: F-6)

                                          STATION:   STEPHENVILLE
                                          MONTH:     APRIL
                                          YEAR:      2017
                                          LATITUDE:   32 13 N
                                          LONGITUDE:  98 11 W

  TEMPERATURE IN F:       :PCPN:    SNOW:  WIND      :SUNSHINE: SKY     :PK WND
================================================================================
1   2   3   4   5  6A  6B    7    8   9   10  11  12  13   14  15   16   17  18
                                     12Z  AVG MX 2MIN
DY MAX MIN AVG DEP HDD CDD  WTR  SNW DPTH SPD SPD DIR MIN PSBL S-S WX    SPD DR
================================================================================

 1  72  58  65   6   0   0 0.02  0.0    0  8.6 15 130   M    M   8        21 140
 2  66  53  60   0   5   0 0.90  0.0    0  8.5 14  30   M    M   9        28  30
 3  81  48  65   5   0   0 0.00  0.0    0  5.0 12 270   M    M   0        18 260
 4  85  52  69   9   0   4 0.00  0.0    0  8.4 20 310   M    M   0        29 200
 5  69  46  58  -2   7   0 0.00  0.0    0 14.1 24 320   M    M   1        30 320
 6  74  41  58  -3   7   0 0.00  0.0    0  1.5  8 160   M    M   0         M  M
 7  78  46  62   1   3   0 0.00  0.0    0  5.7 15 180   M    M   0        22 180
 8  82  56  69   8   0   4 0.00  0.0    0 13.3 22 210   M    M   0        28 190
 9  82  65  74  12   0   9 0.00  0.0    0 14.5 18 200   M    M   4        28 190
10  77  65  71   9   0   6 0.01  0.0    0  8.3 14 190   M    M   6        22 190
11  75  55  65   3   0   0 0.26  0.0    0  6.5 13  40   M    M   7        17  40
12  71  61  66   4   0   1 0.00  0.0    0  4.3 12 120   M    M   9         M  M
13  78  63  71   8   0   6 0.58  0.0    0  5.2 13 180   M    M   9        20 170
14  78  60  69   6   0   4 0.03  0.0    0  7.1 14 180   M    M   6        21 180
15  80  63  72   9   0   7 0.00  0.0    0   M   M   M   M    M   M         M  M
16  74  65  70   6   0   5 0.00  0.0    0  6.5 16 160   M    M   6        21 160
17  80  58  69   5   0   4 0.95  0.0    0  2.5  9  30   M    M   4 3      17  30
18  78  55  67   3   0   2 0.00  0.0    0  1.9  8 130   M    M   5         M  M
19  81  64  73   9   0   8 0.00  0.0    0  6.9 14 170   M    M   6        18 160
20  83  64  74   9   0   9 0.00  0.0    0  8.0 13 190   M    M   4        21 190
21  85  60  73   8   0   8 0.19  0.0    0  8.6 20 180   M    M   5 3      27 200
22  64  51  58  -7   7   0 0.00  0.0    0 13.5 21 360   M    M   8        28 360
23  72  46  59  -7   6   0 0.00  0.0    0  3.0 12 350   M    M   0        18 350
24  78  45  62  -4   3   0 0.00  0.0    0  6.1 16 160   M    M   0        22 160
25  89  57  73   7   0   8 0.00  0.0    0 10.2 15 170   M    M   0        23 160
26  74  46  60  -6   5   0 0.00  0.0    0  9.4 21 310   M    M   3        31 310
27  80  44  62  -5   3   0 0.00  0.0    0  8.1 18 160   M    M   0        25 160
================================================================================
SM 2086 1487        46  85  2.94     0.0 195.7          M      100
================================================================================
AV 77.3 55.1                               7.5 FASTST   M    M   4    MAX(MPH)
                                 MISC ---->  # 24 320               # 31  310
================================================================================
NOTES:
# LAST OF SEVERAL OCCURRENCES

COLUMN 17 PEAK WIND IN M.P.H.

PRELIMINARY LOCAL CLIMATOLOGICAL DATA (WS FORM: F-6) , PAGE 2

                                          STATION:  STEPHENVILLE
                                          MONTH:    APRIL
                                          YEAR:     2017
                                          LATITUDE:   32 13 N
                                          LONGITUDE:  98 11 W

[TEMPERATURE DATA]      [PRECIPITATION DATA]       SYMBOLS USED IN COLUMN 16

AVERAGE MONTHLY: 66.2   TOTAL FOR MONTH:   2.94    1 = FOG OR MIST
DPTR FM NORMAL:   3.2   DPTR FM NORMAL:    0.74    2 = FOG REDUCING VISIBILITY
HIGHEST:    89 ON 25    GRTST 24HR  0.95 ON 17-17      TO 1/4 MILE OR LESS
LOWEST:     41 ON  6                               3 = THUNDER
                        SNOW, ICE PELLETS, HAIL    4 = ICE PELLETS
                        TOTAL MONTH:   0.0 INCH    5 = HAIL
                        GRTST 24HR     0.0         6 = FREEZING RAIN OR DRIZZLE
                        GRTST DEPTH:   0           7 = DUSTSTORM OR SANDSTORM:
                                                       VSBY 1/2 MILE OR LESS
                                                   8 = SMOKE OR HAZE
[NO. OF DAYS WITH]      [WEATHER - DAYS WITH]      9 = BLOWING SNOW
                                                   X = TORNADO
MAX 32 OR BELOW:   0    0.01 INCH OR MORE:   8
MAX 90 OR ABOVE:   0    0.10 INCH OR MORE:   5
MIN 32 OR BELOW:   0    0.50 INCH OR MORE:   3
MIN  0 OR BELOW:   0    1.00 INCH OR MORE:   0

[HDD (BASE 65) ]
TOTAL THIS MO.    46    CLEAR  (SCALE 0-3)  10
DPTR FM NORMAL   -70    PTCLDY (SCALE 4-7)  13
TOTAL FM JUL 1  1540    CLOUDY (SCALE 8-10)  3
DPTR FM NORMAL -1152

[CDD (BASE 65) ]
TOTAL THIS MO.    85
DPTR FM NORMAL    24    [PRESSURE DATA]
TOTAL FM JAN 1   201    HIGHEST SLP M ON M
DPTR FM NORMAL   120    LOWEST  SLP M ON M

[REMARKS]
