000
CXUS55 KSEW 290930
CF6SEW
PRELIMINARY LOCAL CLIMATOLOGICAL DATA (WS FORM: F-6)

                                          STATION:   SEATTLE WA WFO
                                          MONTH:     AUGUST
                                          YEAR:      2015
                                          LATITUDE:   47 41 N
                                          LONGITUDE: 122 15 W

  TEMPERATURE IN F:       :PCPN:    SNOW:  WIND      :SUNSHINE: SKY     :PK WND
================================================================================
1   2   3   4   5  6A  6B    7    8   9   10  11  12  13   14  15   16   17  18
                                     12Z  AVG MX 2MIN
DY MAX MIN AVG DEP HDD CDD  WTR  SNW DPTH SPD SPD DIR MIN PSBL S-S WX    SPD DR
================================================================================

 1  89  60  75   8   0  10 0.00  0.0    0   M   M   M   M    M   M         M  M
 2  87  61  74   7   0   9    T  0.0    0   M   M   M   M    M   M         M  M
 3  82  62  72   5   0   7 0.00  0.0    0   M   M   M   M    M   M         M  M
 4  77  60  69   2   0   4 0.00  0.0    0   M   M   M   M    M   M         M  M
 5  70  58  64  -3   1   0 0.03  0.0    0   M   M   M   M    M   M 1       M  M
 6  78  59  69   2   0   4 0.00  0.0    0   M   M   M   M    M   M         M  M
 7  80  57  69   2   0   4 0.00  0.0    0   M   M   M   M    M   M         M  M
 8  80  59  70   3   0   5    T  0.0    0   M   M   M   M    M   M         M  M
 9  82  62  72   5   0   7 0.00  0.0    0   M   M   M   M    M   M         M  M
10  82  62  72   5   0   7    T  0.0    0   M   M   M   M    M   M         M  M
11  84  62  73   6   0   8 0.00  0.0    0   M   M   M   M    M   M         M  M
12  83  63  73   6   0   8 0.15  0.0    0   M   M   M   M    M   M 3       M  M
13  82  60  71   4   0   6 0.00  0.0    0   M   M   M   M    M   M         M  M
14  66  59  63  -4   2   0 0.90  0.0    0   M   M   M   M    M   M 3       M  M
15  70  59  65  -2   0   0 0.06  0.0    0   M   M   M   M    M   M         M  M
16  76  56  66  -1   0   1 0.00  0.0    0   M   M   M   M    M   M         M  M
17  81  56  69   2   0   4 0.00  0.0    0   M   M   M   M    M   M         M  M
18  84  58  71   4   0   6 0.00  0.0    0   M   M   M   M    M   M         M  M
19  89  59  74   8   0   9 0.00  0.0    0   M   M   M   M    M   M         M  M
20  74  59  67   1   0   2    T  0.0    0   M   M   M   M    M   M 1       M  M
21  73  57  65  -1   0   0 0.00  0.0    0   M   M   M   M    M   M         M  M
22  78  55  67   1   0   2 0.00  0.0    0   M   M   M   M    M   M 8       M  M
23  82  56  69   3   0   4 0.00  0.0    0   M   M   M   M    M   M 8       M  M
24  75  53  64  -2   1   0 0.00  0.0    0   M   M   M   M    M   M         M  M
25  77  51  64  -2   1   0 0.00  0.0    0   M   M   M   M    M   M         M  M
26  82  55  69   3   0   4 0.00  0.0    0   M   M   M   M    M   M         M  M
27  84  58  71   5   0   6 0.00  0.0    0   M   M   M   M    M   M         M  M
28  74  61  68   3   0   3 0.01  0.0    0   M   M   M   M    M   M         M  M
================================================================================
SM 2221 1637         5 120  1.15     0.0     M          M        M
================================================================================
AV 79.3 58.5                                 M FASTST   M    M   5    MAX(MPH)
                                 MISC ---->     M   M                  M    M
================================================================================
NOTES:
# LAST OF SEVERAL OCCURRENCES

COLUMN 17 PEAK WIND IN M.P.H.

PRELIMINARY LOCAL CLIMATOLOGICAL DATA (WS FORM: F-6) , PAGE 2

                                          STATION:  SEATTLE WA WFO
                                          MONTH:    AUGUST
                                          YEAR:     2015
                                          LATITUDE:   47 41 N
                                          LONGITUDE: 122 15 W

[TEMPERATURE DATA]      [PRECIPITATION DATA]       SYMBOLS USED IN COLUMN 16

AVERAGE MONTHLY: 68.9   TOTAL FOR MONTH:   1.15    1 = FOG OR MIST
DPTR FM NORMAL:   2.3   DPTR FM NORMAL:    0.30    2 = FOG REDUCING VISIBILITY
HIGHEST:    89 ON 19, 1 GRTST 24HR  0.90 ON 14-14      TO 1/4 MILE OR LESS
LOWEST:     51 ON 25                               3 = THUNDER
                        SNOW, ICE PELLETS, HAIL    4 = ICE PELLETS
                        TOTAL MONTH:   0.0 INCH    5 = HAIL
                        GRTST 24HR     0.0         6 = FREEZING RAIN OR DRIZZLE
                        GRTST DEPTH:   0           7 = DUSTSTORM OR SANDSTORM:
                                                       VSBY 1/2 MILE OR LESS
                                                   8 = SMOKE OR HAZE
[NO. OF DAYS WITH]      [WEATHER - DAYS WITH]      9 = BLOWING SNOW
                                                   X = TORNADO
MAX 32 OR BELOW:   0    0.01 INCH OR MORE:   5
MAX 90 OR ABOVE:   0    0.10 INCH OR MORE:   2
MIN 32 OR BELOW:   0    0.50 INCH OR MORE:   1
MIN  0 OR BELOW:   0    1.00 INCH OR MORE:   0

[HDD (BASE 65) ]
TOTAL THIS MO.     5    CLEAR  (SCALE 0-3)   0
DPTR FM NORMAL   -21    PTCLDY (SCALE 4-7)   0
TOTAL FM JUL 1     8    CLOUDY (SCALE 8-10)  0
DPTR FM NORMAL   -55

[CDD (BASE 65) ]
TOTAL THIS MO.   120
DPTR FM NORMAL    47    [PRESSURE DATA]
TOTAL FM JAN 1   419    HIGHEST SLP M ON M
DPTR FM NORMAL   264    LOWEST  SLP M ON M

[REMARKS]
