000
CXUS54 KLZK 261330
CF6SGT
PRELIMINARY LOCAL CLIMATOLOGICAL DATA (WS FORM: F-6)

                                          STATION:   Stuttgart Airport
                                          MONTH:     MAY
                                          YEAR:      2015
                                          LATITUDE:   34 35 N
                                          LONGITUDE:  91 34 W

  TEMPERATURE IN F:       :PCPN:    SNOW:  WIND      :SUNSHINE: SKY     :PK WND
================================================================================
1   2   3   4   5  6A  6B    7    8   9   10  11  12  13   14  15   16   17  18
                                     12Z  AVG MX 2MIN
DY MAX MIN AVG DEP HDD CDD  WTR  SNW DPTH SPD SPD DIR MIN PSBL S-S WX    SPD DR
================================================================================

 1  72  52  62  -4   3   0 0.00  0.0    0  8.7 13  30   M    M   0         M  M
 2  79  50  65  -2   0   0 0.00  0.0    0  3.7  7 140   M    M   0         M  M
 3  84  57  71   4   0   6 0.00  0.0    0  8.0 14 170   M    M   1        17 180
 4  84  61  73   6   0   8 0.00  0.0    0  8.1 13 150   M    M   1        17 170
 5  86  66  76   8   0  11 0.00  0.0    0 10.2 21 150   M    M   2        25 150
 6  84  63  74   6   0   9 0.00  0.0    0  8.9 16 160   M    M   2        21 150
 7  88  64  76   8   0  11 0.00  0.0    0  9.3 15 160   M    M   3        21 180
 8  86  73  80  11   0  15 0.00  0.0    0 10.8 16 200   M    M   6        21 180
 9  82  66  74   5   0   9 1.63  0.0    0  8.9 16 170   M    M   8 3      21 170
10  86  70  78   9   0  13 0.00  0.0    0  8.2 15 180   M    M   3         M  M
11  79  64  72   3   0   7 0.98  0.0    0  9.7 21  90   M    M   6 3       M  M
12  72  59  66  -4   0   1 0.00  0.0    0  8.6 12  10   M    M   0         M  M
13  72  57  65  -5   0   0 0.00  0.0    0  8.1 15  70   M    M   6        18  80
14  84  64  74   4   0   9 0.00  0.0    0  9.2 15 150   M    M   4        20 150
15  82  70  76   5   0  11 0.07  0.0    0  8.6 13 130   M    M   4 3       M  M
16  84  70  77   6   0  12 0.04  0.0    0 11.5 16 130   M    M   7 3       M  M
17  88  70  79   8   0  14 0.05  0.0    0 11.7 17 170   M    M   6 3      23 170
18  81  70  76   5   0  11 0.00  0.0    0  8.6 14 190   M    M   6         M  M
19  81  66  74   2   0   9 0.00  0.0    0  7.2 15  30   M    M   5        16  20
20  81  66  74   2   0   9 1.69  0.0    0  9.1 16  10   M    M   8 3      20 290
21  66  54  60 -12   5   0 0.00  0.0    0 12.6 18  20   M    M   7        22  10
22  72  50  61 -12   4   0 0.00  0.0    0  5.6  9  90   M    M   0         M  M
23  82  63  73   0   0   8 0.00  0.0    0  6.0  8 130   M    M   4         M  M
24  86  72  79   6   0  14 0.06  0.0    0 18.6 23 160   M    M   6 3      28 170
25  84  64  74   1   0   9 0.14  0.0    0   M   M   M   M    M   7         M  M
================================================================================
SM 2025 1581        12 196  4.66     0.0 219.9          M      102
================================================================================
AV 81.0 63.2                               9.2 FASTST   M    M   4    MAX(MPH)
                                 MISC ---->  # 23 160                 28    M
================================================================================
NOTES:
# LAST OF SEVERAL OCCURRENCES

COLUMN 17 PEAK WIND IN M.P.H.

PRELIMINARY LOCAL CLIMATOLOGICAL DATA (WS FORM: F-6) , PAGE 2

                                          STATION:  Stuttgart Airport
                                          MONTH:    MAY
                                          YEAR:     2015
                                          LATITUDE:   34 35 N
                                          LONGITUDE:  91 34 W

[TEMPERATURE DATA]      [PRECIPITATION DATA]       SYMBOLS USED IN COLUMN 16

AVERAGE MONTHLY: 72.1   TOTAL FOR MONTH:   4.66    1 = FOG OR MIST
DPTR FM NORMAL:   2.2   DPTR FM NORMAL:    0.74    2 = FOG REDUCING VISIBILITY
HIGHEST:    88 ON 17, 7 GRTST 24HR  1.69 ON 20-20      TO 1/4 MILE OR LESS
LOWEST:     50 ON 22, 2                            3 = THUNDER
                        SNOW, ICE PELLETS, HAIL    4 = ICE PELLETS
                        TOTAL MONTH:   0.0 INCH    5 = HAIL
                        GRTST 24HR     0.0         6 = FREEZING RAIN OR DRIZZLE
                        GRTST DEPTH:   0           7 = DUSTSTORM OR SANDSTORM:
                                                       VSBY 1/2 MILE OR LESS
                                                   8 = SMOKE OR HAZE
[NO. OF DAYS WITH]      [WEATHER - DAYS WITH]      9 = BLOWING SNOW
                                                   X = TORNADO
MAX 32 OR BELOW:   0    0.01 INCH OR MORE:   8
MAX 90 OR ABOVE:   0    0.10 INCH OR MORE:   4
MIN 32 OR BELOW:   0    0.50 INCH OR MORE:   3
MIN  0 OR BELOW:   0    1.00 INCH OR MORE:   2

[HDD (BASE 65) ]
TOTAL THIS MO.    12    CLEAR  (SCALE 0-3)  10
DPTR FM NORMAL   -12    PTCLDY (SCALE 4-7)  15
TOTAL FM JUL 1  3302    CLOUDY (SCALE 8-10)  0
DPTR FM NORMAL   115

[CDD (BASE 65) ]
TOTAL THIS MO.   196
DPTR FM NORMAL    49    [PRESSURE DATA]
TOTAL FM JAN 1   280    HIGHEST SLP M ON M
DPTR FM NORMAL    70    LOWEST  SLP M ON M

[REMARKS]
