000
CXUS55 KBYZ 261055
CF6SHR
PRELIMINARY LOCAL CLIMATOLOGICAL DATA (WS FORM: F-6)

                                          STATION:   SHERIDAN WY
                                          MONTH:     SEPTEMBER
                                          YEAR:      2016
                                          LATITUDE:   44 46 N
                                          LONGITUDE: 106 58 W

  TEMPERATURE IN F:       :PCPN:    SNOW:  WIND      :SUNSHINE: SKY     :PK WND
================================================================================
1   2   3   4   5  6A  6B    7    8   9   10  11  12  13   14  15   16   17  18
                                     12Z  AVG MX 2MIN
DY MAX MIN AVG DEP HDD CDD  WTR  SNW DPTH SPD SPD DIR MIN PSBL S-S WX    SPD DR
================================================================================

 1  91  52  72   8   0   7 0.01    M    M  6.0 29 270   M    M   1 3      40 280
 2  95  58  77  13   0  12 0.00    M    M  7.1 24 310   M    M   1        29 310
 3  81  57  69   5   0   4 0.00    M    M  7.8 30 320   M    M   1        37 310
 4  64  54  59  -4   6   0 0.02    M    M  6.0 14  30   M    M   9 138    16  30
 5  65  50  58  -5   7   0 0.22    M    M  8.2 16 290   M    M   8 13     20 300
 6  75  43  59  -3   6   0 0.00    M    M  3.5 14 140   M    M   2        17 140
 7  72  45  59  -3   6   0 0.00    M    M  7.9 25 290   M    M   2        30 290
 8  77  46  62   1   3   0    T    M    M  6.6 32 320   M    M   1        39 320
 9  64  39  52  -9  13   0 0.02    M    M 13.4 31 330   M    M   4        38 310
10  83  35  59  -1   6   0 0.00    M    M  3.8 14 140   M    M   0        18 120
11  89  46  68   8   0   3 0.00    M    M  7.4 38 320   M    M   2        47 310
12  55  41  48 -12  17   0 0.43    M    M  8.5 23 310   M    M  10 1      29 300
13  52  40  46 -13  19   0 0.08    M    M  4.6 13 120   M    M   7 1      16 120
14  68  43  56  -3   9   0 0.00    M    M  6.1 18 300   M    M   6 12     23 300
15  68  48  58   0   7   0 0.03    M    M 10.3 25 330   M    M   6        31 330
16  76  45  61   3   4   0 0.00    M    M  5.1 13 270   M    M   1        16 290
17  82  46  64   7   1   0 0.00    M    M  6.3 17 290   M    M   1        23 240
18  82  55  69  12   0   4 0.03    M    M  5.7 18 360   M    M   6        21 360
19  80  44  62   6   3   0 0.01    M    M  7.7 17 140   M    M   1        23 150
20  81  46  64   8   1   0 0.00    M    M  7.4 23 300   M    M   0        32 300
21  58  50  54  -1  11   0 0.06    M    M  9.4 18 310   M    M   8 1      23 290
22  62  52  57   2   8   0 0.08    M    M  6.5 15 290   M    M   8 1      21 280
23  60  51  56   2   9   0 0.53    M    M  7.4 18 330   M    M  10 13     22 320
24  51  45  48  -6  17   0 2.19    M    M 12.4 30 290   M    M   9 1      37 320
25  66  42  54   0  11   0 0.00    M    M  5.3 17 320   M    M   3        20 330
================================================================================
SM 1797 1173       164  30  3.71    M    180.4          M      107
================================================================================
AV 71.9 46.9                               7.2 FASTST   M    M   4    MAX(MPH)
                                 MISC ---->  # 38 320               # 47  310
================================================================================
NOTES:
# LAST OF SEVERAL OCCURRENCES

COLUMN 17 PEAK WIND IN M.P.H.

PRELIMINARY LOCAL CLIMATOLOGICAL DATA (WS FORM: F-6) , PAGE 2

                                          STATION:  SHERIDAN WY
                                          MONTH:    SEPTEMBER
                                          YEAR:     2016
                                          LATITUDE:   44 46 N
                                          LONGITUDE: 106 58 W

[TEMPERATURE DATA]      [PRECIPITATION DATA]       SYMBOLS USED IN COLUMN 16

AVERAGE MONTHLY: 59.4   TOTAL FOR MONTH:   3.71    1 = FOG OR MIST
DPTR FM NORMAL:   0.4   DPTR FM NORMAL:    2.55    2 = FOG REDUCING VISIBILITY
HIGHEST:    95 ON  2    GRTST 24HR  2.49 ON 23-24      TO 1/4 MILE OR LESS
LOWEST:     35 ON 10                               3 = THUNDER
                        SNOW, ICE PELLETS, HAIL    4 = ICE PELLETS
                        TOTAL MONTH:    M          5 = HAIL
                        GRTST 24HR    M  ON   M    6 = FREEZING RAIN OR DRIZZLE
                        GRTST DEPTH:  M  ON   M    7 = DUSTSTORM OR SANDSTORM:
                                                       VSBY 1/2 MILE OR LESS
                                                   8 = SMOKE OR HAZE
[NO. OF DAYS WITH]      [WEATHER - DAYS WITH]      9 = BLOWING SNOW
                                                   X = TORNADO
MAX 32 OR BELOW:   0    0.01 INCH OR MORE:  13
MAX 90 OR ABOVE:   2    0.10 INCH OR MORE:   4
MIN 32 OR BELOW:   0    0.50 INCH OR MORE:   2
MIN  0 OR BELOW:   0    1.00 INCH OR MORE:   1

[HDD (BASE 65) ]
TOTAL THIS MO.   164    CLEAR  (SCALE 0-3)  12
DPTR FM NORMAL   -13    PTCLDY (SCALE 4-7)   7
TOTAL FM JUL 1   207    CLOUDY (SCALE 8-10)  6
DPTR FM NORMAL   -32

[CDD (BASE 65) ]
TOTAL THIS MO.    30
DPTR FM NORMAL     4    [PRESSURE DATA]
TOTAL FM JAN 1   549    HIGHEST SLP M ON M
DPTR FM NORMAL   133    LOWEST  SLP 29.60 ON  2

[REMARKS]
