041
CXUS56 KMTR 191000
CF6SJC
PRELIMINARY LOCAL CLIMATOLOGICAL DATA (WS FORM: F-6)

                                          STATION:   SAN JOSE AIRPORT
                                          MONTH:     SEPTEMBER
                                          YEAR:      2017
                                          LATITUDE:   37 21 N
                                          LONGITUDE: 121 55 W

  TEMPERATURE IN F:       :PCPN:    SNOW:  WIND      :SUNSHINE: SKY     :PK WND
================================================================================
1   2   3   4   5  6A  6B    7    8   9   10  11  12  13   14  15   16   17  18
                                     12Z  AVG MX 2MIN
DY MAX MIN AVG DEP HDD CDD  WTR  SNW DPTH SPD SPD DIR MIN PSBL S-S WX    SPD DR
================================================================================

 1 108  69  89  19   0  24 0.00  0.0    0  4.0 15 290   M    M   4 8      19 330
 2 107  74  91  21   0  26 0.00  0.0    0  4.5 15 310   M    M   3 8      19 300
 3  98  78  88  18   0  23 0.00  0.0    0  7.9 21 130   M    M   5 8      24 130
 4  88  72  80  10   0  15    T  0.0    0  7.7 23 180   M    M   6 8      28 180
 5  89  70  80  10   0  15 0.00  0.0    0  7.3 18 310   M    M   2        22 290
 6  83  66  75   6   0  10 0.00  0.0    0  6.8 16 330   M    M   3 18     20 330
 7  81  64  73   4   0   8 0.00  0.0    0  8.7 18 310   M    M   7        23 300
 8  79  63  71   2   0   6 0.00  0.0    0  6.6 16 310   M    M   6 18     25 290
 9  86  65  76   7   0  11 0.00  0.0    0  4.8 17 300   M    M   5        21 280
10  95  64  80  11   0  15 0.00  0.0    0  5.2 14 310   M    M   3        17 290
11  97  70  84  15   0  19 0.04  0.0    0  5.8 31 170   M    M   5 3      41 170
12  92  67  80  11   0  15    T  0.0    0  5.9 21 300   M    M   3        24 300
13  80  66  73   4   0   8 0.00  0.0    0  7.1 14 160   M    M   6        19 180
14  78  62  70   1   0   5 0.00  0.0    0  9.1 21 300   M    M   4        24 300
15  77  55  66  -3   0   1 0.00  0.0    0  5.6 18 310   M    M   1        22 340
16  80  57  69   0   0   4 0.00  0.0    0  6.3 16 290   M    M   3        19 280
17  81  57  69   1   0   4 0.00  0.0    0  5.6 21 310   M    M   2        24 300
18  80  60  70   2   0   5 0.00  0.0    0  8.6 22 300   M    M   7        27 320
================================================================================
SM 1579 1179         0 214  0.04     0.0 117.5          M       75
================================================================================
AV 87.7 65.5                               6.5 FASTST   M    M   4    MAX(MPH)
                                 MISC ---->  # 31 170               # 41  170
================================================================================
NOTES:
# LAST OF SEVERAL OCCURRENCES

COLUMN 17 PEAK WIND IN M.P.H.

PRELIMINARY LOCAL CLIMATOLOGICAL DATA (WS FORM: F-6) , PAGE 2

                                          STATION:  SAN JOSE AIRPORT
                                          MONTH:    SEPTEMBER
                                          YEAR:     2017
                                          LATITUDE:   37 21 N
                                          LONGITUDE: 121 55 W

[TEMPERATURE DATA]      [PRECIPITATION DATA]       SYMBOLS USED IN COLUMN 16

AVERAGE MONTHLY: 76.6   TOTAL FOR MONTH:   0.04    1 = FOG OR MIST
DPTR FM NORMAL:   7.4   DPTR FM NORMAL:   -0.03    2 = FOG REDUCING VISIBILITY
HIGHEST:   108 ON  1    GRTST 24HR  0.04 ON 11-11      TO 1/4 MILE OR LESS
LOWEST:     55 ON 15                               3 = THUNDER
                        SNOW, ICE PELLETS, HAIL    4 = ICE PELLETS
                        TOTAL MONTH:   0.0 INCH    5 = HAIL
                        GRTST 24HR     0.0         6 = FREEZING RAIN OR DRIZZLE
                        GRTST DEPTH:   0           7 = DUSTSTORM OR SANDSTORM:
                                                       VSBY 1/2 MILE OR LESS
                                                   8 = SMOKE OR HAZE
[NO. OF DAYS WITH]      [WEATHER - DAYS WITH]      9 = BLOWING SNOW
                                                   X = TORNADO
MAX 32 OR BELOW:   0    0.01 INCH OR MORE:   1
MAX 90 OR ABOVE:   6    0.10 INCH OR MORE:   0
MIN 32 OR BELOW:   0    0.50 INCH OR MORE:   0
MIN  0 OR BELOW:   0    1.00 INCH OR MORE:   0

[HDD (BASE 65) ]
TOTAL THIS MO.     0    CLEAR  (SCALE 0-3)   7
DPTR FM NORMAL     0    PTCLDY (SCALE 4-7)  11
TOTAL FM JUL 1     0    CLOUDY (SCALE 8-10)  0
DPTR FM NORMAL    -6

[CDD (BASE 65) ]
TOTAL THIS MO.   214
DPTR FM NORMAL   135    [PRESSURE DATA]
TOTAL FM JAN 1   859    HIGHEST SLP M ON M
DPTR FM NORMAL   297    LOWEST  SLP 29.74 ON M

[REMARKS]
