000
CXUS56 KMTR 221000
CF6SJC
PRELIMINARY LOCAL CLIMATOLOGICAL DATA (WS FORM: F-6)

                                          STATION:   SAN JOSE AIRPORT
                                          MONTH:     APRIL
                                          YEAR:      2014
                                          LATITUDE:   37 21 N
                                          LONGITUDE: 121 55 W

  TEMPERATURE IN F:       :PCPN:    SNOW:  WIND      :SUNSHINE: SKY     :PK WND
================================================================================
1   2   3   4   5  6A  6B    7    8   9   10  11  12  13   14  15   16   17  18
                                     12Z  AVG MX 2MIN
DY MAX MIN AVG DEP HDD CDD  WTR  SNW DPTH SPD SPD DIR MIN PSBL S-S WX    SPD DR
================================================================================

 1  57  43  50  -7  15   0 0.29  0.0    0 10.2 23 180   M    M   7 18     32 180
 2  61  43  52  -6  13   0 0.01  0.0    0  6.8 16 300   M    M   4        20 280
 3  66  43  55  -3  10   0 0.00  0.0    0  6.5 16 300   M    M   5        21 290
 4  61  49  55  -3  10   0 0.09  0.0    0  8.1 16 240   M    M   8 1      22 260
 5  67  50  59   1   6   0 0.00  0.0    0  7.8 21 310   M    M   4        23 310
 6  76  46  61   3   4   0 0.00  0.0    0  5.2 16 310   M    M   3        23 280
 7  82  53  68  10   0   3 0.00  0.0    0  4.3 15 290   M    M   0        18 320
 8  87  56  72  14   0   7 0.00  0.0    0  4.4 17 300   M    M   5        21 280
 9  75  54  65   7   0   0 0.00  0.0    0  5.3 13 300   M    M   5        18 310
10  80  52  66   8   0   1 0.00  0.0    0  4.1 13 300   M    M   6 18     14 300
11  70  54  62   4   3   0 0.00  0.0    0  5.9 14 310   M    M   6        17 310
12  71  53  62   3   3   0 0.00  0.0    0  6.9 18 310   M    M   5        22 310
13  75  54  65   6   0   0 0.00  0.0    0  5.9 18 310   M    M   5        22 320
14  76  51  64   5   1   0 0.00  0.0    0  4.8 13 310   M    M   3 18     16 290
15  72  45  59   0   6   0 0.00  0.0    M  6.0 17 310   M    M   2        20 300
16  79  49  64   5   1   0 0.00  0.0    0  5.9 16 300   M    M   3        20 320
17  73  52  63   4   2   0 0.00  0.0    0  6.0 21 300   M    M   4        25 290
18  71  51  61   1   4   0 0.00  0.0    0  6.3 20 310   M    M   3        22 320
19  69  50  60   0   5   0 0.00  0.0    0  6.8 20 320   M    M   3        26 320
20  80  50  65   5   0   0 0.00  0.0    0  5.4 20 300   M    M   1        25 300
21  74  50  62   2   3   0 0.00  0.0    0  5.5 24 300   M    M   6        29 310
================================================================================
SM 1522 1048        86  11  0.39     0.0 128.1          M       88
================================================================================
AV 72.5 49.9                               6.1 FASTST   M    M   4    MAX(MPH)
                                 MISC ---->  # 24 300               # 32  180
================================================================================
NOTES:
# LAST OF SEVERAL OCCURRENCES

COLUMN 17 PEAK WIND IN M.P.H.

PRELIMINARY LOCAL CLIMATOLOGICAL DATA (WS FORM: F-6) , PAGE 2

                                          STATION:  SAN JOSE AIRPORT
                                          MONTH:    APRIL
                                          YEAR:     2014
                                          LATITUDE:   37 21 N
                                          LONGITUDE: 121 55 W

[TEMPERATURE DATA]      [PRECIPITATION DATA]       SYMBOLS USED IN COLUMN 16

AVERAGE MONTHLY: 61.2   TOTAL FOR MONTH:   0.39    1 = FOG OR MIST
DPTR FM NORMAL:   2.6   DPTR FM NORMAL:   -0.42    2 = FOG REDUCING VISIBILITY
HIGHEST:    87 ON  8    GRTST 24HR  0.88 ON 31- 1      TO 1/4 MILE OR LESS
LOWEST:     43 ON  3, 2                            3 = THUNDER
                        SNOW, ICE PELLETS, HAIL    4 = ICE PELLETS
                        TOTAL MONTH:   0.0 INCH    5 = HAIL
                        GRTST 24HR     0.0         6 = FREEZING RAIN OR DRIZZLE
                        GRTST DEPTH:   0           7 = DUSTSTORM OR SANDSTORM:
                                                       VSBY 1/2 MILE OR LESS
                                                   8 = SMOKE OR HAZE
[NO. OF DAYS WITH]      [WEATHER - DAYS WITH]      9 = BLOWING SNOW
                                                   X = TORNADO
MAX 32 OR BELOW:   0    0.01 INCH OR MORE:   3
MAX 90 OR ABOVE:   0    0.10 INCH OR MORE:   1
MIN 32 OR BELOW:   0    0.50 INCH OR MORE:   0
MIN  0 OR BELOW:   0    1.00 INCH OR MORE:   0

[HDD (BASE 65) ]
TOTAL THIS MO.    86    CLEAR  (SCALE 0-3)   8
DPTR FM NORMAL   -56    PTCLDY (SCALE 4-7)  13
TOTAL FM JUL 1  1797    CLOUDY (SCALE 8-10)  0
DPTR FM NORMAL   -63

[CDD (BASE 65) ]
TOTAL THIS MO.    11
DPTR FM NORMAL     5    [PRESSURE DATA]
TOTAL FM JAN 1    15    HIGHEST SLP M ON M
DPTR FM NORMAL     5    LOWEST  SLP 29.80 ON 17

[REMARKS]
