000
CXUS56 KMTR 201000
CF6SJC
PRELIMINARY LOCAL CLIMATOLOGICAL DATA (WS FORM: F-6)

                                          STATION:   SAN JOSE AIRPORT
                                          MONTH:     AUGUST
                                          YEAR:      2014
                                          LATITUDE:   37 21 N
                                          LONGITUDE: 121 55 W

  TEMPERATURE IN F:       :PCPN:    SNOW:  WIND      :SUNSHINE: SKY     :PK WND
================================================================================
1   2   3   4   5  6A  6B    7    8   9   10  11  12  13   14  15   16   17  18
                                     12Z  AVG MX 2MIN
DY MAX MIN AVG DEP HDD CDD  WTR  SNW DPTH SPD SPD DIR MIN PSBL S-S WX    SPD DR
================================================================================

 1  82  60  71   0   0   6 0.00  0.0    0  6.4 16 290   M    M   3 8      20 280
 2  75  60  68  -3   0   3 0.00  0.0    0  7.1 15 300   M    M   5        17 300
 3  74  58  66  -5   0   1 0.00  0.0    0  7.4 16 280   M    M   7        21 290
 4  79  59  69  -2   0   4 0.00  0.0    0  7.5 18 300   M    M   6        22 290
 5  80  62  71   0   0   6 0.00  0.0    0  6.0 21 290   M    M   6        26 290
 6  85  62  74   3   0   9    T  0.0    0  6.7 18 290   M    M   5        22 290
 7  78  62  70  -1   0   5 0.00  0.0    0  6.1 16 310   M    M   3        20 290
 8  80  58  69  -2   0   4 0.00  0.0    0  5.6 15 280   M    M   3 1      18 280
 9  75  58  67  -4   0   2 0.00  0.0    0  7.5 16 290   M    M   2        20 300
10  80  59  70  -1   0   5 0.00  0.0    0  6.4 16 290   M    M   6        18 310
11  79  58  69  -2   0   4 0.00  0.0    0  6.0 14 310   M    M   2        18 310
12  79  59  69  -2   0   4 0.00  0.0    0  8.5 17 300   M    M   4        21 310
13  81  61  71   0   0   6 0.00  0.0    0  7.5 20 300   M    M   5        24 300
14  79  61  70  -1   0   5 0.00  0.0    0  5.5 16 290   M    M   4        20 290
15  81  57  69  -2   0   4 0.00  0.0    0  6.9 14 280   M    M   0        17 330
16  80  60  70  -1   0   5 0.00  0.0    0  5.8 16 290   M    M   3        20 290
17  77  59  68  -3   0   3 0.00  0.0    0  6.0 15 280   M    M   3        20 290
18  76  59  68  -3   0   3 0.00  0.0    0  6.1 17 300   M    M   5        22 310
19  79  61  70  -1   0   5 0.00  0.0    0  6.7 15 320   M    M   6        20 310
================================================================================
SM 1499 1133         0  84    T      0.0 125.7          M       78
================================================================================
AV 78.9 59.6                               6.6 FASTST   M    M   4    MAX(MPH)
                                 MISC ---->  # 21 290               # 26  290
================================================================================
NOTES:
# LAST OF SEVERAL OCCURRENCES

COLUMN 17 PEAK WIND IN M.P.H.

PRELIMINARY LOCAL CLIMATOLOGICAL DATA (WS FORM: F-6) , PAGE 2

                                          STATION:  SAN JOSE AIRPORT
                                          MONTH:    AUGUST
                                          YEAR:     2014
                                          LATITUDE:   37 21 N
                                          LONGITUDE: 121 55 W

[TEMPERATURE DATA]      [PRECIPITATION DATA]       SYMBOLS USED IN COLUMN 16

AVERAGE MONTHLY: 69.3   TOTAL FOR MONTH:      T    1 = FOG OR MIST
DPTR FM NORMAL:  -1.7   DPTR FM NORMAL:   -0.00    2 = FOG REDUCING VISIBILITY
HIGHEST:    85 ON  6    GRTST 24HR    T  ON  6- 6      TO 1/4 MILE OR LESS
LOWEST:     57 ON 15                               3 = THUNDER
                        SNOW, ICE PELLETS, HAIL    4 = ICE PELLETS
                        TOTAL MONTH:   0.0 INCH    5 = HAIL
                        GRTST 24HR     0.0         6 = FREEZING RAIN OR DRIZZLE
                        GRTST DEPTH:   0           7 = DUSTSTORM OR SANDSTORM:
                                                       VSBY 1/2 MILE OR LESS
                                                   8 = SMOKE OR HAZE
[NO. OF DAYS WITH]      [WEATHER - DAYS WITH]      9 = BLOWING SNOW
                                                   X = TORNADO
MAX 32 OR BELOW:   0    0.01 INCH OR MORE:   0
MAX 90 OR ABOVE:   0    0.10 INCH OR MORE:   0
MIN 32 OR BELOW:   0    0.50 INCH OR MORE:   0
MIN  0 OR BELOW:   0    1.00 INCH OR MORE:   0

[HDD (BASE 65) ]
TOTAL THIS MO.     0    CLEAR  (SCALE 0-3)   5
DPTR FM NORMAL     0    PTCLDY (SCALE 4-7)  14
TOTAL FM JUL 1     0    CLOUDY (SCALE 8-10)  0
DPTR FM NORMAL    -1

[CDD (BASE 65) ]
TOTAL THIS MO.    84
DPTR FM NORMAL   -30    [PRESSURE DATA]
TOTAL FM JAN 1   437    HIGHEST SLP M ON M
DPTR FM NORMAL   -46    LOWEST  SLP 29.80 ON 19

[REMARKS]
