000
CXUS56 KMTR 221000
CF6SJC
PRELIMINARY LOCAL CLIMATOLOGICAL DATA (WS FORM: F-6)

                                          STATION:   SAN JOSE AIRPORT
                                          MONTH:     MARCH
                                          YEAR:      2017
                                          LATITUDE:   37 21 N
                                          LONGITUDE: 121 55 W

  TEMPERATURE IN F:       :PCPN:    SNOW:  WIND      :SUNSHINE: SKY     :PK WND
================================================================================
1   2   3   4   5  6A  6B    7    8   9   10  11  12  13   14  15   16   17  18
                                     12Z  AVG MX 2MIN
DY MAX MIN AVG DEP HDD CDD  WTR  SNW DPTH SPD SPD DIR MIN PSBL S-S WX    SPD DR
================================================================================

 1  64  37  51  -4  14   0 0.00  0.0    0  4.5 15 290   M    M   0        18 300
 2  66  38  52  -3  13   0 0.00  0.0    0  4.1 13 310   M    M   2        13 320
 3  67  40  54  -1  11   0 0.00  0.0    0  4.9 14 320   M    M   6        18 330
 4  62  46  54  -1  11   0 0.18  0.0    0  7.0 20 120   M    M   7 18     25 170
 5  53  40  47  -8  18   0 0.14    M    0  8.0 28 300   M    M   8 13     34 300
 6  56  39  48  -8  17   0 0.03    M    0  6.0 15 120   M    M   8 8      18 120
 7  62  40  51  -5  14   0 0.00  0.0    0  4.1 16 290   M    M   4        20 310
 8  67  44  56   0   9   0 0.00  0.0    0  5.6 16 310   M    M   2        20 310
 9  71  46  59   3   6   0 0.00  0.0    0  5.2 16 310   M    M   4        19 320
10  72  52  62   6   3   0 0.00  0.0    0  3.6 13 300   M    M   5        15 300
11  73  51  62   6   3   0 0.00  0.0    0  5.6 17 300   M    M   4        20 310
12  75  50  63   7   2   0 0.00  0.0    0  4.4 15 310   M    M   3 12     19 330
13  79  47  63   7   2   0 0.00  0.0    0  2.5 12 300   M    M   0        14 290
14  81  53  67  11   0   2 0.00  0.0    0  4.2 15 290   M    M   1        18 320
15  70  52  61   5   4   0 0.00  0.0    0  6.2 17 290   M    M   6 18     19 320
16  69  53  61   5   4   0 0.00  0.0    0  5.4 20 310   M    M   7        24 320
17  77  46  62   6   3   0 0.00  0.0    0  3.6 13 300   M    M   5        15 300
18  73  51  62   6   3   0 0.00  0.0    0  5.2 15 300   M    M   7        19 310
19  71  54  63   7   2   0 0.00  0.0    0  3.6 15 290   M    M   7        19 280
20  64  53  59   3   6   0 0.22  0.0    0 12.9 25 110   M    M   8 1      33 110
21  69  56  63   7   2   0 0.18  0.0    0 10.4 22 100   M    M   8 18     30 100
================================================================================
SM 1441  988       147   2  0.75     0.0 117.0          M      102
================================================================================
AV 68.6 47.1                               5.6 FASTST   M    M   5    MAX(MPH)
                                 MISC ---->  # 28 300               # 34  300
================================================================================
NOTES:
# LAST OF SEVERAL OCCURRENCES

COLUMN 17 PEAK WIND IN M.P.H.

PRELIMINARY LOCAL CLIMATOLOGICAL DATA (WS FORM: F-6) , PAGE 2

                                          STATION:  SAN JOSE AIRPORT
                                          MONTH:    MARCH
                                          YEAR:     2017
                                          LATITUDE:   37 21 N
                                          LONGITUDE: 121 55 W

[TEMPERATURE DATA]      [PRECIPITATION DATA]       SYMBOLS USED IN COLUMN 16

AVERAGE MONTHLY: 57.8   TOTAL FOR MONTH:   0.75    1 = FOG OR MIST
DPTR FM NORMAL:   2.1   DPTR FM NORMAL:   -1.16    2 = FOG REDUCING VISIBILITY
HIGHEST:    81 ON 14    GRTST 24HR  0.22 ON 20-20      TO 1/4 MILE OR LESS
LOWEST:     37 ON  1                               3 = THUNDER
                        SNOW, ICE PELLETS, HAIL    4 = ICE PELLETS
                        TOTAL MONTH:   0.0 INCH    5 = HAIL
                        GRTST 24HR     0.0         6 = FREEZING RAIN OR DRIZZLE
                        GRTST DEPTH:   0           7 = DUSTSTORM OR SANDSTORM:
                                                       VSBY 1/2 MILE OR LESS
                                                   8 = SMOKE OR HAZE
[NO. OF DAYS WITH]      [WEATHER - DAYS WITH]      9 = BLOWING SNOW
                                                   X = TORNADO
MAX 32 OR BELOW:   0    0.01 INCH OR MORE:   5
MAX 90 OR ABOVE:   0    0.10 INCH OR MORE:   4
MIN 32 OR BELOW:   0    0.50 INCH OR MORE:   0
MIN  0 OR BELOW:   0    1.00 INCH OR MORE:   0

[HDD (BASE 65) ]
TOTAL THIS MO.   147    CLEAR  (SCALE 0-3)   6
DPTR FM NORMAL   -48    PTCLDY (SCALE 4-7)  15
TOTAL FM JUL 1  1578    CLOUDY (SCALE 8-10)  0
DPTR FM NORMAL  -282

[CDD (BASE 65) ]
TOTAL THIS MO.     2
DPTR FM NORMAL     2    [PRESSURE DATA]
TOTAL FM JAN 1     2    HIGHEST SLP M ON M
DPTR FM NORMAL     2    LOWEST  SLP 29.82 ON  5

[REMARKS]
