061
CXUS56 KFGZ 260900
CF6SJN
PRELIMINARY LOCAL CLIMATOLOGICAL DATA (WS FORM: F-6)

                                          STATION:   SAINT JOHNS AZ AIRPORT
                                          MONTH:     JULY
                                          YEAR:      2016
                                          LATITUDE:   34 31 N
                                          LONGITUDE: 109 23 W

  TEMPERATURE IN F:       :PCPN:    SNOW:  WIND      :SUNSHINE: SKY     :PK WND
================================================================================
1   2   3   4   5  6A  6B    7    8   9   10  11  12  13   14  15   16   17  18
                                     12Z  AVG MX 2MIN
DY MAX MIN AVG DEP HDD CDD  WTR  SNW DPTH SPD SPD DIR MIN PSBL S-S WX    SPD DR
================================================================================

 1  72  59  66 -10   0   1 0.09    M    M  4.5 18 260   M    M   8 1      23 260
 2  84  57  71  -5   0   6 0.02    M    M 10.3 44 280   M    M   3 1      54 280
 3  90  56  73  -3   0   8 0.00    M    M  8.9 21 310   M    M   0        29 300
 4  93  62  78   2   0  13 0.00    M    M  9.3 23 270   M    M   0        30 280
 5  93  58  76   0   0  11 0.00    M    M  9.3 23 250   M    M   1        31 280
 6  93  58  76   0   0  11 0.00    M    M 11.6 25 290   M    M   0        40 280
 7  93  60  77   1   0  12 0.00    M    M  9.4 24 290   M    M   1        29 290
 8  94  59  77   0   0  12 0.00    M    M  8.1 21 270   M    M   1        26 300
 9  97  56  77   0   0  12 0.00    M    M  7.3 22 260   M    M   0        34 260
10  94  65  80   3   0  15 0.00    M    M 13.3 30 260   M    M   0        43 250
11  93  58  76  -1   0  11 0.00    M    M 13.9 29 260   M    M   0        37 250
12  95  52  74  -3   0   9 0.00    M    M 10.5 26 270   M    M   0        34 250
13  96  56  76  -1   0  11 0.00    M    M  8.6 24 250   M    M   0        29 250
14  96  63  80   3   0  15 0.00    M    M  8.4 21 320   M    M   0        26 300
15  99  63  81   4   0  16 0.00    M    M  9.8 23 280   M    M   0        28 320
16  97  68  83   6   0  18 0.00    M    M 11.5 26 150   M    M   1        34 280
17  91  64  78   1   0  13    T    M    M  8.9 33 140   M    M   2        44 140
18  91  57  74  -3   0   9 0.24    M    M  5.3 25 180   M    M   1        31 180
19  89  63  76  -1   0  11 0.06    M    M  9.3 26 190   M    M   3        35 190
20  90  60  75  -1   0  10    T    M    M  6.9 20 250   M    M   2        26 230
21  91  60  76   0   0  11    T    M    M  6.1 20 250   M    M   1        24 250
22  95  57  76   0   0  11 0.00    M    M  6.7 25 280   M    M   0 8      32 250
23  97  58  78   2   0  13 0.00    M    M  5.7 18 210   M    M   0        24 210
24  97  64  81   5   0  16 0.06    M    M  8.2 28 130   M    M   2        38 130
25  93  63  78   2   0  13 0.00  0.0    0  5.9 23  40   M    M   2        29 180
================================================================================
SM 2313 1496         0 288  0.47     0.0 217.7          M       28
================================================================================
AV 92.5 59.8                               8.7 FASTST   M    M   1    MAX(MPH)
                                 MISC ---->  # 44 280               # 54  280
================================================================================
NOTES:
# LAST OF SEVERAL OCCURRENCES

COLUMN 17 PEAK WIND IN M.P.H.

PRELIMINARY LOCAL CLIMATOLOGICAL DATA (WS FORM: F-6) , PAGE 2

                                          STATION:  SAINT JOHNS AZ AIRPORT
                                          MONTH:    JULY
                                          YEAR:     2016
                                          LATITUDE:   34 31 N
                                          LONGITUDE: 109 23 W

[TEMPERATURE DATA]      [PRECIPITATION DATA]       SYMBOLS USED IN COLUMN 16

AVERAGE MONTHLY: 76.2   TOTAL FOR MONTH:   0.47    1 = FOG OR MIST
DPTR FM NORMAL:  -0.3   DPTR FM NORMAL:   -0.86    2 = FOG REDUCING VISIBILITY
HIGHEST:    99 ON 15    GRTST 24HR  0.33 ON 30- 1      TO 1/4 MILE OR LESS
LOWEST:     52 ON 12                               3 = THUNDER
                        SNOW, ICE PELLETS, HAIL    4 = ICE PELLETS
                        TOTAL MONTH:   0.0 INCH    5 = HAIL
                        GRTST 24HR     0.0         6 = FREEZING RAIN OR DRIZZLE
                        GRTST DEPTH:   0           7 = DUSTSTORM OR SANDSTORM:
                                                       VSBY 1/2 MILE OR LESS
                                                   8 = SMOKE OR HAZE
[NO. OF DAYS WITH]      [WEATHER - DAYS WITH]      9 = BLOWING SNOW
                                                   X = TORNADO
MAX 32 OR BELOW:   0    0.01 INCH OR MORE:   5
MAX 90 OR ABOVE:  22    0.10 INCH OR MORE:   1
MIN 32 OR BELOW:   0    0.50 INCH OR MORE:   0
MIN  0 OR BELOW:   0    1.00 INCH OR MORE:   0

[HDD (BASE 65) ]
TOTAL THIS MO.     0    CLEAR  (SCALE 0-3)  23
DPTR FM NORMAL     0    PTCLDY (SCALE 4-7)   2
TOTAL FM JUL 1     0    CLOUDY (SCALE 8-10)  0
DPTR FM NORMAL     0

[CDD (BASE 65) ]
TOTAL THIS MO.   288
DPTR FM NORMAL     2    [PRESSURE DATA]
TOTAL FM JAN 1   594    HIGHEST SLP M ON M
DPTR FM NORMAL    57    LOWEST  SLP 29.75 ON M

[REMARKS]
