000
CXUS56 KSLC 281225
CF6SLC
PRELIMINARY LOCAL CLIMATOLOGICAL DATA (WS FORM: F-6)

                                          STATION:   SALT LAKE CITY UT
                                          MONTH:     MAY
                                          YEAR:      2015
                                          LATITUDE:   40 46 N
                                          LONGITUDE: 111 58 W

  TEMPERATURE IN F:       :PCPN:    SNOW:  WIND      :SUNSHINE: SKY     :PK WND
================================================================================
1   2   3   4   5  6A  6B    7    8   9   10  11  12  13   14  15   16   17  18
                                     12Z  AVG MX 2MIN
DY MAX MIN AVG DEP HDD CDD  WTR  SNW DPTH SPD SPD DIR MIN PSBL S-S WX    SPD DR
================================================================================

 1  75  50  63   8   2   0 0.00  0.0    0  5.2 13 130   M    M   0        17 340
 2  82  59  71  16   0   6 0.00  0.0    0  8.7 18 350   M    M   1        22 330
 3  79  57  68  12   0   3    T  0.0    0  9.2 31 230   M    M   2        41 230
 4  76  57  67  11   0   2    T  0.0    0  7.5 22 110   M    M   5 3      26 120
 5  69  55  62   6   3   0 0.02  0.0    0  7.2 23 320   M    M   7 3      29 310
 6  65  48  57   0   8   0 0.93  0.0    0  9.1 18 340   M    M   8 138    22 130
 7  67  48  58   1   7   0 0.04  0.0    0  8.2 20 320   M    M   6 13     24 320
 8  65  48  57   0   8   0 0.02  0.0    0  8.0 21 360   M    M   6 3      27 280
 9  51  44  48 -10  17   0 0.92  0.0    0  5.9 12 130   M    M  10 1      14 140
10  61  44  53  -5  12   0 0.00  0.0    0  4.7 16 300   M    M   4 1      22 290
11  73  44  59   1   6   0 0.00  0.0    0 12.0 25 160   M    M   1        32 150
12  78  58  68   9   0   3    T  0.0    0 16.2 31 150   M    M   3 3      40 200
13  76  54  65   6   0   0 0.00  0.0    0 10.7 29 190   M    M   1        36 180
14  72  49  61   2   4   0 0.08  0.0    0 11.8 25 230   M    M   5 1      34 220
15  58  46  52  -8  13   0 0.01  0.0    0 13.5 24 160   M    M   5        33 200
16  52  44  48 -12  17   0 0.49  0.0    0  7.7 18 130   M    M   9 1      22 130
17  63  48  56  -4   9   0 0.53  0.0    0  3.5 21 180   M    M   6 1      25 180
18  67  49  58  -2   7   0 0.34  0.0    0  8.0 29 240   M    M   5 13     41 260
19  61  49  55  -6  10   0 0.14  0.0    0  6.6 24 250   M    M   8 135    29 240
20  68  50  59  -2   6   0 0.01  0.0    0  9.0 24 160   M    M   7 3      29 170
21  68  48  58  -3   7   0    T  0.0    0  5.8 21 130   M    M   4 3      25 130
22  64  51  58  -4   7   0    T  0.0    0  7.1 20 130   M    M   4 3      24 150
23  60  49  55  -7  10   0 0.19  0.0    0  6.4 17  30   M    M   6 1      21  20
24  66  47  57  -5   8   0 0.15  0.0    0  5.6 23 320   M    M   7 138    30 330
25  71  52  62  -1   3   0 0.01  0.0    0  6.0 14 320   M    M   4 1      18 330
26  62  55  59  -4   6   0 0.11  0.0    0  6.8 17 180   M    M   6 3      22 160
27  71  51  61  -2   4   0 0.10  0.0    0  8.1 33 290   M    M   4 38     44 300
================================================================================
SM 1820 1354       174  14  4.09     0.0 218.5          M      134
================================================================================
AV 67.4 50.1                               8.1 FASTST   M    M   5    MAX(MPH)
                                 MISC ---->  # 33 290               # 44  300
================================================================================
NOTES:
# LAST OF SEVERAL OCCURRENCES

COLUMN 17 PEAK WIND IN M.P.H.

PRELIMINARY LOCAL CLIMATOLOGICAL DATA (WS FORM: F-6) , PAGE 2

                                          STATION:  SALT LAKE CITY UT
                                          MONTH:    MAY
                                          YEAR:     2015
                                          LATITUDE:   40 46 N
                                          LONGITUDE: 111 58 W

[TEMPERATURE DATA]      [PRECIPITATION DATA]       SYMBOLS USED IN COLUMN 16

AVERAGE MONTHLY: 58.8   TOTAL FOR MONTH:   4.09    1 = FOG OR MIST
DPTR FM NORMAL:  -0.4   DPTR FM NORMAL:    2.36    2 = FOG REDUCING VISIBILITY
HIGHEST:    82 ON  2    GRTST 24HR  0.97 ON  6- 7      TO 1/4 MILE OR LESS
LOWEST:     44 ON 16,11                            3 = THUNDER
                        SNOW, ICE PELLETS, HAIL    4 = ICE PELLETS
                        TOTAL MONTH:   0.0 INCH    5 = HAIL
                        GRTST 24HR     0.0         6 = FREEZING RAIN OR DRIZZLE
                        GRTST DEPTH:   0           7 = DUSTSTORM OR SANDSTORM:
                                                       VSBY 1/2 MILE OR LESS
                                                   8 = SMOKE OR HAZE
[NO. OF DAYS WITH]      [WEATHER - DAYS WITH]      9 = BLOWING SNOW
                                                   X = TORNADO
MAX 32 OR BELOW:   0    0.01 INCH OR MORE:  17
MAX 90 OR ABOVE:   0    0.10 INCH OR MORE:  10
MIN 32 OR BELOW:   0    0.50 INCH OR MORE:   3
MIN  0 OR BELOW:   0    1.00 INCH OR MORE:   0

[HDD (BASE 65) ]
TOTAL THIS MO.   174    CLEAR  (SCALE 0-3)   6
DPTR FM NORMAL   -16    PTCLDY (SCALE 4-7)  19
TOTAL FM JUL 1  4358    CLOUDY (SCALE 8-10)  2
DPTR FM NORMAL -1188

[CDD (BASE 65) ]
TOTAL THIS MO.    14
DPTR FM NORMAL   -22    [PRESSURE DATA]
TOTAL FM JAN 1    14    HIGHEST SLP M ON M
DPTR FM NORMAL   -26    LOWEST  SLP 29.55 ON 12

[REMARKS]
