000
CXUS51 KBTV 220700
CF6SLK
PRELIMINARY LOCAL CLIMATOLOGICAL DATA (WS FORM: F-6)

                                          STATION:   SARANAC LAKE NY
                                          MONTH:     MARCH
                                          YEAR:      2017
                                          LATITUDE:   44 23 N
                                          LONGITUDE:  74 12 W

  TEMPERATURE IN F:       :PCPN:    SNOW:  WIND      :SUNSHINE: SKY     :PK WND
================================================================================
1   2   3   4   5  6A  6B    7    8   9   10  11  12  13   14  15   16   17  18
                                     12Z  AVG MX 2MIN
DY MAX MIN AVG DEP HDD CDD  WTR  SNW DPTH SPD SPD DIR MIN PSBL S-S WX    SPD DR
================================================================================

 1  59  43  51  33  14   0 0.42    M    0 11.1 29 210   M    M  10 1      39 220
 2  43   8  26   7  39   0 0.02    M    0 11.9 29 240   M    M   6 12     45 250
 3  19   0  10  -9  55   0    T    M    0  5.9 14 220   M    M   6 18     21 300
 4   4  -5   0 -19  65   0    T    M    0  6.0 15 290   M    M   4 18     22 290
 5  23 -15   4 -16  61   0 0.00  0.0    0  2.3 10  40   M    M   0        14 320
 6  42  -6  18  -2  47   0    T    M    0  2.6 12  50   M    M   8        15  50
 7  48  32  40  20  25   0 0.01    M    0  6.4 17 210   M    M  10 1      24 210
 8  48  32  40  19  25   0 0.16    M    0 13.3 31 240   M    M   7 1      49 230
 9  33  17  25   4  40   0 0.02    M    0 14.0 23 250   M    M  10 1      38 230
10  24  -1  12 -10  53   0    T    M    0  6.9 14 300   M    M  10 18     25 280
11   5  -9  -2 -24  67   0    T    M    0  9.4 17 260   M    M   7 8      29 250
12  10  -8   1 -22  64   0    T    M    0  6.4 14 290   M    M   3        22 300
13  18 -13   3 -20  62   0    T    M    0  3.0  9  60   M    M   3        14 230
14  14   9  12 -11  53   0 0.30    M    0 11.3 21  50   M    M  10 128    27  70
15  16   9  13 -11  52   0 0.07    M    0  8.3 17 300   M    M  10 18     31 310
16  22   7  15  -9  50   0    T    M    0  8.2 16 270   M    M   8 18     26 260
17  30  -6  12 -13  53   0 0.00  0.0    0  4.1 12 250   M    M   2        17 250
18  37 -18  10 -15  55   0 0.00    M    0  4.7 15  50   M    M   0        19  50
19  42  -3  20  -6  45   0 0.00  0.0    0  3.5 10  40   M    M   0         M  M
20  46  -4  21  -5  44   0 0.00    M    0  2.4 12 280   M    M   2        18 280
21  36  27  32   6  33   0 0.05    M    0  4.5 13 240   M    M  10 1      25 290
================================================================================
SM  619   96      1002   0  1.05     0.0 146.2          M      126
================================================================================
AV 29.5  4.6                               7.0 FASTST   M    M   6    MAX(MPH)
                                 MISC ---->  # 31 240               # 49  230
================================================================================
NOTES:
# LAST OF SEVERAL OCCURRENCES

COLUMN 17 PEAK WIND IN M.P.H.

PRELIMINARY LOCAL CLIMATOLOGICAL DATA (WS FORM: F-6) , PAGE 2

                                          STATION:  SARANAC LAKE NY
                                          MONTH:    MARCH
                                          YEAR:     2017
                                          LATITUDE:   44 23 N
                                          LONGITUDE:  74 12 W

[TEMPERATURE DATA]      [PRECIPITATION DATA]       SYMBOLS USED IN COLUMN 16

AVERAGE MONTHLY: 17.0   TOTAL FOR MONTH:   1.05    1 = FOG OR MIST
DPTR FM NORMAL:  -5.2   DPTR FM NORMAL:   -0.36    2 = FOG REDUCING VISIBILITY
HIGHEST:    59 ON  1    GRTST 24HR  0.42 ON  1- 1      TO 1/4 MILE OR LESS
LOWEST:    -18 ON 18                               3 = THUNDER
                        SNOW, ICE PELLETS, HAIL    4 = ICE PELLETS
                        TOTAL MONTH:   0.0 INCH    5 = HAIL
                        GRTST 24HR     0.0         6 = FREEZING RAIN OR DRIZZLE
                        GRTST DEPTH:   0           7 = DUSTSTORM OR SANDSTORM:
                                                       VSBY 1/2 MILE OR LESS
                                                   8 = SMOKE OR HAZE
[NO. OF DAYS WITH]      [WEATHER - DAYS WITH]      9 = BLOWING SNOW
                                                   X = TORNADO
MAX 32 OR BELOW:  11    0.01 INCH OR MORE:   8
MAX 90 OR ABOVE:   0    0.10 INCH OR MORE:   3
MIN 32 OR BELOW:  20    0.50 INCH OR MORE:   0
MIN  0 OR BELOW:  12    1.00 INCH OR MORE:   0

[HDD (BASE 65) ]
TOTAL THIS MO.  1002    CLEAR  (SCALE 0-3)   5
DPTR FM NORMAL   105    PTCLDY (SCALE 4-7)   9
TOTAL FM JUL 1  6698    CLOUDY (SCALE 8-10)  7
DPTR FM NORMAL  -904

[CDD (BASE 65) ]
TOTAL THIS MO.     0
DPTR FM NORMAL     0    [PRESSURE DATA]
TOTAL FM JAN 1     0    HIGHEST SLP M ON M
DPTR FM NORMAL     0    LOWEST  SLP 29.21 ON  1

[REMARKS]
