000
CXUS56 KMTR 201000
CF6SNS
PRELIMINARY LOCAL CLIMATOLOGICAL DATA (WS FORM: F-6)

                                          STATION:   SALINAS AIRPORT
                                          MONTH:     JANUARY
                                          YEAR:      2018
                                          LATITUDE:   36 40 N
                                          LONGITUDE: 121 36 W

  TEMPERATURE IN F:       :PCPN:    SNOW:  WIND      :SUNSHINE: SKY     :PK WND
================================================================================
1   2   3   4   5  6A  6B    7    8   9   10  11  12  13   14  15   16   17  18
                                     12Z  AVG MX 2MIN
DY MAX MIN AVG DEP HDD CDD  WTR  SNW DPTH SPD SPD DIR MIN PSBL S-S WX    SPD DR
================================================================================

 1  69  41  55   4  10   0 0.00  0.0    0  5.8 18 110   M    M   2 1      22 110
 2  67  50  59   8   6   0 0.00  0.0    0  6.9 20 100   M    M   0 8      24 110
 3  59  48  54   3  11   0 0.29    M    0 10.1 22  80   M    M   4 13     26 120
 4  70  52  61  10   4   0    T  0.0    0 12.6 23 110   M    M   4 1      28 110
 5  68  53  61  10   4   0    T  0.0    0  6.4 15 280   M    M   7 1      19 290
 6  62  48  55   4  10   0 0.04  0.0    0  3.5 10 290   M    M   7 1      13 280
 7  69  44  57   6   8   0 0.00  0.0    0  6.8 20 100   M    M   3 12     23 100
 8  62  54  58   7   7   0 0.61  0.0    0 14.1 25 110   M    M  10 1      30 120
 9  61  53  57   6   8   0 0.41  0.0    0 11.7 24 270   M    M  10 1      31 270
10  60  46  53   2  12   0 0.00  0.0    0  2.4  9 270   M    M   7        12 270
11  65  48  57   6   8   0 0.00  0.0    0  5.4 16 110   M    M   2 12     18 120
12  66  44  55   4  10   0 0.00  0.0    0  3.8 12 310   M    M   6 12     16 310
13  70  46  58   7   7   0 0.00  0.0    0 10.3 25 100   M    M   0        29 100
14  74  50  62  11   3   0 0.00  0.0    0  8.5 22 100   M    M   0        26 100
15  64  48  56   5   9   0 0.00  0.0    0  5.1 16 100   M    M   2 12     19 110
16  65  50  58   7   7   0    T  0.0    0  6.1 10 290   M    M   6 12     12  90
17  66  51  59   8   6   0 0.00  0.0    0  7.4 24 110   M    M   4 12     28 110
18  67  45  56   5   9   0 0.07    M    0  5.2 18 280   M    M   4 1      23 280
19  59  45  52   1  13   0 0.02    M    0  5.1 18 270   M    M   4 1      23 270
================================================================================
SM 1243  916       152   0  1.44     0.0 137.2          M       82
================================================================================
AV 65.4 48.2                               7.2 FASTST   M    M   4    MAX(MPH)
                                 MISC ---->  # 25 110               # 31  270
================================================================================
NOTES:
# LAST OF SEVERAL OCCURRENCES

COLUMN 17 PEAK WIND IN M.P.H.

PRELIMINARY LOCAL CLIMATOLOGICAL DATA (WS FORM: F-6) , PAGE 2

                                          STATION:  SALINAS AIRPORT
                                          MONTH:    JANUARY
                                          YEAR:     2018
                                          LATITUDE:   36 40 N
                                          LONGITUDE: 121 36 W

[TEMPERATURE DATA]      [PRECIPITATION DATA]       SYMBOLS USED IN COLUMN 16

AVERAGE MONTHLY: 56.8   TOTAL FOR MONTH:   1.44    1 = FOG OR MIST
DPTR FM NORMAL:   5.8   DPTR FM NORMAL:   -0.13    2 = FOG REDUCING VISIBILITY
HIGHEST:    74 ON 14    GRTST 24HR  0.61 ON  8- 8      TO 1/4 MILE OR LESS
LOWEST:     41 ON  1                               3 = THUNDER
                        SNOW, ICE PELLETS, HAIL    4 = ICE PELLETS
                        TOTAL MONTH:   0.0 INCH    5 = HAIL
                        GRTST 24HR     0.0         6 = FREEZING RAIN OR DRIZZLE
                        GRTST DEPTH:   0           7 = DUSTSTORM OR SANDSTORM:
                                                       VSBY 1/2 MILE OR LESS
                                                   8 = SMOKE OR HAZE
[NO. OF DAYS WITH]      [WEATHER - DAYS WITH]      9 = BLOWING SNOW
                                                   X = TORNADO
MAX 32 OR BELOW:   0    0.01 INCH OR MORE:   6
MAX 90 OR ABOVE:   0    0.10 INCH OR MORE:   3
MIN 32 OR BELOW:   0    0.50 INCH OR MORE:   1
MIN  0 OR BELOW:   0    1.00 INCH OR MORE:   0

[HDD (BASE 65) ]
TOTAL THIS MO.   152    CLEAR  (SCALE 0-3)   6
DPTR FM NORMAL  -114    PTCLDY (SCALE 4-7)  11
TOTAL FM JUL 1   930    CLOUDY (SCALE 8-10)  2
DPTR FM NORMAL  -389

[CDD (BASE 65) ]
TOTAL THIS MO.     0
DPTR FM NORMAL     0    [PRESSURE DATA]
TOTAL FM JAN 1     0    HIGHEST SLP M ON M
DPTR FM NORMAL     0    LOWEST  SLP 29.54 ON  9

[REMARKS]
