000
CXUS55 KPIH 261200
CF6SNT

PRELIMINARY LOCAL CLIMATOLOGICAL DATA (WS FORM: F-6)

                                          STATION:   STANLEY_ID
                                          MONTH:     MAY
                                          YEAR:      2015
                                          LATITUDE:   44 10 N
                                          LONGITUDE: 114 56 W

  TEMPERATURE IN F:       :PCPN:    SNOW:  WIND      :SUNSHINE: SKY     :PK WND
================================================================================
1   2   3   4   5  6A  6B    7    8   9   10  11  12  13   14  15   16   17  18
                                     12Z  AVG MX 2MIN
DY MAX MIN AVG DEP HDD CDD  WTR  SNW DPTH SPD SPD DIR MIN PSBL S-S WX    SPD DR
================================================================================

 1  67  21  44   6  21   0 0.00    M    M  4.2 13 290   M    M   0        20 270
 2  68  24  46   7  19   0 0.00    M    M  4.5 17 270   M    M   0        28 310
 3  66  26  46   7  19   0 0.00    M    M  4.6 18 180   M    M   0        28 210
 4  63  24  44   4  21   0 0.00    M    M  1.9 12 150   M    M   0        17 190
 5  61  29  45   5  20   0    M    M    M  1.7 12 310   M    M   0        17 300
 6  55  21  38  -2  27   0 0.00    M    M  3.9 16  50   M    M   0        21 360
 7  54  36  45   5  20   0 0.02    M    M  4.8 16 170   M    M   0        24 170
 8  57  32  45   4  20   0 0.02    M    M  3.4 17 160   M    M   0        25 170
 9  62  23  43   2  22   0 0.00    M    M  5.1 16 350   M    M   0        23 350
10  62  20  41  -1  24   0 0.00    M    M  4.0 15  10   M    M   0        24 350
11  61  29  45   3  20   0 0.07    M    M  4.9 20 200   M    M   0        26 190
12  54  35  45   3  20   0 0.49    M    M  3.3 14 150   M    M   0        23 150
13  58  31  45   3  20   0 0.04    M    M  6.1 14 180   M    M   0        20 140
14  62  31  47   4  18   0 0.00    M    M  5.3 17 150   M    M   0        24 160
15  49  37  43   0  22   0 0.38    M    M  2.4 12  50   M    M   0        16  60
16  56  40  48   5  17   0 0.03    M    M  8.0 18 320   M    M   0        26 310
17  56  36  46   2  19   0 0.00    M    M  3.8 13 140   M    M   0        20 160
18  59  34  47   3  18   0 0.10    M    M  2.8 15 350   M    M   0        20 350
19  58  38  48   4  17   0 0.05    M    M  2.5 10  60   M    M   0        14 340
20  55  38  47   3  18   0 0.18    M    M  2.3 15 100   M    M   0        22 100
21  59  37  48   3  17   0 0.31    M    M  3.3 15 140   M    M   0        22 140
22  59  38  49   4  16   0 0.20    M    M  1.8 18  40   M    M   0        24  50
23  66  38  52   7  13   0 0.02    M    M  4.0 20  30   M    M   0        29  20
24  65  33  49   4  16   0 0.00    M    M  3.5 18  30   M    M   0        23 360
25  66  31  49   3  16   0 0.22    M    M  4.0 17  10   M    M   0        23  20
================================================================================
SM 1498  782       480   0  2.13    M     96.1          M        0
================================================================================
AV 59.9 31.3                               3.8 FASTST   M    M   0    MAX(MPH)
                                 MISC ---->  # 20 200               # 29   20
================================================================================
NOTES:
# LAST OF SEVERAL OCCURRENCES

COLUMN 17 PEAK WIND IN M.P.H.

PRELIMINARY LOCAL CLIMATOLOGICAL DATA (WS FORM: F-6) , PAGE 2

                                          STATION:  STANLEY_ID
                                          MONTH:    MAY
                                          YEAR:     2015
                                          LATITUDE:   44 10 N
                                          LONGITUDE: 114 56 W

[TEMPERATURE DATA]      [PRECIPITATION DATA]       SYMBOLS USED IN COLUMN 16

AVERAGE MONTHLY: 45.6   TOTAL FOR MONTH:   2.13    1 = FOG OR MIST
DPTR FM NORMAL:   3.3   DPTR FM NORMAL:    0.73    2 = FOG REDUCING VISIBILITY
HIGHEST:    68 ON  2    GRTST 24HR  0.53 ON 12-13      TO 1/4 MILE OR LESS
LOWEST:     20 ON 10                               3 = THUNDER
                        SNOW, ICE PELLETS, HAIL    4 = ICE PELLETS
                        TOTAL MONTH:    M          5 = HAIL
                        GRTST 24HR    M  ON   M    6 = FREEZING RAIN OR DRIZZLE
                        GRTST DEPTH:  M  ON   M    7 = DUSTSTORM OR SANDSTORM:
                                                       VSBY 1/2 MILE OR LESS
                                                   8 = SMOKE OR HAZE
[NO. OF DAYS WITH]      [WEATHER - DAYS WITH]      9 = BLOWING SNOW
                                                   X = TORNADO
MAX 32 OR BELOW:   0    0.01 INCH OR MORE:  14
MAX 90 OR ABOVE:   0    0.10 INCH OR MORE:   7
MIN 32 OR BELOW:  13    0.50 INCH OR MORE:   0
MIN  0 OR BELOW:   0    1.00 INCH OR MORE:   0

[HDD (BASE 65) ]
TOTAL THIS MO.   480    CLEAR  (SCALE 0-3)  25
DPTR FM NORMAL   -90    PTCLDY (SCALE 4-7)   0
TOTAL FM JUL 1  8623    CLOUDY (SCALE 8-10)  0
DPTR FM NORMAL -1607

[CDD (BASE 65) ]
TOTAL THIS MO.     0
DPTR FM NORMAL     0    [PRESSURE DATA]
TOTAL FM JAN 1     0    HIGHEST SLP M ON M
DPTR FM NORMAL     0    LOWEST  SLP 29.55 ON 12

[REMARKS]
