000
CXUS56 KPQR 281200
CF6SPB
PRELIMINARY LOCAL CLIMATOLOGICAL DATA (WS FORM: F-6)

                                          STATION:   SCAPPOOSE OR
                                          MONTH:     JUNE
                                          YEAR:      2017
                                          LATITUDE:   45 46 N
                                          LONGITUDE: 122 50 W

  TEMPERATURE IN F:       :PCPN:    SNOW:  WIND      :SUNSHINE: SKY     :PK WND
================================================================================
1   2   3   4   5  6A  6B    7    8   9   10  11  12  13   14  15   16   17  18
                                     12Z  AVG MX 2MIN
DY MAX MIN AVG DEP HDD CDD  WTR  SNW DPTH SPD SPD DIR MIN PSBL S-S WX    SPD DR
================================================================================

 1  72  53  63   5   2   0 0.03  0.0    0  4.3 14 220   M    M   9 1      20 220
 2  74  52  63   4   2   0 0.00  0.0    0  3.8  9 360   M    M   5        14 100
 3  66  53  60   1   5   0 0.00  0.0    0  5.8 13 330   M    M   9        18 330
 4  68  50  59   0   6   0 0.00  0.0    0  6.9 14 360   M    M   6        20 340
 5  78  42  60   1   5   0 0.00  0.0    0  5.6 13 330   M    M   0        18 310
 6  85  56  71  12   0   6 0.00  0.0    0  5.0 14 340   M    M   0        21 330
 7  78  48  63   4   2   0 0.04  0.0    0  3.5 12 140   M    M   3        16 130
 8  67  51  59   0   6   0 0.18  0.0    0  4.5 14 240   M    M   9 1      18 300
 9  64  48  56  -4   9   0 0.06  0.0    0  4.7 18 210   M    M   8 1      26 210
10  62  47  55  -5  10   0 0.31  0.0    0  3.0 13 350   M    M   8 18     19 360
11  71  49  60   0   5   0 0.00  0.0    0  6.8 15 360   M    M   5        24 290
12  62  45  54  -6  11   0    T  0.0    0  3.5 15 310   M    M   9        22 320
13  62  49  56  -4   9   0 0.25  0.0    0  3.1 12  70   M    M  10        13  70
14  64  46  55  -5  10   0    T  0.0    0  2.3  8 120   M    M   7        11 120
15  62  52  57  -3   8   0 0.34  0.0    0  6.3 14 140   M    M  10        21 150
16  62  56  59  -2   6   0    T  0.0    0  4.0  9 360   M    M  10        12  10
17  68  53  61   0   4   0    T  0.0    0  2.7  9 120   M    M  10        12 130
18  77  57  67   6   0   2 0.00  0.0    0  4.6 12 330   M    M   6        17 340
19  85  63  74  13   0   9 0.00  0.0    0  7.9 15 350   M    M   0        21 360
20  77  51  64   3   1   0 0.00  0.0    0  7.2 20 320   M    M   4        29 330
21  74  43  59  -3   6   0 0.00  0.0    0  6.9 17 360   M    M   0        22  40
22  81  53  67   5   0   2 0.00  0.0    0 11.5 20 360   M    M   0        25 360
23  89  60  75  13   0  10 0.00  0.0    0  9.3 16 360   M    M   0        22  10
24  97  55  76  14   0  11 0.00  0.0    0  3.7 10 360   M    M   0        13  50
25 101  56  79  17   0  14 0.00  0.0    0  5.1 15 330   M    M   0        22 320
26  77  56  67   4   0   2 0.00  0.0    0  7.3 15 330   M    M   1 3      21 320
27  74  54  64   1   1   0 0.00  0.0    0  5.4 14 340   M    M   4        19 320
================================================================================
SM 1997 1398       108  56  1.21     0.0 144.7          M      133
================================================================================
AV 74.0 51.8                               5.4 FASTST   M    M   5    MAX(MPH)
                                 MISC ---->  # 20 320               # 29  330
================================================================================
NOTES:
# LAST OF SEVERAL OCCURRENCES

COLUMN 17 PEAK WIND IN M.P.H.

PRELIMINARY LOCAL CLIMATOLOGICAL DATA (WS FORM: F-6) , PAGE 2

                                          STATION:  SCAPPOOSE OR
                                          MONTH:    JUNE
                                          YEAR:     2017
                                          LATITUDE:   45 46 N
                                          LONGITUDE: 122 50 W

[TEMPERATURE DATA]      [PRECIPITATION DATA]       SYMBOLS USED IN COLUMN 16

AVERAGE MONTHLY: 62.9   TOTAL FOR MONTH:   1.21    1 = FOG OR MIST
DPTR FM NORMAL:   2.4   DPTR FM NORMAL:   -0.41    2 = FOG REDUCING VISIBILITY
HIGHEST:   101 ON 25    GRTST 24HR  0.34 ON 15-15      TO 1/4 MILE OR LESS
LOWEST:     42 ON  5                               3 = THUNDER
                        SNOW, ICE PELLETS, HAIL    4 = ICE PELLETS
                        TOTAL MONTH:   0.0 INCH    5 = HAIL
                        GRTST 24HR     0.0         6 = FREEZING RAIN OR DRIZZLE
                        GRTST DEPTH:   0           7 = DUSTSTORM OR SANDSTORM:
                                                       VSBY 1/2 MILE OR LESS
                                                   8 = SMOKE OR HAZE
[NO. OF DAYS WITH]      [WEATHER - DAYS WITH]      9 = BLOWING SNOW
                                                   X = TORNADO
MAX 32 OR BELOW:   0    0.01 INCH OR MORE:   7
MAX 90 OR ABOVE:   2    0.10 INCH OR MORE:   4
MIN 32 OR BELOW:   0    0.50 INCH OR MORE:   0
MIN  0 OR BELOW:   0    1.00 INCH OR MORE:   0

[HDD (BASE 65) ]
TOTAL THIS MO.   108    CLEAR  (SCALE 0-3)  10
DPTR FM NORMAL   -36    PTCLDY (SCALE 4-7)   9
TOTAL FM JUL 1  4971    CLOUDY (SCALE 8-10)  8
DPTR FM NORMAL    47

[CDD (BASE 65) ]
TOTAL THIS MO.    56
DPTR FM NORMAL    39    [PRESSURE DATA]
TOTAL FM JAN 1    83    HIGHEST SLP M ON M
DPTR FM NORMAL    60    LOWEST  SLP 29.65 ON  8

[REMARKS]
