000
CXUS54 KOUN 270700
CF6SPS
PRELIMINARY LOCAL CLIMATOLOGICAL DATA (WS FORM: F-6)

                                          STATION:   WICHITA FALLS
                                          MONTH:     MARCH
                                          YEAR:      2017
                                          LATITUDE:   33 58 N
                                          LONGITUDE:  98 29 W

  TEMPERATURE IN F:       :PCPN:    SNOW:  WIND      :SUNSHINE: SKY     :PK WND
================================================================================
1   2   3   4   5  6A  6B    7    8   9   10  11  12  13   14  15   16   17  18
                                     12Z  AVG MX 2MIN
DY MAX MIN AVG DEP HDD CDD  WTR  SNW DPTH SPD SPD DIR MIN PSBL S-S WX    SPD DR
================================================================================

 1  70  39  55   5  10   0 0.00  0.0    0 13.6 36 320   M    M   1        43 310
 2  64  28  46  -4  19   0 0.00  0.0    0  4.6 13 110   M    M   1        15 190
 3  70  34  52   2  13   0 0.00  0.0    0 10.3 23 190   M    M   3        28 200
 4  60  40  50  -1  15   0    T  0.0    0 15.5 28 170   M    M   8 1      34 170
 5  68  53  61  10   4   0 0.01  0.0    0 16.7 25 160   M    M   8 1      30 160
 6  84  58  71  20   0   6 0.00  0.0    0 18.9 33 200   M    M   6        43 190
 7  67  38  53   1  12   0 0.00  0.0    0  9.6 31 360   M    M   2 8      37 360
 8  77  34  56   4   9   0 0.00  0.0    0 11.5 28 190   M    M   1        34 190
 9  80  50  65  13   0   0 0.00  0.0    0 11.4 23 210   M    M   3 12     36 170
10  64  49  57   5   8   0 0.00  0.0    0 10.5 23  40   M    M   6        28  70
11  65  43  54   1  11   0 0.04  0.0    0 13.2 31  20   M    M   9        37  20
12  48  39  44  -9  21   0 0.00  0.0    0  9.8 20  40   M    M  10        23  20
13  60  32  46  -7  19   0 0.04  0.0    0 12.7 28  10   M    M   5 1      32  10
14  65  31  48  -6  17   0 0.00  0.0    0  8.0 20  60   M    M   3        25  60
15  65  34  50  -4  15   0 0.00  0.0    0 10.9 20 170   M    M   1        25 180
16  79  47  63   9   2   0 0.00  0.0    0 16.3 28 160   M    M   2        33 150
17  86  58  72  18   0   7 0.00  0.0    0 11.6 22 180   M    M   4        29 190
18  86  57  72  17   0   7 0.00  0.0    0  9.6 17 170   M    M   2 1      26 150
19  88  57  73  18   0   8 0.00  0.0    0 15.1 26 180   M    M   0        32 190
20  92  57  75  20   0  10 0.00  0.0    0 17.9 29 200   M    M   1        35 210
21  87  58  73  17   0   8 0.00  0.0    0 12.4 22 210   M    M   1        28 210
22  80  51  66  10   0   1 0.00  0.0    0 11.4 21  80   M    M   1        26 150
23  86  59  73  17   0   8 0.00  0.0    0 21.7 40 170   M    M   2 8      48 170
24  79  54  67  11   0   2 0.02  0.0    0 22.7 39 240   M    M   4        51 230
25  69  48  59   2   6   0 0.00  0.0    0 11.5 25 290   M    M   3        32 290
26  83  45  64   7   1   0 0.00  0.0    0 12.4 26 180   M    M   2        32 180
================================================================================
SM 1922 1193       182  57  0.11     0.0 339.8          M       89
================================================================================
AV 73.9 45.9                              13.1 FASTST   M    M   3    MAX(MPH)
                                 MISC ---->  # 40 170               # 51  230
================================================================================
NOTES:
# LAST OF SEVERAL OCCURRENCES

COLUMN 17 PEAK WIND IN M.P.H.

PRELIMINARY LOCAL CLIMATOLOGICAL DATA (WS FORM: F-6) , PAGE 2

                                          STATION:  WICHITA FALLS
                                          MONTH:    MARCH
                                          YEAR:     2017
                                          LATITUDE:   33 58 N
                                          LONGITUDE:  98 29 W

[TEMPERATURE DATA]      [PRECIPITATION DATA]       SYMBOLS USED IN COLUMN 16

AVERAGE MONTHLY: 59.9   TOTAL FOR MONTH:   0.11    1 = FOG OR MIST
DPTR FM NORMAL:   6.5   DPTR FM NORMAL:   -1.77    2 = FOG REDUCING VISIBILITY
HIGHEST:    92 ON 20    GRTST 24HR  0.04 ON 13-13      TO 1/4 MILE OR LESS
LOWEST:     28 ON  2                               3 = THUNDER
                        SNOW, ICE PELLETS, HAIL    4 = ICE PELLETS
                        TOTAL MONTH:   0.0 INCH    5 = HAIL
                        GRTST 24HR     0.0         6 = FREEZING RAIN OR DRIZZLE
                        GRTST DEPTH:   0           7 = DUSTSTORM OR SANDSTORM:
                                                       VSBY 1/2 MILE OR LESS
                                                   8 = SMOKE OR HAZE
[NO. OF DAYS WITH]      [WEATHER - DAYS WITH]      9 = BLOWING SNOW
                                                   X = TORNADO
MAX 32 OR BELOW:   0    0.01 INCH OR MORE:   4
MAX 90 OR ABOVE:   1    0.10 INCH OR MORE:   0
MIN 32 OR BELOW:   3    0.50 INCH OR MORE:   0
MIN  0 OR BELOW:   0    1.00 INCH OR MORE:   0

[HDD (BASE 65) ]
TOTAL THIS MO.   182    CLEAR  (SCALE 0-3)  16
DPTR FM NORMAL  -134    PTCLDY (SCALE 4-7)   8
TOTAL FM JUL 1  2026    CLOUDY (SCALE 8-10)  2
DPTR FM NORMAL  -736

[CDD (BASE 65) ]
TOTAL THIS MO.    57
DPTR FM NORMAL    45    [PRESSURE DATA]
TOTAL FM JAN 1    75    HIGHEST SLP M ON M
DPTR FM NORMAL    60    LOWEST  SLP 29.56 ON  6

[REMARKS]
