000
CXUS54 KLZK 011330
CF6SRC
PRELIMINARY LOCAL CLIMATOLOGICAL DATA (WS FORM: F-6)

                                          STATION:   Searcy Airport
                                          MONTH:     AUGUST
                                          YEAR:      2014
                                          LATITUDE:   35 12 N
                                          LONGITUDE:  91 44 W

  TEMPERATURE IN F:       :PCPN:    SNOW:  WIND      :SUNSHINE: SKY     :PK WND
================================================================================
1   2   3   4   5  6A  6B    7    8   9   10  11  12  13   14  15   16   17  18
                                     12Z  AVG MX 2MIN
DY MAX MIN AVG DEP HDD CDD  WTR  SNW DPTH SPD SPD DIR MIN PSBL S-S WX    SPD DR
================================================================================

 1  80  68  74  -8   0   9 0.00  0.0    0  4.6  9  30   M    M   7 1       M  M
 2  87  66  77  -5   0  12 0.00  0.0    0  6.1 10  80   M    M   1         M  M
 3  87  67  77  -5   0  12 0.00  0.0    0  6.4 13  30   M    M   0         M  M
 4  89  65  77  -5   0  12 0.00  0.0    0  4.1 10  40   M    M   0         M  M
 5  93  63  78  -3   0  13 0.00  0.0    0  2.1  7 220   M    M   0 1       M  M
 6  94  66  80  -1   0  15 0.00  0.0    0  3.1  9 210   M    M   0 1       M  M
 7  90  72  81   0   0  16    T  0.0    0  4.1  8 280   M    M   0 1       M  M
 8  91  72  82   1   0  17 0.81  0.0    0  4.7  9 220   M    M   2 12      M  M
 9  89  71  80  -1   0  15    T  0.0    0  5.2 13 230   M    M   1         M  M
10  94  69  82   1   0  17 0.00  0.0    0  3.8  8 240   M    M   0         M  M
11  90  73  82   1   0  17 0.00  0.0    0  3.6 12 320   M    M   1         M  M
12  86  64  75  -6   0  10 0.00  0.0    0  6.2 12  10   M    M   1         M  M
13  86  61  74  -7   0   9 0.00  0.0    0  4.4  8 200   M    M   0         M  M
14  88  61  75  -6   0  10 0.00  0.0    0  2.9  8 170   M    M   0         M  M
15  90  64  77  -4   0  12 0.00  0.0    0  3.5  8 200   M    M   1 1       M  M
16  92  64  78  -3   0  13 0.00  0.0    0  5.8 10 190   M    M   0 12      M  M
17  95  76  86   5   0  21 0.00  0.0    0  6.6 10 220   M    M   0         M  M
18  90  70  80  -1   0  15 0.09  0.0    0  4.7 12 210   M    M   2 1       M  M
19  94  67  81   1   0  16 0.11  0.0    0  1.1  6  99   M    M   1 1       M  M
20  94  73  84   4   0  19 0.00  0.0    0  0.0  M   M   M    M   0         M  M
21  94  73  84   4   0  19 0.00  0.0    0  0.0  M   M   M    M   0         M  M
22  96  73  85   5   0  20 0.00  0.0    0  0.0  M   M   M    M   0         M  M
23  98  74  86   6   0  21 0.00  0.0    0  0.0  M   M   M    M   0         M  M
24  98  73  86   6   0  21 0.00  0.0    0  0.0  M   M   M    M   0         M  M
25  97  74  86   6   0  21 0.00  0.0    0  0.0  M   M   M    M   0         M  M
26  97  74  86   7   0  21 0.00  0.0    0  0.0  M   M   M    M   0 1       M  M
27  94  73  84   5   0  19 0.00  0.0    0  1.2  7 270   M    M   1 1       M  M
28  94  69  82   3   0  17 0.00  0.0    0  0.6  5 260   M    M   0 1       M  M
29  93  67  80   1   0  15 0.18  0.0    0  3.6 15 150   M    M   1 18     16 250
30  85  72  79   1   0  14 0.00  0.0    0  3.6 12 220   M    M   2         M  M
31  88  73  81   3   0  16 0.00  0.0    0  1.6  5 220   M    M   6         M  M
================================================================================
SM 2833 2147         0 484  1.19     0.0  93.6          M       27
================================================================================
AV 91.4 69.3                               3.0 FASTST   M    M   1    MAX(MPH)
                                 MISC ---->  # 15 150                 16    M
================================================================================
NOTES:
# LAST OF SEVERAL OCCURRENCES

COLUMN 17 PEAK WIND IN M.P.H.

PRELIMINARY LOCAL CLIMATOLOGICAL DATA (WS FORM: F-6) , PAGE 2

                                          STATION:  Searcy Airport
                                          MONTH:    AUGUST
                                          YEAR:     2014
                                          LATITUDE:   35 12 N
                                          LONGITUDE:  91 44 W

[TEMPERATURE DATA]      [PRECIPITATION DATA]       SYMBOLS USED IN COLUMN 16

AVERAGE MONTHLY: 80.3   TOTAL FOR MONTH:   1.19    1 = FOG OR MIST
DPTR FM NORMAL:  -0.2   DPTR FM NORMAL:   -1.50    2 = FOG REDUCING VISIBILITY
HIGHEST:    98 ON 24,23 GRTST 24HR  0.81 ON  8- 8      TO 1/4 MILE OR LESS
LOWEST:     61 ON 14,13                            3 = THUNDER
                        SNOW, ICE PELLETS, HAIL    4 = ICE PELLETS
                        TOTAL MONTH:   0.0 INCH    5 = HAIL
                        GRTST 24HR     0.0         6 = FREEZING RAIN OR DRIZZLE
                        GRTST DEPTH:   0           7 = DUSTSTORM OR SANDSTORM:
                                                       VSBY 1/2 MILE OR LESS
                                                   8 = SMOKE OR HAZE
[NO. OF DAYS WITH]      [WEATHER - DAYS WITH]      9 = BLOWING SNOW
                                                   X = TORNADO
MAX 32 OR BELOW:   0    0.01 INCH OR MORE:   4
MAX 90 OR ABOVE:  21    0.10 INCH OR MORE:   3
MIN 32 OR BELOW:   0    0.50 INCH OR MORE:   1
MIN  0 OR BELOW:   0    1.00 INCH OR MORE:   0

[HDD (BASE 65) ]
TOTAL THIS MO.     0    CLEAR  (SCALE 0-3)  29
DPTR FM NORMAL     0    PTCLDY (SCALE 4-7)   2
TOTAL FM JUL 1     0    CLOUDY (SCALE 8-10)  0
DPTR FM NORMAL     0

[CDD (BASE 65) ]
TOTAL THIS MO.   484
DPTR FM NORMAL     4    [PRESSURE DATA]
TOTAL FM JAN 1  1454    HIGHEST SLP M ON M
DPTR FM NORMAL  -145    LOWEST  SLP M ON M

[REMARKS]
#FINAL-08-14#
