000
CXUS55 KTBW 241000
CF6SRQ
PRELIMINARY LOCAL CLIMATOLOGICAL DATA (WS FORM: F-6)

                                          STATION:   Sarasota Bradenton
                                          MONTH:     JULY
                                          YEAR:      2016
                                          LATITUDE:   27 23 N
                                          LONGITUDE:  82 33 W

  TEMPERATURE IN F:       :PCPN:    SNOW:  WIND      :SUNSHINE: SKY     :PK WND
================================================================================
1   2   3   4   5  6A  6B    7    8   9   10  11  12  13   14  15   16   17  18
                                     12Z  AVG MX 2MIN
DY MAX MIN AVG DEP HDD CDD  WTR  SNW DPTH SPD SPD DIR MIN PSBL S-S WX    SPD DR
================================================================================

 1  92  78  85   3   0  20 0.00  0.0    0  7.1 13 280   M    M   1        16 270
 2  92  77  85   3   0  20 0.00  0.0    0  5.9 15  60   M    M   0 3      23  40
 3  92  76  84   2   0  19    T  0.0    0  5.7 16 140   M    M   1 3      19 140
 4  94  78  86   4   0  21 0.00  0.0    0  4.4 13 260   M    M   1 38     16 270
 5  94  79  87   5   0  22 0.00  0.0    0  6.5 13 290   M    M   1        16 280
 6  94  80  87   5   0  22 0.00  0.0    0  6.3 12 310   M    M   0 3      16 290
 7  93  79  86   4   0  21 0.12  0.0    0  7.0 21 160   M    M   1 3      24 160
 8  96  78  87   5   0  22 0.05  0.0    0  5.2 16 290   M    M   1 3      23 270
 9  94  79  87   5   0  22 0.10  0.0    0  4.5 15  70   M    M   2 38     20  70
10  93  79  86   4   0  21    T  0.0    0  4.4 10 260   M    M   2 3      14 270
11  95  78  87   5   0  22 0.00  0.0    0  6.6 13 260   M    M   1 3      16 260
12  95  76  86   4   0  21 0.89  0.0    0  6.4 23  80   M    M   0 3      29  80
13  95  74  85   3   0  20 0.70  0.0    0  7.6 28  90   M    M   1 138    34 110
14  93  75  84   2   0  19 0.02  0.0    0  5.1 24 140   M    M   2 3      30 140
15  93  76  85   3   0  20    T  0.0    0  6.8 14 160   M    M   2 3      16 160
16  93  76  85   3   0  20 0.99  0.0    0  7.7 30 150   M    M   2 13     39 140
17  96  76  86   4   0  21    T  0.0    0  7.3 25 180   M    M   2 3      30 180
18  96  78  87   5   0  22    T  0.0    0  8.9 21  80   M    M   1 3      27  70
19  95  76  86   4   0  21 0.04  0.0    0  6.2 25 120   M    M   1 3      33 120
20  96  76  86   4   0  21 0.02  0.0    0  5.7 16 100   M    M   2 3      22 100
21  95  77  86   4   0  21 0.34  0.0    0  5.5 26  90   M    M   1 3      32  90
22  92  75  84   2   0  19 0.69  0.0    0  6.0 23 110   M    M   0 13     28 120
23  92  74  83   1   0  18 0.00  0.0    0  6.1 13 270   M    M   0 3      16 250
================================================================================
SM 2160 1770         0 475  3.96     0.0 142.9          M       25
================================================================================
AV 93.9 77.0                               6.2 FASTST   M    M   1    MAX(MPH)
                                 MISC ---->  # 30 150               # 39  140
================================================================================
NOTES:
# LAST OF SEVERAL OCCURRENCES

COLUMN 17 PEAK WIND IN M.P.H.

PRELIMINARY LOCAL CLIMATOLOGICAL DATA (WS FORM: F-6) , PAGE 2

                                          STATION:  Sarasota Bradenton
                                          MONTH:    JULY
                                          YEAR:     2016
                                          LATITUDE:   27 23 N
                                          LONGITUDE:  82 33 W

[TEMPERATURE DATA]      [PRECIPITATION DATA]       SYMBOLS USED IN COLUMN 16

AVERAGE MONTHLY: 85.4   TOTAL FOR MONTH:   3.96    1 = FOG OR MIST
DPTR FM NORMAL:   3.4   DPTR FM NORMAL:   -1.92    2 = FOG REDUCING VISIBILITY
HIGHEST:    96 ON 20,18 GRTST 24HR  0.99 ON 16-16      TO 1/4 MILE OR LESS
LOWEST:     74 ON 23,13                            3 = THUNDER
                        SNOW, ICE PELLETS, HAIL    4 = ICE PELLETS
                        TOTAL MONTH:   0.0 INCH    5 = HAIL
                        GRTST 24HR     0.0         6 = FREEZING RAIN OR DRIZZLE
                        GRTST DEPTH:   0           7 = DUSTSTORM OR SANDSTORM:
                                                       VSBY 1/2 MILE OR LESS
                                                   8 = SMOKE OR HAZE
[NO. OF DAYS WITH]      [WEATHER - DAYS WITH]      9 = BLOWING SNOW
                                                   X = TORNADO
MAX 32 OR BELOW:   0    0.01 INCH OR MORE:  11
MAX 90 OR ABOVE:  23    0.10 INCH OR MORE:   7
MIN 32 OR BELOW:   0    0.50 INCH OR MORE:   4
MIN  0 OR BELOW:   0    1.00 INCH OR MORE:   0

[HDD (BASE 65) ]
TOTAL THIS MO.     0    CLEAR  (SCALE 0-3)  23
DPTR FM NORMAL     0    PTCLDY (SCALE 4-7)   0
TOTAL FM JUL 1     0    CLOUDY (SCALE 8-10)  0
DPTR FM NORMAL     0

[CDD (BASE 65) ]
TOTAL THIS MO.   475
DPTR FM NORMAL    77    [PRESSURE DATA]
TOTAL FM JAN 1  1996    HIGHEST SLP M ON M
DPTR FM NORMAL   375    LOWEST  SLP 29.97 ON 23

[REMARKS]
