000
CXUS54 KEPZ 261200
CF6SRR
PRELIMINARY LOCAL CLIMATOLOGICAL DATA (WS FORM: F-6)

                                          STATION:   RUIDOSO        AWOS
                                          MONTH:     JANUARY
                                          YEAR:      2015
                                          LATITUDE:   33 28 N
                                          LONGITUDE: 105 32 W

  TEMPERATURE IN F:       :PCPN:    SNOW:  WIND      :SUNSHINE: SKY     :PK WND
================================================================================
1   2   3   4   5  6A  6B    7    8   9   10  11  12  13   14  15   16   17  18
                                     12Z  AVG MX 2MIN
DY MAX MIN AVG DEP HDD CDD  WTR  SNW DPTH SPD SPD DIR MIN PSBL S-S WX    SPD DR
================================================================================

 1  39   9  24   M  41   0 0.05    M    0  7.5 22 220   M    M   7 23     32 220
 2  32  19  26   M  39   0 0.00  0.0    0  5.1 10 150   M    M  10         M  M
 3  34  21  28   M  37   0 0.01    M    0 13.8 29 310   M    M   2        39 300
 4  45  19  32   M  33   0 0.00  0.0    0  8.9 16 310   M    M   0        24 310
 5  54  28  41   M  24   0 0.00  0.0    0  7.6 15 310   M    M   0        25 310
 6  57  41  49   M  16   0 0.00  0.0    0  9.8 18 310   M    M   0        25 310
 7  46  16  31   M  34   0 0.00  0.0    0  8.1 21 150   M    M   6 12     24 130
 8  48  16  32   M  33   0    T  0.0    0  7.3 12 280   M    M   0 1       M  M
 9  34  21  28   M  37   0 0.00  0.0    0  9.4 15 130   M    M   9 12     20 130
10  43  23  33   M  32   0 0.00  0.0    0  6.9 10 270   M    M   2 1      16 300
11  48  28  38   M  27   0 0.00  0.0    0 12.0 29 280   M    M   0 1      37 280
12  39  25  32   M  33   0 0.02    M    0  7.8 13 270   M    M   7 12      M  M
13  30  23  27   M  38   0 0.00  0.0    0  4.1  9 150   M    M  10 12      M  M
14  28  23  26   M  39   0    M    M    M  6.2 16 290   M    M   8 12     21 290
15  45  27  36   M  29   0 0.00  0.0    0  6.5 14 300   M    M   0         M  M
16  50  27  39   M  26   0 0.00  0.0    0  9.3 14 320   M    M   0        20 320
17  54  34  44   M  21   0 0.00  0.0    0  9.2 17 320   M    M   0        29 320
18  57  32  45   M  20   0 0.00  0.0    0  9.3 21 300   M    M   0        32 300
19  57  41  49   M  16   0 0.00  0.0    0 10.7 20 300   M    M   0        32 290
20  55  34  45   M  20   0 0.00  0.0    0  7.8 15 290   M    M   0        25 320
21  34  27  31   M  34   0 0.01    M    0  7.1 13  90   M    M   8 12      M  M
22  27  14  21   M  44   0 0.00  0.0    0  9.4 18 110   M    M  10        27 110
23  36  10  23   M  42   0 0.01    M    0  9.8 15 300   M    M   0        23 290
24  45  19  32   M  33   0 0.00  0.0    0  7.4 21 310   M    M   0        35 310
25  50  28  39   M  26   0 0.00  0.0    0  7.5 18 290   M    M   0        24 290
================================================================================
SM 1087  605       774   0  0.10     0.0 208.5          M       79
================================================================================
AV 43.5 24.2                               8.3 FASTST   M    M   3    MAX(MPH)
                                 MISC ---->    29   M                 39    M
================================================================================
NOTES:
# LAST OF SEVERAL OCCURRENCES

COLUMN 17 PEAK WIND IN M.P.H.

PRELIMINARY LOCAL CLIMATOLOGICAL DATA (WS FORM: F-6) , PAGE 2

                                          STATION:  RUIDOSO        AWOS
                                          MONTH:    JANUARY
                                          YEAR:     2015
                                          LATITUDE:   33 28 N
                                          LONGITUDE: 105 32 W

[TEMPERATURE DATA]      [PRECIPITATION DATA]       SYMBOLS USED IN COLUMN 16

AVERAGE MONTHLY: 33.8   TOTAL FOR MONTH:   0.10    1 = FOG OR MIST
DPTR FM NORMAL:     M   DPTR FM NORMAL:       M    2 = FOG REDUCING VISIBILITY
HIGHEST:    57 ON 19,18 GRTST 24HR  0.05 ON  1- 1      TO 1/4 MILE OR LESS
LOWEST:      9 ON  1                               3 = THUNDER
                        SNOW, ICE PELLETS, HAIL    4 = ICE PELLETS
                        TOTAL MONTH:   0.0 INCH    5 = HAIL
                        GRTST 24HR     0.0         6 = FREEZING RAIN OR DRIZZLE
                        GRTST DEPTH:   0           7 = DUSTSTORM OR SANDSTORM:
                                                       VSBY 1/2 MILE OR LESS
                                                   8 = SMOKE OR HAZE
[NO. OF DAYS WITH]      [WEATHER - DAYS WITH]      9 = BLOWING SNOW
                                                   X = TORNADO
MAX 32 OR BELOW:   4    0.01 INCH OR MORE:   5
MAX 90 OR ABOVE:   0    0.10 INCH OR MORE:   0
MIN 32 OR BELOW:  21    0.50 INCH OR MORE:   0
MIN  0 OR BELOW:   0    1.00 INCH OR MORE:   0

[HDD (BASE 65) ]
TOTAL THIS MO.   774    CLEAR  (SCALE 0-3)  16
DPTR FM NORMAL     M    PTCLDY (SCALE 4-7)   5
TOTAL FM JUL 1  2695    CLOUDY (SCALE 8-10)  4
DPTR FM NORMAL     M

[CDD (BASE 65) ]
TOTAL THIS MO.     0
DPTR FM NORMAL     M    [PRESSURE DATA]
TOTAL FM JAN 1     0    HIGHEST SLP M ON M
DPTR FM NORMAL     M    LOWEST  SLP M ON M

[REMARKS]
