000
CXUS52 KJAX 310800
CF6SSI
PRELIMINARY LOCAL CLIMATOLOGICAL DATA (WS FORM: F-6)

                                          STATION:   ST SIMONS ISLAND GA
                                          MONTH:     JANUARY
                                          YEAR:      2015
                                          LATITUDE:   31  9 N
                                          LONGITUDE:  81 23 W

  TEMPERATURE IN F:       :PCPN:    SNOW:  WIND      :SUNSHINE: SKY     :PK WND
================================================================================
1   2   3   4   5  6A  6B    7    8   9   10  11  12  13   14  15   16   17  18
                                     12Z  AVG MX 2MIN
DY MAX MIN AVG DEP HDD CDD  WTR  SNW DPTH SPD SPD DIR MIN PSBL S-S WX    SPD DR
================================================================================

 1  56  47  52   0  13   0 0.05  0.0    0  7.4 13  30   M    M  10 1      18  30
 2  67  53  60   8   5   0 0.02  0.0    0  6.6 13  30   M    M  10 1      17  40
 3  74  59  67  16   0   2 0.02  0.0    0  7.3 15 180   M    M   8 1      25 190
 4  76  62  69  18   0   4 0.51  0.0    0  6.7 16 290   M    M   9 12     25 300
 5  64  46  55   4  10   0 0.00  0.0    0  5.7 14 290   M    M   0        22 300
 6  66  42  54   3  11   0 0.00  0.0    0  5.2 14 290   M    M   0        20 290
 7  63  37  50  -1  15   0 0.00  0.0    0  9.9 25 320   M    M   0        36 320
 8  37  25  31 -20  34   0 0.00  0.0    0 12.7 22 360   M    M   5        33 360
 9  52  34  43  -8  22   0 0.00  0.0    0  7.7 15 280   M    M   8        20 270
10  53  38  46  -5  19   0 0.00  0.0    0 11.4 21  20   M    M   6        32  20
11  58  49  54   3  11   0 0.08  0.0    0 11.2 21  20   M    M  10 1      27  10
12  65  56  61  10   4   0 0.67  0.0    0  3.7 15 280   M    M  10 123    19 270
13  62  50  56   5   9   0 0.00  0.0    0  8.7 21  30   M    M  10 12     28  40
14  50  43  47  -4  18   0 0.00  0.0    0  9.0 18  20   M    M  10 1      24  20
15  46  40  43  -8  22   0 0.12  0.0    0  5.1 10 360   M    M  10 1      13 340
16  57  40  49  -2  16   0 0.01  0.0    0  4.9 14 320   M    M   4 1      21 310
17  60  37  49  -2  16   0 0.00  0.0    0  6.7 17  40   M    M   4 1      20  50
18  68  46  57   6   8   0 0.00  0.0    0  6.3 17 260   M    M   2 1      27 270
19  64  36  50  -2  15   0 0.00  0.0    0  5.7 10 220   M    M   0        15 250
20  64  39  52   0  13   0 0.00  0.0    0  5.6 13 150   M    M   1        16 210
21  73  49  61   9   4   0 0.00  0.0    0  3.7 12 280   M    M   2        16 280
22  67  46  57   5   8   0 0.00  0.0    0  5.4 12  40   M    M   1 1      17  40
23  66  56  61   9   4   0 1.43  0.0    0 10.1 24 160   M    M  10 1      39 170
24  67  45  56   4   9   0 0.12  0.0    0 13.2 25 270   M    M   6 1      39 260
25  57  40  49  -3  16   0 0.00  0.0    0  8.4 15 210   M    M   0        21 220
26  58  43  51  -1  14   0 0.00  0.0    0 12.6 22 280   M    M   6        32 270
27  58  39  49  -3  16   0 0.00  0.0    0  9.0 17 300   M    M   1        27 290
28  53  36  45  -7  20   0 0.00  0.0    0  7.3 17  40   M    M   0        23  50
29  58  34  46  -6  19   0 0.00  0.0    0  4.0 12 220   M    M   0        22 270
30  63  44  54   2  11   0 0.00  0.0    0  7.7 17 330   M    M   1        28 310
================================================================================
SM 1822 1311       382   6  3.03     0.0 228.9          M      144
================================================================================
AV 60.7 43.7                               7.6 FASTST   M    M   5    MAX(MPH)
                                 MISC ---->  # 25 320               # 39  170
================================================================================
NOTES:
# LAST OF SEVERAL OCCURRENCES

COLUMN 17 PEAK WIND IN M.P.H.

PRELIMINARY LOCAL CLIMATOLOGICAL DATA (WS FORM: F-6) , PAGE 2

                                          STATION:  ST SIMONS ISLAND GA
                                          MONTH:    JANUARY
                                          YEAR:     2015
                                          LATITUDE:   31  9 N
                                          LONGITUDE:  81 23 W

[TEMPERATURE DATA]      [PRECIPITATION DATA]       SYMBOLS USED IN COLUMN 16

AVERAGE MONTHLY: 52.2   TOTAL FOR MONTH:   3.03    1 = FOG OR MIST
DPTR FM NORMAL:   0.8   DPTR FM NORMAL:   -0.07    2 = FOG REDUCING VISIBILITY
HIGHEST:    76 ON  4    GRTST 24HR  1.55 ON 23-24      TO 1/4 MILE OR LESS
LOWEST:     25 ON  8                               3 = THUNDER
                        SNOW, ICE PELLETS, HAIL    4 = ICE PELLETS
                        TOTAL MONTH:   0.0 INCH    5 = HAIL
                        GRTST 24HR     0.0         6 = FREEZING RAIN OR DRIZZLE
                        GRTST DEPTH:   0           7 = DUSTSTORM OR SANDSTORM:
                                                       VSBY 1/2 MILE OR LESS
                                                   8 = SMOKE OR HAZE
[NO. OF DAYS WITH]      [WEATHER - DAYS WITH]      9 = BLOWING SNOW
                                                   X = TORNADO
MAX 32 OR BELOW:   0    0.01 INCH OR MORE:  10
MAX 90 OR ABOVE:   0    0.10 INCH OR MORE:   5
MIN 32 OR BELOW:   1    0.50 INCH OR MORE:   3
MIN  0 OR BELOW:   0    1.00 INCH OR MORE:   1

[HDD (BASE 65) ]
TOTAL THIS MO.   382    CLEAR  (SCALE 0-3)  13
DPTR FM NORMAL   -29    PTCLDY (SCALE 4-7)   7
TOTAL FM JUL 1   924    CLOUDY (SCALE 8-10) 10
DPTR FM NORMAL   -18

[CDD (BASE 65) ]
TOTAL THIS MO.     6
DPTR FM NORMAL     6    [PRESSURE DATA]
TOTAL FM JAN 1     6    HIGHEST SLP M ON M
DPTR FM NORMAL     6    LOWEST  SLP 29.68 ON 24

[REMARKS]
