000
CXUS55 KEAX 210736
CF6STJ
PRELIMINARY LOCAL CLIMATOLOGICAL DATA (WS FORM: F-6)

                                          STATION:   ST. JOSEPH MO
                                          MONTH:     SEPTEMBER
                                          YEAR:      2014
                                          LATITUDE:   39 46 N
                                          LONGITUDE:  94 55 W

  TEMPERATURE IN F:       :PCPN:    SNOW:  WIND      :SUNSHINE: SKY     :PK WND
================================================================================
1   2   3   4   5  6A  6B    7    8   9   10  11  12  13   14  15   16   17  18
                                     12Z  AVG MX 2MIN
DY MAX MIN AVG DEP HDD CDD  WTR  SNW DPTH SPD SPD DIR MIN PSBL S-S WX    SPD DR
================================================================================

 1  82  64  73   1   0   8 0.15    M    M  8.1 25 170   M    M   5 3      32 170
 2  85  59  72   0   0   7 0.00    M    M  2.4 12 340   M    M   1 12     13 300
 3  86  68  77   6   0  12 0.39    M    M 11.5 28 160   M    M   1 13     33 170
 4  92  75  84  13   0  19 0.00    M    M 12.9 22 200   M    M   0        30 210
 5  80  61  71   0   0   6 0.06    M    M  9.9 22 330   M    M   8 1      29 320
 6  73  51  62  -8   3   0 0.00    M    M  5.5 13  30   M    M   0 1      17  30
 7  77  46  62  -8   3   0 0.00    M    M  3.7 10 160   M    M   1 12     14 240
 8  85  51  68  -2   0   3 0.00    M    M  8.0 20 170   M    M   2        24 200
 9  90  71  81  12   0  16 0.49    M    M 11.5 26 200   M    M   2 13     38 190
10  75  58  67  -2   0   2 0.46    M    M 12.0 21 330   M    M   9 13     27 330
11  63  53  58 -10   7   0    T    M    M 10.2 18  10   M    M  10 1      24  10
12  55  38  47 -21  18   0 0.07    M    M  9.0 17  10   M    M   8 1      22 350
13  63  37  50 -18  15   0 0.00    M    M  3.5 13 160   M    M   4 12     19 160
14  73  49  61  -6   4   0 0.00    M    M  6.3 14 170   M    M   6        19 170
15  71  50  61  -6   4   0 0.05    M    M  8.1 23 340   M    M   7 13     29 340
16  70  40  55 -11  10   0 0.00    M    M  4.3 10 120   M    M   4 12     14 150
17  79  59  69   3   0   4 0.00    M    M  3.0  8 150   M    M   8 1      11 130
18  67  58  63  -3   2   0 0.00    M    M  6.5 14 130   M    M   6 1      16 130
19  78  59  69   4   0   4 0.00    M    M  9.3 17 160   M    M   5 1      21 160
20  84  62  73   8   0   8 0.00    M    M  7.3 21 340   M    M   1 18     28 340
================================================================================
SM 1528 1109        66  89  1.67    M    153.0          M       88
================================================================================
AV 76.4 55.5                               7.7 FASTST   M    M   4    MAX(MPH)
                                 MISC ---->  # 28 160               # 38  190
================================================================================
NOTES:
# LAST OF SEVERAL OCCURRENCES

COLUMN 17 PEAK WIND IN M.P.H.

PRELIMINARY LOCAL CLIMATOLOGICAL DATA (WS FORM: F-6) , PAGE 2

                                          STATION:  ST. JOSEPH MO
                                          MONTH:    SEPTEMBER
                                          YEAR:     2014
                                          LATITUDE:   39 46 N
                                          LONGITUDE:  94 55 W

[TEMPERATURE DATA]      [PRECIPITATION DATA]       SYMBOLS USED IN COLUMN 16

AVERAGE MONTHLY: 65.9   TOTAL FOR MONTH:   1.67    1 = FOG OR MIST
DPTR FM NORMAL:  -2.6   DPTR FM NORMAL:   -0.83    2 = FOG REDUCING VISIBILITY
HIGHEST:    92 ON  4    GRTST 24HR  1.09 ON 31- 1      TO 1/4 MILE OR LESS
LOWEST:     37 ON 13                               3 = THUNDER
                        SNOW, ICE PELLETS, HAIL    4 = ICE PELLETS
                        TOTAL MONTH:    M          5 = HAIL
                        GRTST 24HR    M  ON   M    6 = FREEZING RAIN OR DRIZZLE
                        GRTST DEPTH:  M  ON   M    7 = DUSTSTORM OR SANDSTORM:
                                                       VSBY 1/2 MILE OR LESS
                                                   8 = SMOKE OR HAZE
[NO. OF DAYS WITH]      [WEATHER - DAYS WITH]      9 = BLOWING SNOW
                                                   X = TORNADO
MAX 32 OR BELOW:   0    0.01 INCH OR MORE:   7
MAX 90 OR ABOVE:   2    0.10 INCH OR MORE:   4
MIN 32 OR BELOW:   0    0.50 INCH OR MORE:   0
MIN  0 OR BELOW:   0    1.00 INCH OR MORE:   0

[HDD (BASE 65) ]
TOTAL THIS MO.    66    CLEAR  (SCALE 0-3)   8
DPTR FM NORMAL    37    PTCLDY (SCALE 4-7)   9
TOTAL FM JUL 1    72    CLOUDY (SCALE 8-10)  3
DPTR FM NORMAL    38

[CDD (BASE 65) ]
TOTAL THIS MO.    89
DPTR FM NORMAL    -8    [PRESSURE DATA]
TOTAL FM JAN 1  1138    HIGHEST SLP  0.00 ON M
DPTR FM NORMAL   -36    LOWEST  SLP  0.00 ON M

[REMARKS]
