000
CXUS53 KLSX 281600
CF6SUS
PRELIMINARY LOCAL CLIMATOLOGICAL DATA (WS FORM: F-6)

                                          STATION:   SPIRIT OF ST LOUIS MO
                                          MONTH:     AUGUST
                                          YEAR:      2014
                                          LATITUDE:   38 39 N
                                          LONGITUDE:  90 38 W

  TEMPERATURE IN F:       :PCPN:    SNOW:  WIND      :SUNSHINE: SKY     :PK WND
================================================================================
1   2   3   4   5  6A  6B    7    8   9   10  11  12  13   14  15   16   17  18
                                     12Z  AVG MX 2MIN
DY MAX MIN AVG DEP HDD CDD  WTR  SNW DPTH SPD SPD DIR MIN PSBL S-S WX    SPD DR
================================================================================

 1  87  60  74  -4   0   9 0.12  0.0    0  1.0 17 320   M    M   5 1238   24 320
 2  86  61  74  -4   0   9 0.00  0.0    0  2.4 12 360   M    M   6 128    17  70
 3  89  56  73  -5   0   8 0.00  0.0    0  2.4 12  60   M    M   2 12      M  M
 4  90  60  75  -3   0  10    T  0.0    0  3.2  9 180   M    M   4 138     M  M
 5  89  69  79   1   0  14 0.08  0.0    0  5.1 12 320   M    M   4 1238   16 180
 6  90  66  78   0   0  13 1.14  0.0    0  5.8 28 190   M    M   7 1238   44 200
 7  76  71  74  -4   0   9 1.74  0.0    0  4.8 15 230   M    M   9 13     20 250
 8  83  72  78   0   0  13 0.08  0.0    0  5.4 13  70   M    M   9 1      15  50
 9  83  70  77  -1   0  12 0.02  0.0    0  4.0 10  40   M    M   8 18     16  20
10  83  69  76  -2   0  11 0.00  0.0    0  2.8 12 360   M    M   7 18     14 360
11  86  65  76  -1   0  11    T  0.0    0  7.0 16 290   M    M   5 1      23 290
12  81  58  70  -7   0   5 0.00  0.0    0  7.5 18 320   M    M   2        23 340
13  83  56  70  -7   0   5 0.00  0.0    0  3.3 13 340   M    M   1 8      18 330
14  85  55  70  -7   0   5 0.00  0.0    0  1.4  7 350   M    M   2        13  50
15  85  61  73  -4   0   8 0.05  0.0    0  2.3  8  50   M    M   6         M  M
16  82  70  76  -1   0  11 1.26  0.0    0  4.5 14 160   M    M   8 13     20 160
17  75  69  72  -5   0   7 0.03  0.0    0  4.5 13 290   M    M   8 18     24 290
18  86  69  78   1   0  13 0.00  0.0    0  1.7 29 210   M    M   6 128    40 210
19  88  66  77   1   0  12 0.04  0.0    0  3.1 20 310   M    M   3 123    28 320
20  92  68  80   4   0  15 0.28  0.0    0  2.6 35 290   M    M   4 13      M  M
21  94  70  82   6   0  17 0.00  0.0    0  5.6  M   M   M    M   3 1       M  M
22  93  74  84   8   0  19 0.00  0.0    0  3.5 13 200   M    M   4 1      17 200
23  96  73  85   9   0  20 0.00  0.0    0  1.8 12 260   M    M   3 1       M  M
24  97  72  85   9   0  20 0.00  0.0    0  2.2  8 130   M    M   0 1       M  M
25  97  74  86  11   0  21 0.00  0.0    0  1.9  7 140   M    M   1 1      23  60
26  96  74  85  10   0  20    T  0.0    0  1.9 22  60   M    M   3 13     30  60
27  94  71  83   8   0  18 0.16  0.0    0  2.6 17 120   M    M   5 13     24 100
================================================================================
SM 2366 1799         0 335  5.00     0.0  94.3          M      125
================================================================================
AV 87.6 66.6                               3.5 FASTST   M    M   5    MAX(MPH)
                                 MISC ---->  # 35 290               # 44  200
================================================================================
NOTES:
# LAST OF SEVERAL OCCURRENCES

COLUMN 17 PEAK WIND IN M.P.H.

PRELIMINARY LOCAL CLIMATOLOGICAL DATA (WS FORM: F-6) , PAGE 2

                                          STATION:  SPIRIT OF ST LOUIS MO
                                          MONTH:    AUGUST
                                          YEAR:     2014
                                          LATITUDE:   38 39 N
                                          LONGITUDE:  90 38 W

[TEMPERATURE DATA]      [PRECIPITATION DATA]       SYMBOLS USED IN COLUMN 16

AVERAGE MONTHLY: 77.1   TOTAL FOR MONTH:   5.00    1 = FOG OR MIST
DPTR FM NORMAL:   0.2   DPTR FM NORMAL:    2.19    2 = FOG REDUCING VISIBILITY
HIGHEST:    97 ON 25,24 GRTST 24HR  2.86 ON  6- 7      TO 1/4 MILE OR LESS
LOWEST:     55 ON 14                               3 = THUNDER
                        SNOW, ICE PELLETS, HAIL    4 = ICE PELLETS
                        TOTAL MONTH:   0.0 INCH    5 = HAIL
                        GRTST 24HR     0.0         6 = FREEZING RAIN OR DRIZZLE
                        GRTST DEPTH:   0           7 = DUSTSTORM OR SANDSTORM:
                                                       VSBY 1/2 MILE OR LESS
                                                   8 = SMOKE OR HAZE
[NO. OF DAYS WITH]      [WEATHER - DAYS WITH]      9 = BLOWING SNOW
                                                   X = TORNADO
MAX 32 OR BELOW:   0    0.01 INCH OR MORE:  12
MAX 90 OR ABOVE:  10    0.10 INCH OR MORE:   6
MIN 32 OR BELOW:   0    0.50 INCH OR MORE:   3
MIN  0 OR BELOW:   0    1.00 INCH OR MORE:   3

[HDD (BASE 65) ]
TOTAL THIS MO.     0    CLEAR  (SCALE 0-3)   9
DPTR FM NORMAL     0    PTCLDY (SCALE 4-7)  14
TOTAL FM JUL 1     0    CLOUDY (SCALE 8-10)  4
DPTR FM NORMAL     0

[CDD (BASE 65) ]
TOTAL THIS MO.   335
DPTR FM NORMAL    13    [PRESSURE DATA]
TOTAL FM JAN 1  1064    HIGHEST SLP M ON M
DPTR FM NORMAL   -82    LOWEST  SLP 29.75 ON 19

[REMARKS]
