000
CXUS55 KFSD 220905
CF6SUX
PRELIMINARY LOCAL CLIMATOLOGICAL DATA (WS FORM: F-6)

                                          STATION:   SIOUX CITY IA
                                          MONTH:     FEBRUARY
                                          YEAR:      2017
                                          LATITUDE:   42 24 N
                                          LONGITUDE:  96 23 W

  TEMPERATURE IN F:       :PCPN:    SNOW:  WIND      :SUNSHINE: SKY     :PK WND
================================================================================
1   2   3   4   5  6A  6B    7    8   9   10  11  12  13   14  15   16   17  18
                                     12Z  AVG MX 2MIN
DY MAX MIN AVG DEP HDD CDD  WTR  SNW DPTH SPD SPD DIR MIN PSBL S-S WX    SPD DR
================================================================================

 1  34  17  26   4  39   0    T    T    T 18.3 30 330   M    M   8        36 340
 2  25  15  20  -2  45   0 0.00  0.0    T 12.3 23 330   M    M   2        27 330
 3  28  13  21  -1  44   0 0.00  0.0    0  8.2 15 320   M    M   3        19 320
 4  45  22  34  12  31   0 0.00  0.0    0 16.8 28 190   M    M   2        36 210
 5  32  17  25   3  40   0 0.00  0.0    0  9.3 26 320   M    M   1        31 320
 6  48  25  37  14  28   0 0.00  0.0    0  9.4 15 140   M    M   2 1      18 160
 7  40  16  28   5  37   0 0.08  1.0    0 19.1 31 320   M    M   8 1      38 320
 8  17   4  11 -12  54   0 0.06  1.9    3 11.6 18 350   M    M   7 1      22 360
 9  25   4  15  -8  50   0 0.00  0.0    3  9.2 20 160   M    M   4        23 160
10  58  25  42  18  23   0 0.00  0.0    2  6.3 16 120   M    M   0 1      22 150
11  50  36  43  19  22   0 0.03  0.0    0  5.7 16 340   M    M   5 1      19 340
12  48  27  38  14  27   0 0.00  0.0    0 12.4 28 330   M    M   0        34 310
13  54  26  40  16  25   0 0.00  0.0    0  9.9 22 260   M    M   0        27 240
14  49  33  41  16  24   0 0.00  0.0    0 14.5 25 330   M    M   0        31 330
15  49  26  38  13  27   0 0.00  0.0    0  6.9 15 130   M    M   0        18 150
16  65  29  47  22  18   0 0.00  0.0    0  5.1 12 100   M    M   0        17  70
17  66  33  50  24  15   0 0.00  0.0    0  8.8 20 300   M    M   0        24 290
18  66  30  48  22  17   0 0.00  0.0    0  4.3  8 120   M    M   0        15 140
19  67  35  51  25  14   0 0.00  0.0    0 13.0 23 160   M    M   0        29 150
20  62  39  51  24  14   0    T  0.0    0  9.8 23 300   M    M   4 1      30 300
21  73  30  52  25  13   0 0.00  0.0    0 11.6 30 210   M    M   0 12     37 230
================================================================================
SM 1001  502       607   0  0.17     2.9 222.5          M       46
================================================================================
AV 47.7 23.9                              10.6 FASTST   M    M   2    MAX(MPH)
                                 MISC ---->  # 31 320               # 38  320
================================================================================
NOTES:
# LAST OF SEVERAL OCCURRENCES

COLUMN 17 PEAK WIND IN M.P.H.

PRELIMINARY LOCAL CLIMATOLOGICAL DATA (WS FORM: F-6) , PAGE 2

                                          STATION:  SIOUX CITY IA
                                          MONTH:    FEBRUARY
                                          YEAR:     2017
                                          LATITUDE:   42 24 N
                                          LONGITUDE:  96 23 W

[TEMPERATURE DATA]      [PRECIPITATION DATA]       SYMBOLS USED IN COLUMN 16

AVERAGE MONTHLY: 35.8   TOTAL FOR MONTH:   0.17    1 = FOG OR MIST
DPTR FM NORMAL:  11.7   DPTR FM NORMAL:   -0.29    2 = FOG REDUCING VISIBILITY
HIGHEST:    73 ON 21    GRTST 24HR  0.14 ON  7- 8      TO 1/4 MILE OR LESS
LOWEST:      4 ON  9, 8                            3 = THUNDER
                        SNOW, ICE PELLETS, HAIL    4 = ICE PELLETS
                        TOTAL MONTH:   2.9 INCHES  5 = HAIL
                        GRTST 24HR   1.9 ON   M    6 = FREEZING RAIN OR DRIZZLE
                        GRTST DEPTH:   3 ON  9, 8  7 = DUSTSTORM OR SANDSTORM:
                                                       VSBY 1/2 MILE OR LESS
                                                   8 = SMOKE OR HAZE
[NO. OF DAYS WITH]      [WEATHER - DAYS WITH]      9 = BLOWING SNOW
                                                   X = TORNADO
MAX 32 OR BELOW:   5    0.01 INCH OR MORE:   3
MAX 90 OR ABOVE:   0    0.10 INCH OR MORE:   0
MIN 32 OR BELOW:  16    0.50 INCH OR MORE:   0
MIN  0 OR BELOW:   0    1.00 INCH OR MORE:   0

[HDD (BASE 65) ]
TOTAL THIS MO.   607    CLEAR  (SCALE 0-3)  15
DPTR FM NORMAL  -254    PTCLDY (SCALE 4-7)   6
TOTAL FM JUL 1  4015    CLOUDY (SCALE 8-10)  0
DPTR FM NORMAL -1022

[CDD (BASE 65) ]
TOTAL THIS MO.     0
DPTR FM NORMAL     0    [PRESSURE DATA]
TOTAL FM JAN 1     0    HIGHEST SLP M ON M
DPTR FM NORMAL     0    LOWEST  SLP 29.45 ON 17

[REMARKS]
