945
CXUS55 KPUB 221059
CF6TAD
PRELIMINARY LOCAL CLIMATOLOGICAL DATA (WS FORM: F-6)

                                          STATION:   TRINIDAD CO
                                          MONTH:     MAY
                                          YEAR:      2015
                                          LATITUDE:   37 16 N
                                          LONGITUDE: 104 20 W

  TEMPERATURE IN F:       :PCPN:    SNOW:  WIND      :SUNSHINE: SKY     :PK WND
================================================================================
1   2   3   4   5  6A  6B    7    8   9   10  11  12  13   14  15   16   17  18
                                     12Z  AVG MX 2MIN
DY MAX MIN AVG DEP HDD CDD  WTR  SNW DPTH SPD SPD DIR MIN PSBL S-S WX    SPD DR
================================================================================

 1  71  49  60   5   5   0 0.06  0.0    0  8.5 23 140   M    M   3 3      29 140
 2  79  49  64   9   1   0    T  0.0    0 11.5 31  10   M    M   1 3      39 350
 3  76  44  60   5   5   0 0.00  0.0    0 10.0 35 300   M    M   2        41 310
 4  66  43  55  -1  10   0 0.53  0.0    0  6.1 16  50   M    M   7 13     24  10
 5  58  47  53  -3  12   0 0.50  0.0    0  5.7 16 280   M    M   9 1      20 290
 6  71  45  58   2   7   0 0.01  0.0    0  9.6 24 240   M    M   3        30 250
 7  69  44  57   1   8   0    T  0.0    0  8.6 22  30   M    M   4 3      29 360
 8  73  48  61   4   4   0 0.03  0.0    0 16.0 32 170   M    M   5 123    39 140
 9  68  36  52  -5  13   0 0.02  0.0    0 17.1 45 190   M    M   2 13     56 190
10  56  33  45 -13  20   0 0.32    M    M  8.8 23  10   M    M   8 13     31  10
11  59  32  46 -12  19   0 0.13    M    0  6.9 16  70   M    M   5 1      22  80
12  69  43  56  -2   9   0 0.00  0.0    0 20.0 40 200   M    M   0 8      50 200
13  65  47  56  -2   9   0 0.09  0.0    0  8.6 28  10   M    M   6 3      39 330
14  75  43  59   0   6   0    T    M    0 12.0 32 180   M    M   1        43 190
15  74  44  59   0   6   0 0.01    M    0 12.2 33 190   M    M   3 3      38 190
16  65  40  53  -6  12   0    T  0.0    0 10.4 31 230   M    M   2 3      40 180
17  74  40  57  -3   8   0 0.00  0.0    0 10.7 31  10   M    M   2        43 350
18  61  44  53  -7  12   0 0.48  0.0    0 11.8 26 110   M    M   8 13     32 100
19  52  43  48 -12  17   0 1.77  0.0    0  8.9 18 290   M    M  10 13     22 290
20  50  42  46 -14  19   0    T  0.0    0  7.8 16  40   M    M  10 18     19  40
21  56  45  51 -10  14   0 0.26  0.0    0  5.8 21 240   M    M  10 1      25 240
================================================================================
SM 1387  901       216   0  4.21     0.0 217.0          M      101
================================================================================
AV 66.0 42.9                              10.3 FASTST   M    M   5    MAX(MPH)
                                 MISC ---->  # 45 190               # 56  190
================================================================================
NOTES:
# LAST OF SEVERAL OCCURRENCES

COLUMN 17 PEAK WIND IN M.P.H.

PRELIMINARY LOCAL CLIMATOLOGICAL DATA (WS FORM: F-6) , PAGE 2

                                          STATION:  TRINIDAD CO
                                          MONTH:    MAY
                                          YEAR:     2015
                                          LATITUDE:   37 16 N
                                          LONGITUDE: 104 20 W

[TEMPERATURE DATA]      [PRECIPITATION DATA]       SYMBOLS USED IN COLUMN 16

AVERAGE MONTHLY: 54.5   TOTAL FOR MONTH:   4.21    1 = FOG OR MIST
DPTR FM NORMAL:  -3.3   DPTR FM NORMAL:    3.19    2 = FOG REDUCING VISIBILITY
HIGHEST:    79 ON  2    GRTST 24HR  2.25 ON 18-19      TO 1/4 MILE OR LESS
LOWEST:     32 ON 11                               3 = THUNDER
                        SNOW, ICE PELLETS, HAIL    4 = ICE PELLETS
                        TOTAL MONTH:   0.0 INCH    5 = HAIL
                        GRTST 24HR     0.0         6 = FREEZING RAIN OR DRIZZLE
                        GRTST DEPTH:   0           7 = DUSTSTORM OR SANDSTORM:
                                                       VSBY 1/2 MILE OR LESS
                                                   8 = SMOKE OR HAZE
[NO. OF DAYS WITH]      [WEATHER - DAYS WITH]      9 = BLOWING SNOW
                                                   X = TORNADO
MAX 32 OR BELOW:   0    0.01 INCH OR MORE:  13
MAX 90 OR ABOVE:   0    0.10 INCH OR MORE:   7
MIN 32 OR BELOW:   1    0.50 INCH OR MORE:   3
MIN  0 OR BELOW:   0    1.00 INCH OR MORE:   1

[HDD (BASE 65) ]
TOTAL THIS MO.   216    CLEAR  (SCALE 0-3)   8
DPTR FM NORMAL    53    PTCLDY (SCALE 4-7)   8
TOTAL FM JUL 1  5004    CLOUDY (SCALE 8-10)  5
DPTR FM NORMAL  -449

[CDD (BASE 65) ]
TOTAL THIS MO.     0
DPTR FM NORMAL   -10    [PRESSURE DATA]
TOTAL FM JAN 1     0    HIGHEST SLP M ON M
DPTR FM NORMAL   -12    LOWEST  SLP 29.57 ON  9

[REMARKS]
