000
CXUS54 KBMX 251216
CF6TCL
PRELIMINARY LOCAL CLIMATOLOGICAL DATA (WS FORM: F-6)

                                          STATION:   TUSCALOOSA
                                          MONTH:     MAY
                                          YEAR:      2017
                                          LATITUDE:   33 13 N
                                          LONGITUDE:  87 37 W

  TEMPERATURE IN F:       :PCPN:    SNOW:  WIND      :SUNSHINE: SKY     :PK WND
================================================================================
1   2   3   4   5  6A  6B    7    8   9   10  11  12  13   14  15   16   17  18
                                     12Z  AVG MX 2MIN
DY MAX MIN AVG DEP HDD CDD  WTR  SNW DPTH SPD SPD DIR MIN PSBL S-S WX    SPD DR
================================================================================

 1  78  52  65  -3   0   0 0.23  0.0    0  8.2 28 240   M    M   2 13     37 240
 2  82  49  66  -2   0   1 0.00  0.0    0  2.9 15 260   M    M   1 8      20 260
 3  83  55  69   1   0   4 0.19  0.0    0  7.4 17 190   M    M   2 1      24 190
 4  66  50  58 -10   7   0 0.32  0.0    0 10.8 24 150   M    M   9 1      34 170
 5  62  46  54 -15  11   0 0.02    M    0  6.8 18 310   M    M   8 1      25 300
 6  78  41  60  -9   5   0 0.00  0.0    0  6.5 20 260   M    M   0 1      27 260
 7  78  50  64  -5   1   0 0.00  0.0    0  3.0 13  40   M    M   0        16  60
 8  83  49  66  -4   0   1 0.00  0.0    0  1.5  9  20   M    M   0 8      12  20
 9  87  53  70   0   0   5 0.00  0.0    0  2.1 13 260   M    M   0 1      16 260
10  87  59  73   3   0   8 0.00  0.0    0  3.0 14 170   M    M   0 1      19 190
11  83  62  73   3   0   8 0.00  0.0    0  5.0 16 210   M    M   1 1      19 210
12  79  63  71   0   0   6 0.20  0.0    0  5.0 15 350   M    M   5 13     17 350
13  77  60  69  -2   0   4 0.11  0.0    0  6.3 17 350   M    M   6 13     23 350
14  84  52  68  -3   0   3 0.00  0.0    0  2.1  9 330   M    M   0        12  10
15  86  55  71  -1   0   6 0.00  0.0    0  1.7 10 200   M    M   0 1      14 230
16  90  58  74   2   0   9 0.00  0.0    0  4.6 15 180   M    M   0 1      20 200
17  89  63  76   4   0  11 0.00  0.0    0  9.3 18 180   M    M   0 1      24 200
18  89  73  81   9   0  16    T  0.0    0  6.2 16 200   M    M   5        22 150
19  91  66  79   7   0  14    T  0.0    0  5.0 15 190   M    M   2 1      19 180
20  89  68  79   6   0  14 0.62  0.0    0  5.5 39 210   M    M   3 138    51 210
21  80  69  75   2   0  10 0.00  0.0    0  4.9  9 210   M    M   7        12 210
22  81  68  75   2   0  10 0.78  0.0    0  3.8 15 320   M    M   7 1      21 310
23  77  66  72  -2   0   7 0.54  0.0    0  2.2 14 250   M    M   9 13     17 310
24  71  57  64 -10   1   0 0.36  0.0    0  7.3 22 300   M    M   8 13     30 300
================================================================================
SM 1950 1384        25 137  3.37     0.0 121.1          M       75
================================================================================
AV 81.3 57.7                               5.0 FASTST   M    M   3    MAX(MPH)
                                 MISC ---->  # 39 210               # 51  210
================================================================================
NOTES:
# LAST OF SEVERAL OCCURRENCES

COLUMN 17 PEAK WIND IN M.P.H.

PRELIMINARY LOCAL CLIMATOLOGICAL DATA (WS FORM: F-6) , PAGE 2

                                          STATION:  TUSCALOOSA
                                          MONTH:    MAY
                                          YEAR:     2017
                                          LATITUDE:   33 13 N
                                          LONGITUDE:  87 37 W

[TEMPERATURE DATA]      [PRECIPITATION DATA]       SYMBOLS USED IN COLUMN 16

AVERAGE MONTHLY: 69.5   TOTAL FOR MONTH:   3.37    1 = FOG OR MIST
DPTR FM NORMAL:  -1.3   DPTR FM NORMAL:    0.29    2 = FOG REDUCING VISIBILITY
HIGHEST:    91 ON 19    GRTST 24HR  1.15 ON 22-23      TO 1/4 MILE OR LESS
LOWEST:     41 ON  6                               3 = THUNDER
                        SNOW, ICE PELLETS, HAIL    4 = ICE PELLETS
                        TOTAL MONTH:   0.0 INCH    5 = HAIL
                        GRTST 24HR     0.0         6 = FREEZING RAIN OR DRIZZLE
                        GRTST DEPTH:   0           7 = DUSTSTORM OR SANDSTORM:
                                                       VSBY 1/2 MILE OR LESS
                                                   8 = SMOKE OR HAZE
[NO. OF DAYS WITH]      [WEATHER - DAYS WITH]      9 = BLOWING SNOW
                                                   X = TORNADO
MAX 32 OR BELOW:   0    0.01 INCH OR MORE:  10
MAX 90 OR ABOVE:   2    0.10 INCH OR MORE:   9
MIN 32 OR BELOW:   0    0.50 INCH OR MORE:   3
MIN  0 OR BELOW:   0    1.00 INCH OR MORE:   0

[HDD (BASE 65) ]
TOTAL THIS MO.    25    CLEAR  (SCALE 0-3)  15
DPTR FM NORMAL    11    PTCLDY (SCALE 4-7)   7
TOTAL FM JUL 1  1605    CLOUDY (SCALE 8-10)  2
DPTR FM NORMAL  -914

[CDD (BASE 65) ]
TOTAL THIS MO.   137
DPTR FM NORMAL   -18    [PRESSURE DATA]
TOTAL FM JAN 1   335    HIGHEST SLP M ON M
DPTR FM NORMAL    92    LOWEST  SLP 29.53 ON 24

[REMARKS]
