000
CXUS52 KMFL 291000
CF6TMB
PRELIMINARY LOCAL CLIMATOLOGICAL DATA (WS FORM: F-6)

                                          STATION:   KENDALL-TAMIAMI EXEC ARPT
                                          MONTH:     APRIL
                                          YEAR:      2016
                                          LATITUDE:   25 38 N
                                          LONGITUDE:  80 26 W

  TEMPERATURE IN F:       :PCPN:    SNOW:  WIND      :SUNSHINE: SKY     :PK WND
================================================================================
1   2   3   4   5  6A  6B    7    8   9   10  11  12  13   14  15   16   17  18
                                     12Z  AVG MX 2MIN
DY MAX MIN AVG DEP HDD CDD  WTR  SNW DPTH SPD SPD DIR MIN PSBL S-S WX    SPD DR
================================================================================

 1  89  75  82  11   0  17 0.00  0.0    0  8.1 15 150   M    M   2        20 150
 2  90  76  83  12   0  18 0.00  0.0    0  8.9 20 240   M    M   2        26 230
 3  80  69  75   4   0  10 0.01  0.0    0  9.1 28 350   M    M   6        34 350
 4  82  65  74   3   0   9 0.01  0.0    0  6.2 16 360   M    M   5        19 350
 5  86  63  75   4   0  10 0.00  0.0    0  5.4 17 110   M    M   1 1      22 110
 6  80  60  70  -2   0   5 0.13  0.0    0 11.5 26  70   M    M   8 1      32  70
 7  85  65  75   3   0  10 0.03  0.0    0  7.7 17 260   M    M   3 1      22 260
 8  83  61  72   0   0   7 0.00  0.0    0  7.1 17 280   M    M   0        21 270
 9  83  62  73   1   0   8 0.00  0.0    0  8.7 16 310   M    M   1        24 110
10  80  63  72   0   0   7 0.00  0.0    0 10.5 16  80   M    M   1        25  80
11  82  66  74   2   0   9 0.00  0.0    0 12.6 22  80   M    M   4        27 100
12  84  63  74   2   0   9 0.00  0.0    0  5.2 15 110   M    M   3        19 110
13  84  64  74   2   0   9 0.00  0.0    0  6.0 15 100   M    M   1        20 110
14  86  64  75   3   0  10 0.00  0.0    0  4.3 14 120   M    M   1        18 110
15  90  68  79   6   0  14 0.00  0.0    0  7.1 20  10   M    M   3        24  20
16  85  65  75   2   0  10 0.02  0.0    0  9.3 21  50   M    M   4 1      24  50
17  81  69  75   2   0  10    T  0.0    0 14.4 24  60   M    M   4        31  70
18  84  58  71  -2   0   6    T  0.0    0 10.5 23  60   M    M   5        31  80
19  82  64  73   0   0   8    T  0.0    0 10.1 21  70   M    M   4        26  90
20  83  62  73   0   0   8 0.00  0.0    0  9.8 22  80   M    M   4        27  80
21  83  69  76   3   0  11 0.00  0.0    0 13.4 22 100   M    M   3        28  90
22  84  72  78   4   0  13    T  0.0    0  9.3 18 130   M    M   6        24 120
23  89  68  79   5   0  14 0.00  0.0    0  9.3 20 270   M    M   2 1      25 270
24  86  64  75   1   0  10 0.00  0.0    0 10.4 22  70   M    M   2        26  90
25  85  69  77   3   0  12 0.00  0.0    0 10.5 20 100   M    M   3        27 100
26  85  66  76   2   0  11    T  0.0    0  8.0 17 100   M    M   2        21 120
27  85  65  75   1   0  10 0.00  0.0    0  7.4 16  90   M    M   1        22  90
28  87  66  77   3   0  12 0.00  0.0    0  6.0 15 130   M    M   2        19 140
================================================================================
SM 2363 1841         0 287  0.20     0.0 246.8          M       83
================================================================================
AV 84.4 65.8                               8.8 FASTST   M    M   3    MAX(MPH)
                                 MISC ---->  # 28 350               # 34  350
================================================================================
NOTES:
# LAST OF SEVERAL OCCURRENCES

COLUMN 17 PEAK WIND IN M.P.H.

PRELIMINARY LOCAL CLIMATOLOGICAL DATA (WS FORM: F-6) , PAGE 2

                                          STATION:  KENDALL-TAMIAMI EXEC ARPT
                                          MONTH:    APRIL
                                          YEAR:     2016
                                          LATITUDE:   25 38 N
                                          LONGITUDE:  80 26 W

[TEMPERATURE DATA]      [PRECIPITATION DATA]       SYMBOLS USED IN COLUMN 16

AVERAGE MONTHLY: 75.1   TOTAL FOR MONTH:   0.20    1 = FOG OR MIST
DPTR FM NORMAL:   2.5   DPTR FM NORMAL:   -2.48    2 = FOG REDUCING VISIBILITY
HIGHEST:    90 ON 15, 2 GRTST 24HR  0.16 ON  6- 7      TO 1/4 MILE OR LESS
LOWEST:     58 ON 18                               3 = THUNDER
                        SNOW, ICE PELLETS, HAIL    4 = ICE PELLETS
                        TOTAL MONTH:   0.0 INCH    5 = HAIL
                        GRTST 24HR     0.0         6 = FREEZING RAIN OR DRIZZLE
                        GRTST DEPTH:   0           7 = DUSTSTORM OR SANDSTORM:
                                                       VSBY 1/2 MILE OR LESS
                                                   8 = SMOKE OR HAZE
[NO. OF DAYS WITH]      [WEATHER - DAYS WITH]      9 = BLOWING SNOW
                                                   X = TORNADO
MAX 32 OR BELOW:   0    0.01 INCH OR MORE:   5
MAX 90 OR ABOVE:   2    0.10 INCH OR MORE:   1
MIN 32 OR BELOW:   0    0.50 INCH OR MORE:   0
MIN  0 OR BELOW:   0    1.00 INCH OR MORE:   0

[HDD (BASE 65) ]
TOTAL THIS MO.     0    CLEAR  (SCALE 0-3)  16
DPTR FM NORMAL     0    PTCLDY (SCALE 4-7)  12
TOTAL FM JUL 1   113    CLOUDY (SCALE 8-10)  0
DPTR FM NORMAL   -84

[CDD (BASE 65) ]
TOTAL THIS MO.   287
DPTR FM NORMAL    70    [PRESSURE DATA]
TOTAL FM JAN 1   764    HIGHEST SLP M ON M
DPTR FM NORMAL   157    LOWEST  SLP 29.87 ON M

[REMARKS]
