000
CXUS52 KMFL 251000
CF6TMB
PRELIMINARY LOCAL CLIMATOLOGICAL DATA (WS FORM: F-6)

                                          STATION:   KENDALL-TAMIAMI EXEC ARPT
                                          MONTH:     NOVEMBER
                                          YEAR:      2014
                                          LATITUDE:   25 38 N
                                          LONGITUDE:  80 26 W

  TEMPERATURE IN F:       :PCPN:    SNOW:  WIND      :SUNSHINE: SKY     :PK WND
================================================================================
1   2   3   4   5  6A  6B    7    8   9   10  11  12  13   14  15   16   17  18
                                     12Z  AVG MX 2MIN
DY MAX MIN AVG DEP HDD CDD  WTR  SNW DPTH SPD SPD DIR MIN PSBL S-S WX    SPD DR
================================================================================

 1  80  56  68  -7   0   3 0.00  0.0    0 12.0 25 300   M    M   1        32 290
 2  71  49  60 -14   5   0 0.00  0.0    0 10.1 17 330   M    M   0        24 360
 3  78  57  68  -6   0   3 0.00  0.0    0 13.0 22  70   M    M   6        30  80
 4  81  65  73  -1   0   8    T  0.0    0 10.7 24  70   M    M   5        30  70
 5  83  68  76   2   0  11 0.04  0.0    0 10.9 26  80   M    M   6 18     32  80
 6  84  62  73  -1   0   8    T  0.0    0  4.3 15  40   M    M   4 12     16  40
 7  84  60  72  -2   0   7 0.00  0.0    0  4.9 13 330   M    M   4 12     17 330
 8  84  62  73   0   0   8    T  0.0    0  2.9 10 110   M    M   3 12     14 140
 9  79  65  72  -1   0   7 1.44  0.0    0  6.2 24 330   M    M   8 13     34 340
10  76  63  70  -3   0   5 0.17  0.0    0  6.9 16 350   M    M   5 1      21  50
11  80  56  68  -5   0   3 0.00  0.0    0  7.3 16 280   M    M   1 12     20 280
12  82  56  69  -4   0   4 0.00  0.0    0  7.4 15 360   M    M   0        21  10
13  84  62  73   1   0   8 0.00  0.0    0  5.7 14 100   M    M   1 1      17 100
14  82  60  71  -1   0   6 0.00  0.0    0  5.1 13  10   M    M   1 12     17 310
15  82  62  72   0   0   7 0.00  0.0    0  7.0 14  80   M    M   2        18 100
16  83  65  74   2   0   9    T  0.0    0  6.6 18 100   M    M   2        23 100
17  87  70  79   7   0  14    T  0.0    0  6.8 17 200   M    M   3 1      23 200
18  82  57  70  -2   0   5    T  0.0    0  9.3 22 350   M    M   6 1      28 360
19  64  55  60 -12   5   0 0.03  0.0    0 11.3 18 350   M    M  10 1      26 350
20  79  62  71  -1   0   6 0.00  0.0    0 13.7 22  70   M    M   8        27  80
21  73  70  72   1   0   7 0.30  0.0    0 12.7 22  50   M    M  10 1      28  40
22  80  73  77   6   0  12    T  0.0    0 17.0 25 110   M    M   9        33 100
23  83  75  79   8   0  14    T  0.0    0 10.6 21 130   M    M   5        28 130
24  88  75  82  11   0  17 0.00  0.0    0  6.2 13 150   M    M   4 1      19 150
================================================================================
SM 1929 1505        10 172  1.98     0.0 208.6          M      104
================================================================================
AV 80.4 62.7                               8.7 FASTST   M    M   4    MAX(MPH)
                                 MISC ---->  # 26  80               # 34  340
================================================================================
NOTES:
# LAST OF SEVERAL OCCURRENCES

COLUMN 17 PEAK WIND IN M.P.H.

PRELIMINARY LOCAL CLIMATOLOGICAL DATA (WS FORM: F-6) , PAGE 2

                                          STATION:  KENDALL-TAMIAMI EXEC ARPT
                                          MONTH:    NOVEMBER
                                          YEAR:     2014
                                          LATITUDE:   25 38 N
                                          LONGITUDE:  80 26 W

[TEMPERATURE DATA]      [PRECIPITATION DATA]       SYMBOLS USED IN COLUMN 16

AVERAGE MONTHLY: 71.5   TOTAL FOR MONTH:   1.98    1 = FOG OR MIST
DPTR FM NORMAL:  -1.1   DPTR FM NORMAL:   -0.28    2 = FOG REDUCING VISIBILITY
HIGHEST:    88 ON 24    GRTST 24HR  1.61 ON  9-10      TO 1/4 MILE OR LESS
LOWEST:     49 ON  2                               3 = THUNDER
                        SNOW, ICE PELLETS, HAIL    4 = ICE PELLETS
                        TOTAL MONTH:   0.0 INCH    5 = HAIL
                        GRTST 24HR     0.0         6 = FREEZING RAIN OR DRIZZLE
                        GRTST DEPTH:   0           7 = DUSTSTORM OR SANDSTORM:
                                                       VSBY 1/2 MILE OR LESS
                                                   8 = SMOKE OR HAZE
[NO. OF DAYS WITH]      [WEATHER - DAYS WITH]      9 = BLOWING SNOW
                                                   X = TORNADO
MAX 32 OR BELOW:   0    0.01 INCH OR MORE:   5
MAX 90 OR ABOVE:   0    0.10 INCH OR MORE:   3
MIN 32 OR BELOW:   0    0.50 INCH OR MORE:   1
MIN  0 OR BELOW:   0    1.00 INCH OR MORE:   1

[HDD (BASE 65) ]
TOTAL THIS MO.    10    CLEAR  (SCALE 0-3)  10
DPTR FM NORMAL    10    PTCLDY (SCALE 4-7)  11
TOTAL FM JUL 1    10    CLOUDY (SCALE 8-10)  3
DPTR FM NORMAL    10

[CDD (BASE 65) ]
TOTAL THIS MO.   172
DPTR FM NORMAL   -17    [PRESSURE DATA]
TOTAL FM JAN 1  4399    HIGHEST SLP M ON M
DPTR FM NORMAL   770    LOWEST  SLP 29.82 ON  9

[REMARKS]
