000
CXUS54 KBMX 261216
CF6TOI
PRELIMINARY LOCAL CLIMATOLOGICAL DATA (WS FORM: F-6)

                                          STATION:   TROY
                                          MONTH:     JUNE
                                          YEAR:      2017
                                          LATITUDE:   31 51 N
                                          LONGITUDE:  86  1 W

  TEMPERATURE IN F:       :PCPN:    SNOW:  WIND      :SUNSHINE: SKY     :PK WND
================================================================================
1   2   3   4   5  6A  6B    7    8   9   10  11  12  13   14  15   16   17  18
                                     12Z  AVG MX 2MIN
DY MAX MIN AVG DEP HDD CDD  WTR  SNW DPTH SPD SPD DIR MIN PSBL S-S WX    SPD DR
================================================================================

 1  83  66  75   0   0  10 0.60  0.0    0  2.5 16 220   M    M   3 138    20 220
 2  86  68  77   1   0  12 0.06  0.0    0  3.7 17 180   M    M   4 13     24 170
 3  86  69  78   2   0  13 0.13  0.0    0  1.6 14 250   M    M   5 123    20 260
 4  86  71  79   3   0  14 0.21  0.0    0  2.2 13 320   M    M   6 13     15 300
 5  83  70  77   1   0  12 0.63  0.0    0  3.5 24 200   M    M   6 13     30 190
 6  85  69  77   1   0  12 0.64  0.0    0  3.7  7  40   M    M   7 13      M  M
 7  83  67  75  -1   0  10    T  0.0    0  6.3 18  40   M    M   6        25  40
 8  84  63  74  -3   0   9 0.00  0.0    0  3.8 12 350   M    M   2        14 360
 9  86  59  73  -4   0   8 0.00  0.0    0  2.2 10 220   M    M   1        14 240
10  88  62  75  -2   0  10 0.00  0.0    0  3.4 12  80   M    M   2        17 120
11  89  65  77   0   0  12    T  0.0    0  4.2 20 170   M    M   4 3      27 140
12  86  68  77  -1   0  12 0.07  0.0    0  3.0 16 140   M    M   4 138    22 120
13  83  69  76  -2   0  11 0.24  0.0    0  2.7 12 200   M    M   6 138    15 200
14  88  71  80   2   0  15 0.00  0.0    0  2.0 12 190   M    M   6 1      14 190
15  88  67  78   0   0  13 1.51  0.0    0  3.5 29 350   M    M   7 123    37 360
16  85  67  76  -2   0  11 0.32  0.0    0  2.9 12 200   M    M   5 13     14 190
17  84  67  76  -2   0  11 0.11  0.0    0  3.9 17 210   M    M   4 1      22 230
18  85  70  78   0   0  13 0.12  0.0    0  2.8 20 310   M    M   5 13     26 320
19  88  68  78  -1   0  13 0.00  0.0    0  2.8 13 180   M    M   1 1      16 160
20  75  70  73  -6   0   8 0.54  0.0    0  4.4 15 130   M    M   7 1      19 130
21  78  69  74  -5   0   9 1.53  0.0    0  7.8 15 110   M    M   8 1      20 100
22  86  74  80   1   0  15 0.97  0.0    0  9.5 20 160   M    M   5 13     29 150
23  90  72  81   2   0  16 0.07  0.0    0  8.3 20 200   M    M   5 1      26 210
24  89  72  81   2   0  16 0.05  0.0    0  4.5 15 300   M    M   6 13     23 290
25  86  66  76  -4   0  11 0.00  0.0    0  6.7 17 350   M    M   1        21 350
================================================================================
SM 2130 1699         0 296  7.80     0.0 101.9          M      116
================================================================================
AV 85.2 68.0                               4.1 FASTST   M    M   5    MAX(MPH)
                                 MISC ---->  # 29 350               # 37  360
================================================================================
NOTES:
# LAST OF SEVERAL OCCURRENCES

COLUMN 17 PEAK WIND IN M.P.H.

PRELIMINARY LOCAL CLIMATOLOGICAL DATA (WS FORM: F-6) , PAGE 2

                                          STATION:  TROY
                                          MONTH:    JUNE
                                          YEAR:     2017
                                          LATITUDE:   31 51 N
                                          LONGITUDE:  86  1 W

[TEMPERATURE DATA]      [PRECIPITATION DATA]       SYMBOLS USED IN COLUMN 16

AVERAGE MONTHLY: 76.6   TOTAL FOR MONTH:   7.80    1 = FOG OR MIST
DPTR FM NORMAL:  -1.0   DPTR FM NORMAL:    3.74    2 = FOG REDUCING VISIBILITY
HIGHEST:    90 ON 23    GRTST 24HR  1.95 ON 21-22      TO 1/4 MILE OR LESS
LOWEST:     59 ON  9                               3 = THUNDER
                        SNOW, ICE PELLETS, HAIL    4 = ICE PELLETS
                        TOTAL MONTH:   0.0 INCH    5 = HAIL
                        GRTST 24HR     0.0         6 = FREEZING RAIN OR DRIZZLE
                        GRTST DEPTH:   0           7 = DUSTSTORM OR SANDSTORM:
                                                       VSBY 1/2 MILE OR LESS
                                                   8 = SMOKE OR HAZE
[NO. OF DAYS WITH]      [WEATHER - DAYS WITH]      9 = BLOWING SNOW
                                                   X = TORNADO
MAX 32 OR BELOW:   0    0.01 INCH OR MORE:  17
MAX 90 OR ABOVE:   1    0.10 INCH OR MORE:  13
MIN 32 OR BELOW:   0    0.50 INCH OR MORE:   7
MIN  0 OR BELOW:   0    1.00 INCH OR MORE:   2

[HDD (BASE 65) ]
TOTAL THIS MO.     0    CLEAR  (SCALE 0-3)   6
DPTR FM NORMAL     0    PTCLDY (SCALE 4-7)  19
TOTAL FM JUL 1  1442    CLOUDY (SCALE 8-10)  0
DPTR FM NORMAL  -887

[CDD (BASE 65) ]
TOTAL THIS MO.   296
DPTR FM NORMAL   -17    [PRESSURE DATA]
TOTAL FM JAN 1   700    HIGHEST SLP M ON M
DPTR FM NORMAL   100    LOWEST  SLP 29.77 ON  7

[REMARKS]
