000
CXUS56 KLKN 311727
CF6TPH
PRELIMINARY LOCAL CLIMATOLOGICAL DATA (WS FORM: F-6)

                                          STATION:   TONOPAH AIRPORT NV
                                          MONTH:     MAY
                                          YEAR:      2016
                                          LATITUDE:   38  3 N
                                          LONGITUDE: 117  5 W

  TEMPERATURE IN F:       :PCPN:    SNOW:  WIND      :SUNSHINE: SKY     :PK WND
================================================================================
1   2   3   4   5  6A  6B    7    8   9   10  11  12  13   14  15   16   17  18
                                     12Z  AVG MX 2MIN
DY MAX MIN AVG DEP HDD CDD  WTR  SNW DPTH SPD SPD DIR MIN PSBL S-S WX    SPD DR
================================================================================

 1  64  37  51  -3  14   0    T    M    M  9.6 21  10   M    M   4        25 330
 2  66  40  53  -1  12   0 0.00    M    M  8.3 22 250   M    M   2        26 220
 3  73  39  56   1   9   0 0.00    M    M  9.7 22 150   M    M   1        30 170
 4  76  43  60   5   5   0 0.00    M    M 11.6 30 210   M    M   1        37 210
 5  72  44  58   3   7   0    T    M    M 13.8 36 140   M    M   3        45 140
 6  60  41  51  -5  14   0 0.13    M    M  7.3 32 150   M    M   5 13     41 160
 7  59  36  48  -8  17   0    T    M    M  6.2 18 210   M    M   5        27 210
 8  64  41  53  -3  12   0 0.01    M    M  8.2 21 110   M    M   6        25 310
 9  77  40  59   2   6   0 0.00    M    M  9.2 23 340   M    M   1        29 340
10  71  42  57   0   8   0 0.00    M    M 11.3 25 330   M    M   2        34  10
11  72  39  56  -1   9   0 0.00    M    M  8.2 17  10   M    M   0        20  10
12  82  43  63   5   2   0 0.00    M    M  8.1 17 150   M    M   0        24 140
13  84  47  66   8   0   1 0.00    M    M 11.8 26 210   M    M   0        34 180
14  80  45  63   5   2   0 0.00    M    M 13.9 28  10   M    M   0        36  20
15  70  48  59   0   6   0 0.00    M    M 18.8 31  10   M    M   0        40 330
16  68  45  57  -2   8   0 0.00    M    M 16.1 29 330   M    M   2        35 320
17  70  43  57  -2   8   0    T    M    M  9.7 24  10   M    M   5        29  10
18  78  49  64   4   1   0 0.00    M    M 10.0 22 360   M    M   4        27 350
19  82  44  63   3   2   0 0.01    M    M 10.7 32 210   M    M   2 3      44 210
20  69  44  57  -3   8   0 0.00    M    M 14.6 36 200   M    M   3        44 190
21  62  36  49 -11  16   0 0.00    M    M 11.9 28 330   M    M   4        35 300
22  64  37  51 -10  14   0 0.02    M    M  5.6 17 320   M    M   3        23 320
23  69  40  55  -6  10   0 0.00    M    M 10.1 25 330   M    M   2        34 320
24  65  44  55  -6  10   0 0.04    M    M 12.8 24 330   M    M   4 3      37  10
25  61  43  52 -10  13   0 0.10    M    M 10.0 26 360   M    M   7 3      30 360
26  70  40  55  -7  10   0 0.00    M    M 12.9 22 330   M    M   2        30 320
27  75  43  59  -3   6   0 0.00    M    M 10.5 28 330   M    M   2        36 330
28  78  48  63   1   2   0 0.01    M    M  9.1 25 130   M    M   5        39 110
29  80  47  64   1   1   0    T    M    M  7.4 31 320   M    M   1        43 320
30  84  50  67   4   0   2 0.00    M    M 12.3 25 310   M    M   2        32 320
================================================================================
SM 2145 1278       232   3  0.32    M    319.7          M       78
================================================================================
AV 71.5 42.6                              10.7 FASTST   M    M   3    MAX(MPH)
                                 MISC ---->  # 36 140               # 45  140
================================================================================
NOTES:
# LAST OF SEVERAL OCCURRENCES

COLUMN 17 PEAK WIND IN M.P.H.

PRELIMINARY LOCAL CLIMATOLOGICAL DATA (WS FORM: F-6) , PAGE 2

                                          STATION:  TONOPAH AIRPORT NV
                                          MONTH:    MAY
                                          YEAR:     2016
                                          LATITUDE:   38  3 N
                                          LONGITUDE: 117  5 W

[TEMPERATURE DATA]      [PRECIPITATION DATA]       SYMBOLS USED IN COLUMN 16

AVERAGE MONTHLY: 57.0   TOTAL FOR MONTH:   0.32    1 = FOG OR MIST
DPTR FM NORMAL:  -1.6   DPTR FM NORMAL:   -0.19    2 = FOG REDUCING VISIBILITY
HIGHEST:    84 ON 30,13 GRTST 24HR  0.13 ON  6- 6      TO 1/4 MILE OR LESS
LOWEST:     36 ON 21, 7                            3 = THUNDER
                        SNOW, ICE PELLETS, HAIL    4 = ICE PELLETS
                        TOTAL MONTH:    M          5 = HAIL
                        GRTST 24HR    M  ON   M    6 = FREEZING RAIN OR DRIZZLE
                        GRTST DEPTH:  M  ON   M    7 = DUSTSTORM OR SANDSTORM:
                                                       VSBY 1/2 MILE OR LESS
                                                   8 = SMOKE OR HAZE
[NO. OF DAYS WITH]      [WEATHER - DAYS WITH]      9 = BLOWING SNOW
                                                   X = TORNADO
MAX 32 OR BELOW:   0    0.01 INCH OR MORE:   7
MAX 90 OR ABOVE:   0    0.10 INCH OR MORE:   2
MIN 32 OR BELOW:   0    0.50 INCH OR MORE:   0
MIN  0 OR BELOW:   0    1.00 INCH OR MORE:   0

[HDD (BASE 65) ]
TOTAL THIS MO.   232    CLEAR  (SCALE 0-3)  19
DPTR FM NORMAL    16    PTCLDY (SCALE 4-7)  11
TOTAL FM JUL 1  5138    CLOUDY (SCALE 8-10)  0
DPTR FM NORMAL  -271

[CDD (BASE 65) ]
TOTAL THIS MO.     3
DPTR FM NORMAL   -19    [PRESSURE DATA]
TOTAL FM JAN 1     3    HIGHEST SLP M ON M
DPTR FM NORMAL   -20    LOWEST  SLP 29.47 ON M

[REMARKS]
