000
CXUS53 KOAX 241000
CF6TQE
PRELIMINARY LOCAL CLIMATOLOGICAL DATA (WS FORM: F-6)

                                          STATION:   TEKAMAH, NEBRASKA
                                          MONTH:     FEBRUARY
                                          YEAR:      2017
                                          LATITUDE:   41 46 N
                                          LONGITUDE:  96 11 W

  TEMPERATURE IN F:       :PCPN:    SNOW:  WIND      :SUNSHINE: SKY     :PK WND
================================================================================
1   2   3   4   5  6A  6B    7    8   9   10  11  12  13   14  15   16   17  18
                                     12Z  AVG MX 2MIN
DY MAX MIN AVG DEP HDD CDD  WTR  SNW DPTH SPD SPD DIR MIN PSBL S-S WX    SPD DR
================================================================================

 1  34  19  27   3  38   0 0.00    M    M 16.3 26 320   M    M   8        31 320
 2  26  15  21  -3  44   0 0.00    M    M 11.3 20 330   M    M   2        24 330
 3  29  15  22  -2  43   0 0.00    M    M  8.1 15 320   M    M   3        19 330
 4  45  23  34  10  31   0 0.00    M    M 17.6 32 200   M    M   0        39 200
 5  32  19  26   2  39   0 0.00    M    M  8.6 21 310   M    M   1        26 310
 6  49  24  37  13  28   0 0.00    M    M  8.4 22 180   M    M   3 18     25 180
 7  39  17  28   4  37   0 0.10    M    M 19.2 32 310   M    M   8 1      38 310
 8  17   4  11 -14  54   0 0.17    M    M 14.1 23 350   M    M   7 1      27 360
 9  26   5  16  -9  49   0 0.00    M    M 10.1 18 130   M    M   3        21 140
10  52  24  38  13  27   0 0.00    M    M  8.6 17 180   M    M   0        21 170
11  53  33  43  18  22   0    T    M    M  9.2 21 360   M    M   3        24 360
12  47  30  39  13  26   0 0.00    M    M 12.7 22 330   M    M   1        30 310
13  51  26  39  13  26   0 0.00    M    M 10.5 24 230   M    M   1        30 240
14  50  31  41  15  24   0 0.00    M    M 12.3 24 330   M    M   0        30 320
15  49  27  38  12  27   0 0.00    M    M  7.4 14 180   M    M   0        17 310
16  65  30  48  22  17   0 0.00    M    M  6.4 13 160   M    M   0        13 160
17  66  32  49  22  16   0 0.00    M    M  9.2 17 260   M    M   0        21 240
18  64  31  48  21  17   0 0.00    M    M  2.3 10 320   M    M   0        11 320
19  69  33  51  23  14   0 0.00    M    M 10.5 24 160   M    M   0        29 170
20  61  34  48  20  17   0 0.05    M    M 10.7 23 280   M    M   4 1      29 250
21  73  30  52  24  13   0 0.00    M    M 11.1 25 190   M    M   1 1      31 220
22  71  36  54  26  11   0 0.00    M    M 10.3 29 300   M    M   0        35 320
23  42  32  37   8  28   0 0.27    M    M 18.1 31  30   M    M   9 13     39  30
================================================================================
SM 1110  570       648   0  0.59    M    253.0          M       54
================================================================================
AV 48.3 24.8                              11.0 FASTST   M    M   2    MAX(MPH)
                                 MISC ---->  # 32 200               # 39  200
================================================================================
NOTES:
# LAST OF SEVERAL OCCURRENCES

COLUMN 17 PEAK WIND IN M.P.H.

PRELIMINARY LOCAL CLIMATOLOGICAL DATA (WS FORM: F-6) , PAGE 2

                                          STATION:  TEKAMAH, NEBRASKA
                                          MONTH:    FEBRUARY
                                          YEAR:     2017
                                          LATITUDE:   41 46 N
                                          LONGITUDE:  96 11 W

[TEMPERATURE DATA]      [PRECIPITATION DATA]       SYMBOLS USED IN COLUMN 16

AVERAGE MONTHLY: 36.5   TOTAL FOR MONTH:   0.59    1 = FOG OR MIST
DPTR FM NORMAL:  10.7   DPTR FM NORMAL:    0.22    2 = FOG REDUCING VISIBILITY
HIGHEST:    73 ON 21    GRTST 24HR  0.27 ON 23-23      TO 1/4 MILE OR LESS
LOWEST:      4 ON  8                               3 = THUNDER
                        SNOW, ICE PELLETS, HAIL    4 = ICE PELLETS
                        TOTAL MONTH:    M          5 = HAIL
                        GRTST 24HR    M  ON   M    6 = FREEZING RAIN OR DRIZZLE
                        GRTST DEPTH:  M  ON   M    7 = DUSTSTORM OR SANDSTORM:
                                                       VSBY 1/2 MILE OR LESS
                                                   8 = SMOKE OR HAZE
[NO. OF DAYS WITH]      [WEATHER - DAYS WITH]      9 = BLOWING SNOW
                                                   X = TORNADO
MAX 32 OR BELOW:   5    0.01 INCH OR MORE:   4
MAX 90 OR ABOVE:   0    0.10 INCH OR MORE:   3
MIN 32 OR BELOW:  19    0.50 INCH OR MORE:   0
MIN  0 OR BELOW:   0    1.00 INCH OR MORE:   0

[HDD (BASE 65) ]
TOTAL THIS MO.   648    CLEAR  (SCALE 0-3)  18
DPTR FM NORMAL  -255    PTCLDY (SCALE 4-7)   3
TOTAL FM JUL 1  4008    CLOUDY (SCALE 8-10)  2
DPTR FM NORMAL  -881

[CDD (BASE 65) ]
TOTAL THIS MO.     0
DPTR FM NORMAL     0    [PRESSURE DATA]
TOTAL FM JAN 1     0    HIGHEST SLP M ON M
DPTR FM NORMAL     0    LOWEST  SLP 29.50 ON  7

[REMARKS]
