000
CXUS54 KFWD 260730
CF6TRL
PRELIMINARY LOCAL CLIMATOLOGICAL DATA (WS FORM: F-6)

                                          STATION:   TERRELL
                                          MONTH:     MAY
                                          YEAR:      2015
                                          LATITUDE:   32 42 N
                                          LONGITUDE:  96 16 W

  TEMPERATURE IN F:       :PCPN:    SNOW:  WIND      :SUNSHINE: SKY     :PK WND
================================================================================
1   2   3   4   5  6A  6B    7    8   9   10  11  12  13   14  15   16   17  18
                                     12Z  AVG MX 2MIN
DY MAX MIN AVG DEP HDD CDD  WTR  SNW DPTH SPD SPD DIR MIN PSBL S-S WX    SPD DR
================================================================================

 1  84  56  70   1   0   5 0.00  0.0    0  2.5 10  40   M    M   0        13  40
 2  86  57  72   3   0   7 0.00  0.0    0  4.7 14 180   M    M   1        23 200
 3  85  61  73   3   0   8 0.00  0.0    0  8.5 20 160   M    M   1        25 170
 4  87  66  77   7   0  12 0.00  0.0    0  8.4 16 140   M    M   1 8      21 160
 5  87  64  76   6   0  11 0.09  0.0    0 12.2 32 140   M    M   5 8      40 140
 6  86  70  78   8   0  13 0.05  0.0    0 13.3 23 170   M    M   7        27 150
 7  86  68  77   6   0  12 0.95  0.0    0 10.6 22 140   M    M   9 138    27 310
 8  89  70  80   9   0  15 0.32  0.0    0  8.7 25 160   M    M   7 138    38 160
 9  87  75  81  10   0  16 0.02  0.0    0 12.0 23 160   M    M   9 138    31 160
10  86  72  79   7   0  14 0.25  0.0    0  9.4 22 120   M    M   4 138    32 110
11  80  67  74   2   0   9    T  0.0    0  8.6 16  10   M    M   7 18     20  10
12  76  65  71  -1   0   6 0.01  0.0    0  8.5 16  50   M    M   6        21  70
13  77  68  73   1   0   8 0.81  0.0    0  9.5 22 160   M    M   9 138    30 150
14  90  68  79   6   0  14 0.01  0.0    0  7.5 29 160   M    M   6 38     37 150
15  78  71  75   2   0  10 0.08  0.0    0  8.5 21 170   M    M   6 138    26 170
16  87  71  79   6   0  14    T  0.0    0 13.6 25 160   M    M   6 18     31 160
17  80  67  74   0   0   9 2.17  0.0    0  8.8 24 280   M    M   5 13     29 280
18  88  67  78   4   0  13    T  0.0    0  4.9 15 140   M    M   3 12     26 220
19  83  71  77   3   0  12 0.05  0.0    0  8.8 17 160   M    M   6 138    27 180
20  87  65  76   2   0  11 0.06  0.0    0  8.5 18  10   M    M   4 13     23 360
21  65  56  61 -14   4   0 1.97  0.0    0  9.5 24  10   M    M  10 13     30  10
22  76  60  68  -7   0   3    T  0.0    0  8.0 16 100   M    M  10        22 100
23  83  68  76   1   0  11 0.32  0.0    0  8.5 24 150   M    M   8 138    30 160
24  77  67  72  -3   0   7 0.85  0.0    0  9.2 29 180   M    M   8 13     43 170
25  82  62  72  -4   0   7 1.30  0.0    0 11.2 45 260   M    M   7 13     58 250
================================================================================
SM 2072 1652         4 247  9.31     0.0 223.9          M      145
================================================================================
AV 82.9 66.1                               9.0 FASTST   M    M   6    MAX(MPH)
                                 MISC ---->  # 45 260               # 58  250
================================================================================
NOTES:
# LAST OF SEVERAL OCCURRENCES

COLUMN 17 PEAK WIND IN M.P.H.

PRELIMINARY LOCAL CLIMATOLOGICAL DATA (WS FORM: F-6) , PAGE 2

                                          STATION:  TERRELL
                                          MONTH:    MAY
                                          YEAR:     2015
                                          LATITUDE:   32 42 N
                                          LONGITUDE:  96 16 W

[TEMPERATURE DATA]      [PRECIPITATION DATA]       SYMBOLS USED IN COLUMN 16

AVERAGE MONTHLY: 74.5   TOTAL FOR MONTH:   9.31    1 = FOG OR MIST
DPTR FM NORMAL:   2.1   DPTR FM NORMAL:    5.49    2 = FOG REDUCING VISIBILITY
HIGHEST:    90 ON 14    GRTST 24HR  2.17 ON 17-17      TO 1/4 MILE OR LESS
LOWEST:     56 ON 21, 1                            3 = THUNDER
                        SNOW, ICE PELLETS, HAIL    4 = ICE PELLETS
                        TOTAL MONTH:   0.0 INCH    5 = HAIL
                        GRTST 24HR     0.0         6 = FREEZING RAIN OR DRIZZLE
                        GRTST DEPTH:   0           7 = DUSTSTORM OR SANDSTORM:
                                                       VSBY 1/2 MILE OR LESS
                                                   8 = SMOKE OR HAZE
[NO. OF DAYS WITH]      [WEATHER - DAYS WITH]      9 = BLOWING SNOW
                                                   X = TORNADO
MAX 32 OR BELOW:   0    0.01 INCH OR MORE:  17
MAX 90 OR ABOVE:   1    0.10 INCH OR MORE:   9
MIN 32 OR BELOW:   0    0.50 INCH OR MORE:   6
MIN  0 OR BELOW:   0    1.00 INCH OR MORE:   3

[HDD (BASE 65) ]
TOTAL THIS MO.     4    CLEAR  (SCALE 0-3)   4
DPTR FM NORMAL    -2    PTCLDY (SCALE 4-7)  15
TOTAL FM JUL 1  2212    CLOUDY (SCALE 8-10)  6
DPTR FM NORMAL  -141

[CDD (BASE 65) ]
TOTAL THIS MO.   247
DPTR FM NORMAL    56    [PRESSURE DATA]
TOTAL FM JAN 1   409    HIGHEST SLP M ON M
DPTR FM NORMAL   103    LOWEST  SLP 29.68 ON 16

[REMARKS]
