000
CXUS56 KSGX 221445
CF6TRM
PRELIMINARY LOCAL CLIMATOLOGICAL DATA (WS FORM: F-6)

                                          STATION:   THERMAL AIRPORT CA
                                          MONTH:     MAY
                                          YEAR:      2015
                                          LATITUDE:   33 37 N
                                          LONGITUDE: 116 10 W

  TEMPERATURE IN F:       :PCPN:    SNOW:  WIND      :SUNSHINE: SKY     :PK WND
================================================================================
1   2   3   4   5  6A  6B    7    8   9   10  11  12  13   14  15   16   17  18
                                     12Z  AVG MX 2MIN
DY MAX MIN AVG DEP HDD CDD  WTR  SNW DPTH SPD SPD DIR MIN PSBL S-S WX    SPD DR
================================================================================

 1 103  82  93  18   0  28 0.00  0.0    0 10.3 20 330   M    M   0        27 330
 2  99  68  84   9   0  19 0.00  0.0    0  9.2 18 340   M    M   0        24 350
 3  94  63  79   4   0  14 0.00  0.0    0  6.9 15 140   M    M   0        20 140
 4  89  62  76   0   0  11 0.00  0.0    0  7.7 22 340   M    M   1        29 340
 5  88  60  74  -2   0   9 0.00  0.0    0  9.7 22 330   M    M   0        26 330
 6  87  63  75  -1   0  10 0.00  0.0    0 14.1 26 340   M    M   0 8      34 330
 7  82  60  71  -5   0   6 0.00  0.0    0 16.3 35 290   M    M   1 8      46 290
 8  74  53  64 -13   1   0 0.00  0.0    0 10.7 23 270   M    M   3        29 320
 9  83  56  70  -7   0   5 0.00  0.0    0  7.8 21 340   M    M   0        25 330
10  94  56  75  -2   0  10 0.00  0.0    0  7.6 15 140   M    M   0        21 330
11  96  55  76  -1   0  11 0.00  0.0    0  7.8 20 130   M    M   0        28 130
12  93  64  79   1   0  14 0.00  0.0    0  8.8 24 340   M    M   0        29 340
13  87  49  68 -10   0   3 0.00  0.0    0  6.9 22 340   M    M   0        27 350
14  80  58  69  -9   0   4 0.00  0.0    0 15.4 26 290   M    M   2 8      34 270
15  63  46  55 -23  10   0 0.07    M    0  3.9 15 320   M    M   6        18 320
16  79  42  61 -17   4   0 0.00  0.0    0  4.6 12 330   M    M   0 1      18 150
17  86  57  72  -7   0   7 0.00  0.0    0 10.2 21 340   M    M   1        26 340
18  87  65  76  -3   0  11 0.00  0.0    0 15.2 28 330   M    M   0        36 340
19  90  64  77  -2   0  12 0.00  0.0    0 12.4 24 330   M    M   0 8      32 330
20  91  66  79   0   0  14 0.00  0.0    0 11.0 22 330   M    M   0        30 330
21  86  64  75  -5   0  10 0.00  0.0    0 14.3 25 340   M    M   0 8      32 340
================================================================================
SM 1831 1253        15 198  0.07     0.0 210.8          M       14
================================================================================
AV 87.2 59.7                              10.0 FASTST   M    M   1    MAX(MPH)
                                 MISC ---->  # 35 290               # 46  290
================================================================================
NOTES:
# LAST OF SEVERAL OCCURRENCES

COLUMN 17 PEAK WIND IN M.P.H.

PRELIMINARY LOCAL CLIMATOLOGICAL DATA (WS FORM: F-6) , PAGE 2

                                          STATION:  THERMAL AIRPORT CA
                                          MONTH:    MAY
                                          YEAR:     2015
                                          LATITUDE:   33 37 N
                                          LONGITUDE: 116 10 W

[TEMPERATURE DATA]      [PRECIPITATION DATA]       SYMBOLS USED IN COLUMN 16

AVERAGE MONTHLY: 73.4   TOTAL FOR MONTH:   0.07    1 = FOG OR MIST
DPTR FM NORMAL:  -3.9   DPTR FM NORMAL:    0.05    2 = FOG REDUCING VISIBILITY
HIGHEST:   103 ON  1    GRTST 24HR  0.07 ON 15-15      TO 1/4 MILE OR LESS
LOWEST:     42 ON 16                               3 = THUNDER
                        SNOW, ICE PELLETS, HAIL    4 = ICE PELLETS
                        TOTAL MONTH:   0.0 INCH    5 = HAIL
                        GRTST 24HR     0.0         6 = FREEZING RAIN OR DRIZZLE
                        GRTST DEPTH:   0           7 = DUSTSTORM OR SANDSTORM:
                                                       VSBY 1/2 MILE OR LESS
                                                   8 = SMOKE OR HAZE
[NO. OF DAYS WITH]      [WEATHER - DAYS WITH]      9 = BLOWING SNOW
                                                   X = TORNADO
MAX 32 OR BELOW:   0    0.01 INCH OR MORE:   1
MAX 90 OR ABOVE:   8    0.10 INCH OR MORE:   0
MIN 32 OR BELOW:   0    0.50 INCH OR MORE:   0
MIN  0 OR BELOW:   0    1.00 INCH OR MORE:   0

[HDD (BASE 65) ]
TOTAL THIS MO.    15    CLEAR  (SCALE 0-3)  20
DPTR FM NORMAL    15    PTCLDY (SCALE 4-7)   1
TOTAL FM JUL 1   764    CLOUDY (SCALE 8-10)  0
DPTR FM NORMAL  -416

[CDD (BASE 65) ]
TOTAL THIS MO.   198
DPTR FM NORMAL   -61    [PRESSURE DATA]
TOTAL FM JAN 1   615    HIGHEST SLP M ON M
DPTR FM NORMAL   100    LOWEST  SLP 29.79 ON 15

[REMARKS]
