000
CXUS51 KPHI 190800
CF6TTN
PRELIMINARY LOCAL CLIMATOLOGICAL DATA (WS FORM: F-6)

                                          STATION:   TRENTON NJ
                                          MONTH:     APRIL
                                          YEAR:      2014
                                          LATITUDE:   40 16 N
                                          LONGITUDE:  74 49 W

  TEMPERATURE IN F:       :PCPN:    SNOW:  WIND      :SUNSHINE: SKY     :PK WND
================================================================================
1   2   3   4   5  6A  6B    7    8   9   10  11  12  13   14  15   16   17  18
                                     12Z  AVG MX 2MIN
DY MAX MIN AVG DEP HDD CDD  WTR  SNW DPTH SPD SPD DIR MIN PSBL S-S WX    SPD DR
================================================================================

 1  58  34  46   0  19   0 0.00    M    M  6.0 14 320   M    M   0 8      18 320
 2  59  37  48   1  17   0 0.07    M    M  1.8  9 190   M    M   5 18     15  40
 3  64  44  54   7  11   0 0.14    M    M  6.0 16  50   M    M   5        21  40
 4  44  41  43  -4  22   0 0.04    M    M 12.0 20 100   M    M  10 1      27  70
 5  53  38  46  -2  19   0 0.00    M    M 12.8 26 320   M    M   5 1      37 320
 6  59  34  47  -1  18   0 0.00    M    M  6.0 16 330   M    M   0        22 320
 7  52  34  43  -5  22   0 0.21    M    M  7.7 20  90   M    M   6 18     26  80
 8  65  46  56   7   9   0 0.18    M    M 10.8 24 270   M    M   6 1      36 240
 9  62  38  50   1  15   0 0.00    M    M  9.5 22 330   M    M   1        37 280
10  65  34  50   1  15   0 0.00    M    M  9.1 21 200   M    M   0        31 210
11  78  51  65  15   0   0    T    M    M  7.4 21 350   M    M   2        28 320
12  72  49  61  11   4   0 0.00    M    M  6.5 17 160   M    M   1        21 160
13  82  49  66  16   0   1 0.00    M    M 11.5 23 200   M    M   2        36 210
14  78  62  70  19   0   5 0.00    M    M 15.0 26 210   M    M   2        38 210
15  68  35  52   1  13   0 0.76    M    M 14.8 26 190   M    M   9 1      35 200
16  48  30  39 -12  26   0 0.00    M    M 12.8 26 350   M    M   1        37 330
17  49  32  41 -11  24   0 0.00    M    M  8.3 17 100   M    M   2        22  90
18  52  37  45  -7  20   0 0.00    M    M  4.8 13  80   M    M   4        19  50
================================================================================
SM 1108  725       254   6  1.40    M    162.8          M       61
================================================================================
AV 61.6 40.3                               9.0 FASTST   M    M   3    MAX(MPH)
                                 MISC ---->  # 26 320               # 38  210
================================================================================
NOTES:
# LAST OF SEVERAL OCCURRENCES

COLUMN 17 PEAK WIND IN M.P.H.

PRELIMINARY LOCAL CLIMATOLOGICAL DATA (WS FORM: F-6) , PAGE 2

                                          STATION:  TRENTON NJ
                                          MONTH:    APRIL
                                          YEAR:     2014
                                          LATITUDE:   40 16 N
                                          LONGITUDE:  74 49 W

[TEMPERATURE DATA]      [PRECIPITATION DATA]       SYMBOLS USED IN COLUMN 16

AVERAGE MONTHLY: 50.9   TOTAL FOR MONTH:   1.40    1 = FOG OR MIST
DPTR FM NORMAL:   1.8   DPTR FM NORMAL:   -0.91    2 = FOG REDUCING VISIBILITY
HIGHEST:    82 ON 13    GRTST 24HR  0.76 ON 15-15      TO 1/4 MILE OR LESS
LOWEST:     30 ON 16                               3 = THUNDER
                        SNOW, ICE PELLETS, HAIL    4 = ICE PELLETS
                        TOTAL MONTH:    M          5 = HAIL
                        GRTST 24HR    M  ON   M    6 = FREEZING RAIN OR DRIZZLE
                        GRTST DEPTH:  M  ON   M    7 = DUSTSTORM OR SANDSTORM:
                                                       VSBY 1/2 MILE OR LESS
                                                   8 = SMOKE OR HAZE
[NO. OF DAYS WITH]      [WEATHER - DAYS WITH]      9 = BLOWING SNOW
                                                   X = TORNADO
MAX 32 OR BELOW:   0    0.01 INCH OR MORE:   6
MAX 90 OR ABOVE:   0    0.10 INCH OR MORE:   4
MIN 32 OR BELOW:   2    0.50 INCH OR MORE:   1
MIN  0 OR BELOW:   0    1.00 INCH OR MORE:   0

[HDD (BASE 65) ]
TOTAL THIS MO.   254    CLEAR  (SCALE 0-3)  10
DPTR FM NORMAL   -31    PTCLDY (SCALE 4-7)   6
TOTAL FM JUL 1  5213    CLOUDY (SCALE 8-10)  2
DPTR FM NORMAL   382

[CDD (BASE 65) ]
TOTAL THIS MO.     6
DPTR FM NORMAL     6    [PRESSURE DATA]
TOTAL FM JAN 1     6    HIGHEST SLP M ON M
DPTR FM NORMAL     6    LOWEST  SLP 29.46 ON  8

[REMARKS]
