000
CXUS53 KAPX 300631
CF6TVC
PRELIMINARY LOCAL CLIMATOLOGICAL DATA (WS FORM: F-6)

                                          STATION:   TRAVERSE CITY MI
                                          MONTH:     OCTOBER
                                          YEAR:      2014
                                          LATITUDE:   44 44 N
                                          LONGITUDE:  85 34 W

  TEMPERATURE IN F:       :PCPN:    SNOW:  WIND      :SUNSHINE: SKY     :PK WND
================================================================================
1   2   3   4   5  6A  6B    7    8   9   10  11  12  13   14  15   16   17  18
                                     12Z  AVG MX 2MIN
DY MAX MIN AVG DEP HDD CDD  WTR  SNW DPTH SPD SPD DIR MIN PSBL S-S WX    SPD DR
================================================================================

 1  69  51  60   6   5   0 0.00    M    M  2.7 13 140   M    M   8        18 160
 2  64  52  58   5   7   0 0.94    M    M  3.6 10 140   M    M   9 18     16 160
 3  65  47  56   3   9   0 1.19    M    M  9.1 24 310   M    M  10 1      32 300
 4  47  41  44  -9  21   0 0.17    M    M  6.9 14 240   M    M  10 1      20 210
 5  49  42  46  -6  19   0 0.01    M    M  5.4 17 240   M    M  10        25 260
 6  54  43  49  -3  16   0    T    M    M  3.5 12 200   M    M   7        16 240
 7  63  42  53   2  12   0    T    M    M  7.7 16 270   M    M   7        22 270
 8  52  40  46  -5  19   0    T    M    M 12.1 25 280   M    M   7        32 270
 9  55  40  48  -3  17   0 0.04    M    M  7.3 17 270   M    M   6        23 300
10  53  37  45  -5  20   0    T    M    M  4.2 15 320   M    M   6        18 310
11  58  35  47  -3  18   0 0.00    M    M  3.7 16 270   M    M   6        20 270
12  62  35  49  -1  16   0    T    M    M  3.0 13 120   M    M   2        18 140
13  65  50  58   9   7   0 0.68    M    M  2.6  9 140   M    M  10 1      15 160
14  67  54  61  12   4   0 1.28    M    M  4.6 21  10   M    M  10 1      29  20
15  62  55  59  11   6   0 0.11    M    M  4.8 10  20   M    M   9 1      14  10
16  59  51  55   7  10   0 0.01    M    M  3.3 10 270   M    M   9 1      12 260
17  57  45  51   3  14   0 0.23    M    M  9.3 22 340   M    M  10 18     31 360
18  46  40  43  -4  22   0 0.01    M    M 12.2 23 340   M    M  10        32 340
19  53  31  42  -5  23   0 0.03    M    M  5.4 14 200   M    M   7        25 200
20  54  47  51   4  14   0    T    M    0  7.9 16 330   M    M  10 1      22 330
21  49  32  41  -5  24   0 0.01    M    M  8.3 17  30   M    M   5 1      26  40
22  49  27  38  -8  27   0 0.00    M    M  1.1  9 120   M    M   1         9 120
23  59  29  44  -2  21   0 0.00    M    M  2.3  9 140   M    M   6 1      12 160
24  55  47  51   6  14   0    T    M    M  3.0 10 260   M    M   9 18     13 240
25  63  49  56  11   9   0 0.00    M    M 11.9 26 280   M    M   3 8      34 280
26  55  35  45   0  20   0 0.00    M    M  6.6 20 300   M    M   2        28 310
27  58  32  45   1  20   0 0.31    M    M  5.3 18 140   M    M   7 13     26 140
28  67  48  58  14   7   0    T    M    M 10.3 25 250   M    M   9        37 260
29  49  43  46   2  19   0 0.01    M    M 10.2 22 270   M    M  10        29 270
================================================================================
SM 1658 1220       440   0  5.03    M    178.3          M      215
================================================================================
AV 57.2 42.1                               6.1 FASTST   M    M   7    MAX(MPH)
                                 MISC ---->  # 26 280               # 37  260
================================================================================
NOTES:
# LAST OF SEVERAL OCCURRENCES

COLUMN 17 PEAK WIND IN M.P.H.

PRELIMINARY LOCAL CLIMATOLOGICAL DATA (WS FORM: F-6) , PAGE 2

                                          STATION:  TRAVERSE CITY MI
                                          MONTH:    OCTOBER
                                          YEAR:     2014
                                          LATITUDE:   44 44 N
                                          LONGITUDE:  85 34 W

[TEMPERATURE DATA]      [PRECIPITATION DATA]       SYMBOLS USED IN COLUMN 16

AVERAGE MONTHLY: 49.6   TOTAL FOR MONTH:   5.03    1 = FOG OR MIST
DPTR FM NORMAL:   1.1   DPTR FM NORMAL:    2.02    2 = FOG REDUCING VISIBILITY
HIGHEST:    69 ON  1    GRTST 24HR  1.93 ON 13-14      TO 1/4 MILE OR LESS
LOWEST:     27 ON 22                               3 = THUNDER
                        SNOW, ICE PELLETS, HAIL    4 = ICE PELLETS
                        TOTAL MONTH:    M          5 = HAIL
                        GRTST 24HR    M  ON   M    6 = FREEZING RAIN OR DRIZZLE
                        GRTST DEPTH:   0           7 = DUSTSTORM OR SANDSTORM:
                                                       VSBY 1/2 MILE OR LESS
                                                   8 = SMOKE OR HAZE
[NO. OF DAYS WITH]      [WEATHER - DAYS WITH]      9 = BLOWING SNOW
                                                   X = TORNADO
MAX 32 OR BELOW:   0    0.01 INCH OR MORE:  15
MAX 90 OR ABOVE:   0    0.10 INCH OR MORE:   8
MIN 32 OR BELOW:   5    0.50 INCH OR MORE:   4
MIN  0 OR BELOW:   0    1.00 INCH OR MORE:   2

[HDD (BASE 65) ]
TOTAL THIS MO.   440    CLEAR  (SCALE 0-3)   4
DPTR FM NORMAL   -42    PTCLDY (SCALE 4-7)  11
TOTAL FM JUL 1   672    CLOUDY (SCALE 8-10) 14
DPTR FM NORMAL   -72

[CDD (BASE 65) ]
TOTAL THIS MO.     0
DPTR FM NORMAL     0    [PRESSURE DATA]
TOTAL FM JAN 1   374    HIGHEST SLP M ON M
DPTR FM NORMAL   -33    LOWEST  SLP 29.24 ON  3

[REMARKS]
