000
CXUS53 KAPX 250631
CF6TVC
PRELIMINARY LOCAL CLIMATOLOGICAL DATA (WS FORM: F-6)

                                          STATION:   TRAVERSE CITY MI
                                          MONTH:     JULY
                                          YEAR:      2014
                                          LATITUDE:   44 44 N
                                          LONGITUDE:  85 34 W

  TEMPERATURE IN F:       :PCPN:    SNOW:  WIND      :SUNSHINE: SKY     :PK WND
================================================================================
1   2   3   4   5  6A  6B    7    8   9   10  11  12  13   14  15   16   17  18
                                     12Z  AVG MX 2MIN
DY MAX MIN AVG DEP HDD CDD  WTR  SNW DPTH SPD SPD DIR MIN PSBL S-S WX    SPD DR
================================================================================

 1  79  67  73   5   0   8 0.02    M    M 10.7 17 250   M    M   6        31 260
 2  68  53  61  -7   4   0 0.06    M    M  6.3 14 330   M    M   7 1      18 320
 3  72  44  58 -10   7   0 0.00    M    M  4.5 15 310   M    M   4        19 310
 4  77  45  61  -7   4   0 0.00    M    M  3.4 12 360   M    M   1        16  10
 5  80  51  66  -3   0   1 0.00    M    M  5.9 20 270   M    M   2        29 270
 6  78  64  71   2   0   6 0.28    M    M  6.5 13 220   M    M   7 138    21 210
 7  83  67  75   6   0  10 0.07    M    M  9.1 23 270   M    M   4 1      31 280
 8  70  55  63  -6   2   0 0.12    M    M  5.5 17 290   M    M   9 1      30 320
 9  69  53  61  -8   4   0 0.00    M    M  5.9 14 340   M    M   7        21 330
10  73  48  61  -8   4   0 0.00    M    M  3.1 12  40   M    M   1        14  50
11  82  53  68  -1   0   3 0.00    M    M  4.2 13 260   M    M   6        18 240
12  81  68  75   6   0  10 0.58    M    M  4.8 10 200   M    M   9 18     18 210
13  78  58  68  -1   0   3 0.00    M    M  6.8 20 290   M    M   4 1      26 260
14  78  57  68  -1   0   3 0.13    M    M  4.7 14  30   M    M   6 1      18 260
15  60  55  58 -11   7   0 0.09    M    M  9.8 20 320   M    M  10 1      28 310
16  71  52  62  -7   3   0 0.00    M    M  5.7 14 350   M    M   6        20 310
17  77  49  63  -6   2   0 0.00    M    M  3.2 10 270   M    M   1        14 260
18  80  53  67  -2   0   2 0.00    M    M  2.5 12  10   M    M   3        16 350
19  83  57  70   1   0   5 0.00    M    M  3.3 12 340   M    M   4        16 210
20  82  57  70   1   0   5 0.00    M    M  3.6 12 240   M    M   5        16 240
21  87  63  75   6   0  10 0.00    M    M  4.8 15 260   M    M   2        25 230
22  88  64  76   7   0  11 0.01    M    M  9.4 22 340   M    M   5 3      30 210
23  69  54  62  -7   3   0 0.00    M    M  8.2 15  10   M    M   7        21  10
24  73  47  60  -9   5   0 0.00    M    M  3.7 10 320   M    M   2        15  20
================================================================================
SM 1838 1334        45  77  1.36    M    135.6          M      118
================================================================================
AV 76.6 55.6                               5.7 FASTST   M    M   5    MAX(MPH)
                                 MISC ---->  # 23 270                 31    M
================================================================================
NOTES:
# LAST OF SEVERAL OCCURRENCES

COLUMN 17 PEAK WIND IN M.P.H.

PRELIMINARY LOCAL CLIMATOLOGICAL DATA (WS FORM: F-6) , PAGE 2

                                          STATION:  TRAVERSE CITY MI
                                          MONTH:    JULY
                                          YEAR:     2014
                                          LATITUDE:   44 44 N
                                          LONGITUDE:  85 34 W

[TEMPERATURE DATA]      [PRECIPITATION DATA]       SYMBOLS USED IN COLUMN 16

AVERAGE MONTHLY: 66.1   TOTAL FOR MONTH:   1.36    1 = FOG OR MIST
DPTR FM NORMAL:  -2.8   DPTR FM NORMAL:   -0.95    2 = FOG REDUCING VISIBILITY
HIGHEST:    88 ON 22    GRTST 24HR  0.58 ON 12-12      TO 1/4 MILE OR LESS
LOWEST:     44 ON  3                               3 = THUNDER
                        SNOW, ICE PELLETS, HAIL    4 = ICE PELLETS
                        TOTAL MONTH:    M          5 = HAIL
                        GRTST 24HR    M  ON   M    6 = FREEZING RAIN OR DRIZZLE
                        GRTST DEPTH:  M  ON   M    7 = DUSTSTORM OR SANDSTORM:
                                                       VSBY 1/2 MILE OR LESS
                                                   8 = SMOKE OR HAZE
[NO. OF DAYS WITH]      [WEATHER - DAYS WITH]      9 = BLOWING SNOW
                                                   X = TORNADO
MAX 32 OR BELOW:   0    0.01 INCH OR MORE:   9
MAX 90 OR ABOVE:   0    0.10 INCH OR MORE:   4
MIN 32 OR BELOW:   0    0.50 INCH OR MORE:   1
MIN  0 OR BELOW:   0    1.00 INCH OR MORE:   0

[HDD (BASE 65) ]
TOTAL THIS MO.    45    CLEAR  (SCALE 0-3)   7
DPTR FM NORMAL    20    PTCLDY (SCALE 4-7)  14
TOTAL FM JUL 1    45    CLOUDY (SCALE 8-10)  3
DPTR FM NORMAL    20

[CDD (BASE 65) ]
TOTAL THIS MO.    77
DPTR FM NORMAL   -43    [PRESSURE DATA]
TOTAL FM JAN 1   193    HIGHEST SLP M ON M
DPTR FM NORMAL   -28    LOWEST  SLP 29.47 ON  8

[REMARKS]
