000
CXUS55 KREV 010929
CF6TVL

PRELIMINARY LOCAL CLIMATOLOGICAL DATA (WS FORM: F-6)

                                          STATION:   SOUTH LAKE TAHOE CA
                                          MONTH:     SEPTEMBER
                                          YEAR:      2014
                                          LATITUDE:   38 53 N
                                          LONGITUDE: 119 60 W

  TEMPERATURE IN F:       :PCPN:    SNOW:  WIND      :SUNSHINE: SKY     :PK WND
================================================================================
1   2   3   4   5  6A  6B    7    8   9   10  11  12  13   14  15   16   17  18
                                     12Z  AVG MX 2MIN
DY MAX MIN AVG DEP HDD CDD  WTR  SNW DPTH SPD SPD DIR MIN PSBL S-S WX    SPD DR
================================================================================

 1  85  40  63   5   2   0 0.00  0.0    0  3.9 13  30   M    M   M        17  30
 2  84  43  64   7   1   0 0.00  0.0    0  4.9 22 190   M    M   M        33 190
 3  81  40  61   4   4   0 0.00  0.0    0  3.9 16  40   M    M   M        20  20
 4  78  41  60   3   5   0 0.00  0.0    0  4.2 12  30   M    M   M        17  20
 5  80  36  58   1   7   0 0.00  0.0    0  3.5 12  30   M    M   M        16  40
 6  82  37  60   4   5   0 0.00  0.0    0  4.2 15 210   M    M   M        23 210
 7  82  37  60   4   5   0 0.00  0.0    0  5.5 22 190   M    M   M        30 190
 8  75  45  60   4   5   0 0.01  0.0    0  5.0 21 180   M    M   M        30 200
 9  78  34  56   0   9   0 0.00  0.0    0  2.9 14  30   M    M   M        17  30
10  81  36  59   3   6   0 0.00  0.0    0  3.6 12  30   M    M   M        17  30
11  82  39  61   6   4   0 0.00  0.0    0  3.5 13  30   M    M   M        16  40
12  83  39  61   6   4   0 0.00  0.0    0  3.9 16 190   M    M   M        23 190
13  81  40  61   6   4   0 0.00  0.0    0  3.5 18 200   M    M   M        27 200
14  78  42  60   5   5   0 0.00  0.0    0  4.7 31 190   M    M   M        42 180
15  83  43  63   9   2   0 0.00  0.0    0  5.5 21 190   M    M   M        29 190
16  83  52  68  14   0   3 0.00  0.0    0  7.3 25 190   M    M   M        37 190
17  80  48  64  10   1   0 0.00  0.0    0  8.3 26 190   M    M   M        38 170
18  71  50  61   7   4   0    T  0.0    0  7.0 20 190   M    M   M        29 190
19  76  44  60   7   5   0    T  0.0    0  4.3 16 100   M    M   M 8      25  40
20  81  42  62   9   3   0    T  0.0    0  6.1 17 200   M    M   M 38     24  70
21  64  45  55   2  10   0 0.01  0.0    0  3.6 16 180   M    M   M 8      19 190
22  77  39  58   6   7   0 0.00  0.0    0  3.6 14 190   M    M   M 8      20 190
23  78  37  58   6   7   0 0.00  0.0    0  4.8 18 200   M    M   M        28 200
24  79  39  59   7   6   0 0.00  0.0    0  6.9 23 190   M    M   M        32 190
25  69  44  57   5   8   0 0.18  0.0    0 12.0 38 190   M    M   M        51 190
26  54  37  46  -5  19   0 0.80  0.0    0  3.1 14 180   M    M   M 1      19 170
27  47  37  42  -9  23   0 0.62  0.0    0  3.9 14  30   M    M   M 1      20  20
28  51  35  43  -8  22   0 0.21  0.0    0  2.4  8  50   M    M   M 12     11  20
29  67  33  50   0  15   0 0.00  0.0    0  2.5  9  30   M    M   M 1      14  20
30  68  36  52   2  13   0 0.00  0.0    0  3.9 17 190   M    M   M        24 170
================================================================================
SM 2258 1210       211   3  1.83     0.0 142.4          M        M
================================================================================
AV 75.3 40.3                               4.7 FASTST   M    M   0    MAX(MPH)
                                 MISC ---->  # 38 190               # 51  190
================================================================================
NOTES:
# LAST OF SEVERAL OCCURRENCES

COLUMN 17 PEAK WIND IN M.P.H.

PRELIMINARY LOCAL CLIMATOLOGICAL DATA (WS FORM: F-6) , PAGE 2

                                          STATION:  SOUTH LAKE TAHOE CA
                                          MONTH:    SEPTEMBER
                                          YEAR:     2014
                                          LATITUDE:   38 53 N
                                          LONGITUDE: 119 60 W

[TEMPERATURE DATA]      [PRECIPITATION DATA]       SYMBOLS USED IN COLUMN 16

AVERAGE MONTHLY: 57.8   TOTAL FOR MONTH:   1.83    1 = FOG OR MIST
DPTR FM NORMAL:   3.8   DPTR FM NORMAL:    1.16    2 = FOG REDUCING VISIBILITY
HIGHEST:    85 ON  1    GRTST 24HR  1.29 ON 26-27      TO 1/4 MILE OR LESS
LOWEST:     33 ON 29                               3 = THUNDER
                        SNOW, ICE PELLETS, HAIL    4 = ICE PELLETS
                        TOTAL MONTH:   0.0 INCH    5 = HAIL
                        GRTST 24HR     0.0         6 = FREEZING RAIN OR DRIZZLE
                        GRTST DEPTH:   0           7 = DUSTSTORM OR SANDSTORM:
                                                       VSBY 1/2 MILE OR LESS
                                                   8 = SMOKE OR HAZE
[NO. OF DAYS WITH]      [WEATHER - DAYS WITH]      9 = BLOWING SNOW
                                                   X = TORNADO
MAX 32 OR BELOW:   0    0.01 INCH OR MORE:   6
MAX 90 OR ABOVE:   0    0.10 INCH OR MORE:   4
MIN 32 OR BELOW:   0    0.50 INCH OR MORE:   2
MIN  0 OR BELOW:   0    1.00 INCH OR MORE:   0

[HDD (BASE 65) ]
TOTAL THIS MO.   211    CLEAR  (SCALE 0-3)   0
DPTR FM NORMAL  -119    PTCLDY (SCALE 4-7)   0
TOTAL FM JUL 1   314    CLOUDY (SCALE 8-10)  0
DPTR FM NORMAL  -312

[CDD (BASE 65) ]
TOTAL THIS MO.     3
DPTR FM NORMAL     2    [PRESSURE DATA]
TOTAL FM JAN 1    99    HIGHEST SLP M ON M
DPTR FM NORMAL    68    LOWEST  SLP 29.74 ON M

[REMARKS]

THE AVERAGE TEMPERATURE FOR SEPTEMBER 2014 AT SOUTH LAKE TAHOE WAS 57.8
DEGREES. THIS WAS 3.8 DEGREES ABOVE NORMAL. THE WARMEST TEMPERATURE
FOR THE MONTH WAS 85 DEGREES WHICH WAS RECORDED ON THE 1ST. THE LOWEST
READING FOR SEPTEMBER WAS 33 DEGREES WHICH WAS RECORDED ON THE 29TH.

FOR SEPTEMBER 2014 SOUTH LAKE TAHOE RECORDED A TOTAL OF 1.83 INCHES OF
PRECIPITATION. THIS WAS 1.16 INCHES ABOVE NORMAL.

THE AVERAGE WIND SPEED FOR THE MONTH WAS 4.7 MPH. THE HIGHEST WIND GUST FOR
THE MONTH WAS 51 MPH FROM THE SOUTH WHICH OCCURRED ON THE 25TH.

#FINAL-09-14#
